{"id":10129,"date":"2020-08-10T12:25:31","date_gmt":"2020-08-10T10:25:31","guid":{"rendered":"https:\/\/stiftsgardenrattvik.se\/?page_id=10129"},"modified":"2021-02-11T15:05:05","modified_gmt":"2021-02-11T14:05:05","slug":"insamlingsresultat","status":"publish","type":"page","link":"https:\/\/www1.stiftsgardenrattvik.se\/?page_id=10129","title":{"rendered":"Insamlingsresultat"},"content":{"rendered":"<p>[av_one_full first min_height=&#8221; vertical_alignment=&#8221; space=&#8221; custom_margin=&#8221; margin=&#8217;0px&#8217; padding=&#8217;0px&#8217; border=&#8221; border_color=&#8221; radius=&#8217;0px&#8217; background_color=&#8221; src=&#8221; background_position=&#8217;top left&#8217; background_repeat=&#8217;no-repeat&#8217; animation=&#8221;]<\/p>\n<p>[av_textblock size=&#8221; font_color=&#8221; color=&#8221;]<\/p>\n<h1 style=\"text-align: center;\">Insamlingsresultat<\/h1>\n<h3 style=\"text-align: center;\">Startades 10 augusti 2020, senast uppdaterat 11 februari 2021<\/h3>\n<p style=\"text-align: center;\">Uppdateras manuellt, d\u00e4rav viss eftersl\u00e4pning.<\/p>\n<p>[\/av_textblock]<\/p>\n<p>[\/av_one_full][av_one_full first min_height=&#8221; vertical_alignment=&#8221; space=&#8221; custom_margin=&#8221; margin=&#8217;0px&#8217; padding=&#8217;0px&#8217; border=&#8221; border_color=&#8221; radius=&#8217;0px&#8217; background_color=&#8221; src=&#8221; background_position=&#8217;top left&#8217; background_repeat=&#8217;no-repeat&#8217; animation=&#8221;]<\/p>\n<p>[av_animated_numbers number=&#8217;1 139 423 kr&#8217; icon_select=&#8217;no&#8217; icon=&#8217;ue800&#8242; font=&#8217;entypo-fontello&#8217; font_size=&#8217;100&#8242; font_size_description=&#8217;40&#8217; link=&#8221; linktarget=&#8217;no&#8217; color=&#8221; custom_color=&#8217;#444444&#8242;][\/av_animated_numbers]<\/p>\n<p>[\/av_one_full][av_one_full first min_height=&#8221; vertical_alignment=&#8221; space=&#8221; custom_margin=&#8221; margin=&#8217;0px&#8217; padding=&#8217;0px&#8217; border=&#8221; border_color=&#8221; radius=&#8217;0px&#8217; background_color=&#8221; src=&#8221; background_position=&#8217;top left&#8217; background_repeat=&#8217;no-repeat&#8217; animation=&#8221;]<\/p>\n<p>[av_hr class=&#8217;invisible&#8217; height=&#8217;25&#8217; shadow=&#8217;no-shadow&#8217; position=&#8217;center&#8217; custom_border=&#8217;av-border-thin&#8217; custom_width=&#8217;50px&#8217; custom_border_color=&#8221; custom_margin_top=&#8217;30px&#8217; custom_margin_bottom=&#8217;30px&#8217; icon_select=&#8217;yes&#8217; custom_icon_color=&#8221; icon=&#8217;ue808&#8242; font=&#8217;entypo-fontello&#8217;]<\/p>\n<p>[av_table purpose=&#8217;tabular&#8217; pricing_table_design=&#8217;avia_pricing_default&#8217; pricing_hidden_cells=&#8221; caption=&#8221; responsive_styling=&#8217;avia_responsive_table&#8217;]<br \/>\n[av_row row_style=&#8217;avia-heading-row&#8217;][av_cell col_style=&#8221;]NAMN[\/av_cell][av_cell col_style=&#8221;]G\u00c5VA[\/av_cell][av_cell col_style=&#8221;]NAMN[\/av_cell][av_cell col_style=&#8221;]G\u00c5VA[\/av_cell][\/av_row]<br \/>\n[av_row row_style=&#8221;][av_cell col_style=&#8221;]Karin Elisabeth Aase [\/av_cell][av_cell col_style=&#8221;]100 kr[\/av_cell][av_cell col_style=&#8221;]Jonnie Back[\/av_cell][av_cell col_style=&#8221;]100 kr[\/av_cell][\/av_row]<br \/>\n[av_row row_style=&#8221;][av_cell col_style=&#8221;]Isac Aspberg[\/av_cell][av_cell col_style=&#8221;]100 kr[\/av_cell][av_cell col_style=&#8221;]Maria Lindgren[\/av_cell][av_cell col_style=&#8221;]100 kr[\/av_cell][\/av_row]<br \/>\n[av_row row_style=&#8221;][av_cell col_style=&#8221;]Anna Ytterberg [\/av_cell][av_cell col_style=&#8221;]300 kr[\/av_cell][av_cell col_style=&#8221;]Mats Englund [\/av_cell][av_cell col_style=&#8221;]50 kr[\/av_cell][\/av_row]<br \/>\n[av_row row_style=&#8221;][av_cell col_style=&#8221;]Rebecca Zetterlund [\/av_cell][av_cell col_style=&#8221;]100 kr[\/av_cell][av_cell col_style=&#8221;]Niklas Almgren [\/av_cell][av_cell col_style=&#8221;]100 kr[\/av_cell][\/av_row]<br \/>\n[av_row row_style=&#8221;][av_cell col_style=&#8221;]Annika Mattsson [\/av_cell][av_cell col_style=&#8221;]100 kr[\/av_cell][av_cell col_style=&#8221;]Karin Lawenius [\/av_cell][av_cell col_style=&#8221;]200 kr[\/av_cell][\/av_row]<br \/>\n[av_row row_style=&#8221;][av_cell col_style=&#8221;]Felix Lindman [\/av_cell][av_cell col_style=&#8221;]200 kr[\/av_cell][av_cell col_style=&#8221;]\u00c5sa Aldestr\u00f6m [\/av_cell][av_cell col_style=&#8221;]250 kr[\/av_cell][\/av_row]<br \/>\n[av_row row_style=&#8221;][av_cell col_style=&#8221;]G\u00f6ran Aldestr\u00f6m[\/av_cell][av_cell col_style=&#8221;]250 kr[\/av_cell][av_cell col_style=&#8221;]Sara Nordlund &amp; Emil Gustavsson[\/av_cell][av_cell col_style=&#8221;]500 kr[\/av_cell][\/av_row]<br \/>\n[av_row row_style=&#8221;][av_cell col_style=&#8221;]Christina Berglund[\/av_cell][av_cell col_style=&#8221;]1000 kr[\/av_cell][av_cell col_style=&#8221;]Anna Sandberg [\/av_cell][av_cell col_style=&#8221;]200 kr[\/av_cell][\/av_row]<br \/>\n[av_row row_style=&#8221;][av_cell col_style=&#8221;]Linda S\u00e4vhammar[\/av_cell][av_cell col_style=&#8221;]100 kr[\/av_cell][av_cell col_style=&#8221;]Linda Mandelberg[\/av_cell][av_cell col_style=&#8221;]500 kr[\/av_cell][\/av_row]<br \/>\n[av_row row_style=&#8221;][av_cell col_style=&#8221;]Gunilla Hammarstr\u00f6m[\/av_cell][av_cell col_style=&#8221;]500 kr[\/av_cell][av_cell col_style=&#8221;]Maria Lagerman [\/av_cell][av_cell col_style=&#8221;]500 kr[\/av_cell][\/av_row]<br \/>\n[av_row row_style=&#8221;][av_cell col_style=&#8221;]Maria Peth Eriksson[\/av_cell][av_cell col_style=&#8221;]300 kr[\/av_cell][av_cell col_style=&#8221;]Cajsa Birgitta Karlsson[\/av_cell][av_cell col_style=&#8221;]500 kr[\/av_cell][\/av_row]<br \/>\n[av_row row_style=&#8221;][av_cell col_style=&#8221;]Norrb\u00e4rke f\u00f6rsamling[\/av_cell][av_cell col_style=&#8221;]15 000 kr[\/av_cell][av_cell col_style=&#8221;]Tackg\u00e5va till Stiftsg\u00e5rden f\u00f6r v\u00e5ra avg\u00e5ende styrelseledam\u00f6ter i V\u00e4ster\u00e5s stifts kyrkos\u00e5ngsf\u00f6rbund.[\/av_cell][av_cell col_style=&#8221;]1 200 kr[\/av_cell][\/av_row]<br \/>\n[av_row row_style=&#8221;][av_cell col_style=&#8221;]Jonas Jonson[\/av_cell][av_cell col_style=&#8221;]1 000 kr[\/av_cell][av_cell col_style=&#8221;]Johan Melin[\/av_cell][av_cell col_style=&#8221;]2 500 kr[\/av_cell][\/av_row]<br \/>\n[av_row row_style=&#8221;][av_cell col_style=&#8221;]Christina Sirtoft Breitholtz[\/av_cell][av_cell col_style=&#8221;]500 kr[\/av_cell][av_cell col_style=&#8221;]Sura-Ramn\u00e4s f\u00f6rsamling [\/av_cell][av_cell col_style=&#8221;]10 000 kr[\/av_cell][\/av_row]<br \/>\n[av_row row_style=&#8221;][av_cell col_style=&#8221;]Gr\u00e4nge-S\u00e4fsn\u00e4s f\u00f6rsamling [\/av_cell][av_cell col_style=&#8221;]25 000 kr[\/av_cell][av_cell col_style=&#8221;]Anna G\u00f6tlind[\/av_cell][av_cell col_style=&#8221;]1 000 kr[\/av_cell][\/av_row]<br \/>\n[av_row row_style=&#8221;][av_cell col_style=&#8221;]Hallstahammar-Kolb\u00e4cks f\u00f6rsamling [\/av_cell][av_cell col_style=&#8221;]100 000 kr[\/av_cell][av_cell col_style=&#8221;]Leksand-Djura-Siljansn\u00e4s f\u00f6rsamling [\/av_cell][av_cell col_style=&#8221;]42 864 kr[\/av_cell][\/av_row]<br \/>\n[av_row row_style=&#8221;][av_cell col_style=&#8221;]Olof Bergdahl[\/av_cell][av_cell col_style=&#8221;]200 kr[\/av_cell][av_cell col_style=&#8221;]Williams Boza Donaires[\/av_cell][av_cell col_style=&#8221;]400 kr[\/av_cell][\/av_row]<br \/>\n[av_row row_style=&#8221;][av_cell col_style=&#8221;]Familjen Kj\u00e4llbring[\/av_cell][av_cell col_style=&#8221;]250 kr[\/av_cell][av_cell col_style=&#8221;]Sala-Norrby-M\u00f6klinta pastorat[\/av_cell][av_cell col_style=&#8221;]20 000 kr[\/av_cell][\/av_row]<br \/>\n[av_row row_style=&#8221;][av_cell col_style=&#8221;]\u00c5hls f\u00f6rsamling[\/av_cell][av_cell col_style=&#8221;]10 732 kr[\/av_cell][av_cell col_style=&#8221;]Arbogabygdens f\u00f6rsamling [\/av_cell][av_cell col_style=&#8221;]60 000 kr[\/av_cell][\/av_row]<br \/>\n[av_row row_style=&#8221;][av_cell col_style=&#8221;]K\u00f6pings pastorat [\/av_cell][av_cell col_style=&#8221;]100 000 kr[\/av_cell][av_cell col_style=&#8221;]Erik \u00c5sberg[\/av_cell][av_cell col_style=&#8221;]500 kr[\/av_cell][\/av_row]<br \/>\n[av_row row_style=&#8221;][av_cell col_style=&#8221;]Brita Maria Gustafsd:rNordstr\u00f6m[\/av_cell][av_cell col_style=&#8221;]200 kr[\/av_cell][av_cell col_style=&#8221;]N\u00e4sby Fellingsbro pastorat [\/av_cell][av_cell col_style=&#8221;]2000 kr[\/av_cell][\/av_row]<br \/>\n[av_row row_style=&#8221;][av_cell col_style=&#8221;]Boda diakoni och Mangrant [\/av_cell][av_cell col_style=&#8221;]12 654 kr[\/av_cell][av_cell col_style=&#8221;]R\u00e4ttviks VVS [\/av_cell][av_cell col_style=&#8221;]10 000 kr[\/av_cell][\/av_row]<br \/>\n[av_row row_style=&#8221;][av_cell col_style=&#8221;]\u00c5hls f\u00f6rsamling [\/av_cell][av_cell col_style=&#8221;]2170 kr[\/av_cell][av_cell col_style=&#8221;]Med\u00e5kers kyrkliga syf\u00f6rening[\/av_cell][av_cell col_style=&#8221;]2000 kr[\/av_cell][\/av_row]<br \/>\n[av_row row_style=&#8221;][av_cell col_style=&#8221;]fr\u00e5n J\u00e4rna- N\u00e5s-\u00c4ppelbo f\u00f6rsamling[\/av_cell][av_cell col_style=&#8221;]21 500 kr[\/av_cell][av_cell col_style=&#8221;]Ludvika f\u00f6rsamling [\/av_cell][av_cell col_style=&#8221;]50 000 kr[\/av_cell][\/av_row]<br \/>\n[av_row row_style=&#8221;][av_cell col_style=&#8221;]Nora bergslags f\u00f6rsamling [\/av_cell][av_cell col_style=&#8221;]15 000 kr[\/av_cell][av_cell col_style=&#8221;]V\u00e4ster\u00e5s pastorat [\/av_cell][av_cell col_style=&#8221;]500 000 kr[\/av_cell][\/av_row]<br \/>\n[av_row row_style=&#8221;][av_cell col_style=&#8221;]Siljansn\u00e4s Kyrka bok\u00e5tervinning[\/av_cell][av_cell col_style=&#8221;]500 kr[\/av_cell][av_cell col_style=&#8221;][\/av_cell][av_cell col_style=&#8221;][\/av_cell][\/av_row]<br \/>\n[\/av_table]<\/p>\n<p>[\/av_one_full]<\/p>\n","protected":false},"excerpt":{"rendered":"<p>[av_one_full first min_height=&#8221; vertical_alignment=&#8221; space=&#8221; custom_margin=&#8221; margin=&#8217;0px&#8217; padding=&#8217;0px&#8217; border=&#8221; border_color=&#8221; radius=&#8217;0px&#8217; background_color=&#8221; src=&#8221; background_position=&#8217;top left&#8217; background_repeat=&#8217;no-repeat&#8217; animation=&#8221;] [av_textblock size=&#8221; font_color=&#8221; color=&#8221;] Insamlingsresultat Startades 10 augusti 2020, senast uppdaterat 11 februari 2021 Uppdateras manuellt, d\u00e4rav viss eftersl\u00e4pning. [\/av_textblock] [\/av_one_full][av_one_full first min_height=&#8221; vertical_alignment=&#8221; space=&#8221; custom_margin=&#8221; margin=&#8217;0px&#8217; padding=&#8217;0px&#8217; border=&#8221; border_color=&#8221; radius=&#8217;0px&#8217; background_color=&#8221; src=&#8221; background_position=&#8217;top left&#8217; background_repeat=&#8217;no-repeat&#8217; animation=&#8221;] [av_animated_numbers [&hellip;]<\/p>\n","protected":false},"author":1,"featured_media":0,"parent":0,"menu_order":0,"comment_status":"closed","ping_status":"closed","template":"","meta":{"footnotes":""},"class_list":["post-10129","page","type-page","status-publish","hentry"],"_links":{"self":[{"href":"https:\/\/www1.stiftsgardenrattvik.se\/index.php?rest_route=\/wp\/v2\/pages\/10129","targetHints":{"allow":["GET"]}}],"collection":[{"href":"https:\/\/www1.stiftsgardenrattvik.se\/index.php?rest_route=\/wp\/v2\/pages"}],"about":[{"href":"https:\/\/www1.stiftsgardenrattvik.se\/index.php?rest_route=\/wp\/v2\/types\/page"}],"author":[{"embeddable":true,"href":"https:\/\/www1.stiftsgardenrattvik.se\/index.php?rest_route=\/wp\/v2\/users\/1"}],"replies":[{"embeddable":true,"href":"https:\/\/www1.stiftsgardenrattvik.se\/index.php?rest_route=%2Fwp%2Fv2%2Fcomments&post=10129"}],"version-history":[{"count":62,"href":"https:\/\/www1.stiftsgardenrattvik.se\/index.php?rest_route=\/wp\/v2\/pages\/10129\/revisions"}],"predecessor-version":[{"id":10728,"href":"https:\/\/www1.stiftsgardenrattvik.se\/index.php?rest_route=\/wp\/v2\/pages\/10129\/revisions\/10728"}],"wp:attachment":[{"href":"https:\/\/www1.stiftsgardenrattvik.se\/index.php?rest_route=%2Fwp%2Fv2%2Fmedia&parent=10129"}],"curies":[{"name":"wp","href":"https:\/\/api.w.org\/{rel}","templated":true}]}}