{"id":11587,"date":"2022-02-04T08:02:39","date_gmt":"2022-02-04T07:02:39","guid":{"rendered":"https:\/\/stiftsgardenrattvik.se\/?page_id=11587"},"modified":"2024-01-05T11:13:59","modified_gmt":"2024-01-05T10:13:59","slug":"lankar","status":"publish","type":"page","link":"https:\/\/www1.stiftsgardenrattvik.se\/?page_id=11587","title":{"rendered":"L\u00e4nkar"},"content":{"rendered":"<p>[av_one_full first min_height=&#8221; vertical_alignment=&#8221; space=&#8221; custom_margin=&#8221; margin=&#8217;0px&#8217; padding=&#8217;0px&#8217; border=&#8221; border_color=&#8221; radius=&#8217;0px&#8217; background_color=&#8221; src=&#8221; background_position=&#8217;top left&#8217; background_repeat=&#8217;no-repeat&#8217; animation=&#8221; av_uid=&#8217;av-32s02ar&#8217;]<br \/>\n[av_textblock size=&#8221; font_color=&#8221; color=&#8221; av_uid=&#8217;av-2exrps3&#8242;]<\/p>\n<h1 style=\"text-align: center;\">L\u00e4nkar<\/h1>\n<p>[\/av_textblock]<br \/>\n[\/av_one_full]<\/p>\n<p>[av_two_third first min_height=&#8221; vertical_alignment=&#8221; space=&#8221; custom_margin=&#8221; margin=&#8217;0px&#8217; padding=&#8217;0px&#8217; border=&#8221; border_color=&#8221; radius=&#8217;0px&#8217; background_color=&#8221; src=&#8221; background_position=&#8217;top left&#8217; background_repeat=&#8217;no-repeat&#8217; animation=&#8221; av_uid=&#8217;av-23fg5wj&#8217;]<\/p>\n<p>[av_textblock textblock_styling_align=&#8221; textblock_styling=&#8221; textblock_styling_gap=&#8221; textblock_styling_mobile=&#8221; size=&#8221; av-desktop-font-size=&#8221; av-medium-font-size=&#8221; av-small-font-size=&#8221; av-mini-font-size=&#8221; font_color=&#8221; color=&#8221; id=&#8221; custom_class=&#8221; template_class=&#8221; av_uid=&#8217;av-1oy2vgj&#8217; sc_version=&#8217;1.0&#8242; admin_preview_bg=&#8221;]<br \/>\n<a href=\"https:\/\/www.regeringen.se\/regeringens-politik\/globala-malen-och-agenda-2030\/17-globala-mal-for-hallbar-utveckling\/\">Agenda 2030<\/a><\/p>\n<p><a href=\"https:\/\/www.svenskakyrkan.se\/hallbarutveckling\">Svenska kyrkan, h\u00e5llbar utveckling<\/a><\/p>\n<p class=\"content__title\"><a href=\"https:\/\/www.svenskakyrkan.se\/fardplan-klimat\">Svenska kyrkans f\u00e4rdplan f\u00f6r klimatet<\/a><\/p>\n<p><a href=\"https:\/\/www.svenskakyrkan.se\/klimatbrevet\">Ett biskopsbrev om klimatet<\/a><\/p>\n<p><a href=\"https:\/\/www.svenskakyrkan.se\/kristentro\/klimat\">Klimatet f\u00f6r\u00e4ndras \u2013 skapelsen ropar!\u00a0<\/a><\/p>\n<p><a href=\"https:\/\/www.svenskakyrkan.se\/miljodiplomering\">Svenska kyrkan, milj\u00f6diplomering\u00a0\u00a0<\/a><\/p>\n<p><a href=\"https:\/\/www.svenskakyrkan.se\/act\">Act Svenska kyrkan<\/a><\/p>\n<p><a href=\"https:\/\/helsjon.se\/\">Helsj\u00f6ns folkh\u00f6gskola<\/a><\/p>\n<p><a href=\"https:\/\/vardnas.se\/\">V\u00e5rdn\u00e4s stiftsg\u00e5rd<\/a><\/p>\n<p><a href=\"https:\/\/www.skapelseexistens.se\/\">N\u00e4tverket Skapelse &#038; Existens<\/a><\/p>\n<p><a href=\"https:\/\/www.sensus.se\/samarbeta\/rattigheter-och-hallbarhet\/\">Sensus studief\u00f6rbund, r\u00e4ttigheter och h\u00e5llbarhet\u00a0<\/a><\/p>\n<p><a href=\"https:\/\/www.skr.org\/vart-arbete\/hallbar-utveckling\/\">Sveriges Kristna R\u00e5d, h\u00e5llbar utveckling\u00a0\u00a0<\/a><br \/>\n<a href=\"https:\/\/gronkyrka.se\/\">Gr\u00f6n kyrka\u00a0\u00a0\u00a0<\/a><\/p>\n<p><a href=\"https:\/\/equmeniakyrkan.se\/vart-arbete\/fred-klimat-hallbarhet\/\">Equmeniakyrkan, fred &#038; klimat\/h\u00e5llbarhet<\/a><br \/>\n<a href=\"http:\/\/www.mansus.se\/\">Djupare Liv \u2013 Harry M\u00e5nsus<\/a><\/p>\n<p><a href=\"https:\/\/www.votummedia.se\/produkt\/planetens-karlekens-granser\/\">Planetens och k\u00e4rlekens gr\u00e4nser<\/a><\/p>\n<p><a href=\"https:\/\/www.svenhillert.se\/\">Sven Hillert <\/a><\/p>\n<p><a href=\"https:\/\/www.sensus.se\/ledare\/studiematerial\/naturens-rattigheter\/\">Naturens r\u00e4ttigheter <\/a><\/p>\n<p><a href=\"https:\/\/www.sensus.se\/ledare\/studiematerial\/hallbara-maltider\/\">H\u00e5llbara m\u00e5ltider\u00a0<\/a><\/p>\n<h3>Pilgrim<\/h3>\n<p><a href=\"https:\/\/walkforfuture.se\/\">Pilgrim\u2019s Walk for Future\u00a0<\/a><\/p>\n<p><a href=\"https:\/\/pilgrimscentrum.se\/\">Pilgrimscentrum i Vadstena<\/a><\/p>\n<p><a href=\"https:\/\/pilgrimisverige.se\">Pilgrim i Sverige\u00a0<\/a><br \/>\n[\/av_textblock]<\/p>\n<p>[\/av_two_third][av_one_third min_height=&#8221; vertical_alignment=&#8221; space=&#8221; custom_margin=&#8221; margin=&#8217;0px&#8217; padding=&#8217;0px&#8217; border=&#8221; border_color=&#8221; radius=&#8217;0px&#8217; background_color=&#8221; src=&#8221; background_position=&#8217;top left&#8217; background_repeat=&#8217;no-repeat&#8217; animation=&#8221; av_uid=&#8217;av-18xvk77&#8242;]<br \/>\n[av_image src=&#8217;https:\/\/stiftsgardenrattvik.se\/wp-content\/uploads\/2022\/02\/trees-3822149-1-scaled.jpg&#8217; attachment=&#8217;11590&#8242; attachment_size=&#8217;full&#8217; align=&#8217;center&#8217; styling=&#8221; hover=&#8221; link=&#8221; target=&#8221; caption=&#8221; font_size=&#8221; appearance=&#8221; overlay_opacity=&#8217;0.4&#8242; overlay_color=&#8217;#000000&#8242; overlay_text_color=&#8217;#ffffff&#8217; animation=&#8217;no-animation&#8217; av_uid=&#8217;av-sxwtkz&#8217;][\/av_image]<br \/>\n[\/av_one_third]<\/p>\n","protected":false},"excerpt":{"rendered":"","protected":false},"author":1,"featured_media":0,"parent":0,"menu_order":0,"comment_status":"closed","ping_status":"closed","template":"","meta":{"footnotes":""},"class_list":["post-11587","page","type-page","status-publish","hentry"],"_links":{"self":[{"href":"https:\/\/www1.stiftsgardenrattvik.se\/index.php?rest_route=\/wp\/v2\/pages\/11587","targetHints":{"allow":["GET"]}}],"collection":[{"href":"https:\/\/www1.stiftsgardenrattvik.se\/index.php?rest_route=\/wp\/v2\/pages"}],"about":[{"href":"https:\/\/www1.stiftsgardenrattvik.se\/index.php?rest_route=\/wp\/v2\/types\/page"}],"author":[{"embeddable":true,"href":"https:\/\/www1.stiftsgardenrattvik.se\/index.php?rest_route=\/wp\/v2\/users\/1"}],"replies":[{"embeddable":true,"href":"https:\/\/www1.stiftsgardenrattvik.se\/index.php?rest_route=%2Fwp%2Fv2%2Fcomments&post=11587"}],"version-history":[{"count":11,"href":"https:\/\/www1.stiftsgardenrattvik.se\/index.php?rest_route=\/wp\/v2\/pages\/11587\/revisions"}],"predecessor-version":[{"id":13961,"href":"https:\/\/www1.stiftsgardenrattvik.se\/index.php?rest_route=\/wp\/v2\/pages\/11587\/revisions\/13961"}],"wp:attachment":[{"href":"https:\/\/www1.stiftsgardenrattvik.se\/index.php?rest_route=%2Fwp%2Fv2%2Fmedia&parent=11587"}],"curies":[{"name":"wp","href":"https:\/\/api.w.org\/{rel}","templated":true}]}}