{"id":11723,"date":"2022-03-24T17:58:03","date_gmt":"2022-03-24T16:58:03","guid":{"rendered":"https:\/\/stiftsgardenrattvik.se\/?page_id=11723"},"modified":"2022-04-05T15:40:43","modified_gmt":"2022-04-05T13:40:43","slug":"skicka-din-berattelse","status":"publish","type":"page","link":"https:\/\/www1.stiftsgardenrattvik.se\/?page_id=11723","title":{"rendered":"Skicka din ber\u00e4ttelse"},"content":{"rendered":"<p>[av_textblock size=&#8217;16&#8217; font_color=&#8221; color=&#8221;]<br \/>\nVill du skicka med en bild? Maila den till <a href=\"mailto:gustav.danielsson@svenskakyrkan.se\">gustav.danielsson@svenskakyrkan.se<\/a> ange din rubrik som \u00e4mne.<br \/>\n[\/av_textblock]<\/p>\n<p>[av_one_full first min_height=&#8221; vertical_alignment=&#8221; space=&#8221; custom_margin=&#8221; margin=&#8217;0px&#8217; padding=&#8217;0px&#8217; border=&#8221; border_color=&#8221; radius=&#8217;0px&#8217; background_color=&#8221; src=&#8221; background_position=&#8217;top left&#8217; background_repeat=&#8217;no-repeat&#8217; animation=&#8221;]<\/p>\n<p>[av_contact email=&#8217;pontus.gunnarsson@svenskakyrkan.se&#8217; title=&#8217;Skicka in din ber\u00e4ttelse&#8217; button=&#8217;Skicka in&#8217; on_send=&#8221; sent=&#8217;Tack f\u00f6r din ber\u00e4ttelse!&#8217; link=&#8217;manually,http:\/\/&#8217; subject=&#8217;Ber\u00e4ttelse fr\u00e5n stiftsg\u00e5rden&#8217; autorespond=&#8221; captcha=&#8217;active&#8217; form_align=&#8221; color=&#8221;]<br \/>\n[av_contact_field label=&#8217;Namn (frivilligt)&#8217; type=&#8217;text&#8217; options=&#8221; check=&#8221; width=&#8221; multi_select=&#8221;][\/av_contact_field]<br \/>\n[av_contact_field label=&#8217;Rubrik&#8217; type=&#8217;text&#8217; options=&#8221; check=&#8217;is_empty&#8217; width=&#8221; multi_select=&#8221;][\/av_contact_field]<br \/>\n[av_contact_field label=&#8217;Ber\u00e4ttelse&#8217; type=&#8217;textarea&#8217; options=&#8221; check=&#8217;is_empty&#8217; width=&#8221; multi_select=&#8221;][\/av_contact_field]<br \/>\n[\/av_contact]<\/p>\n<p>[\/av_one_full][av_hr class=&#8217;default&#8217; height=&#8217;50&#8217; shadow=&#8217;no-shadow&#8217; position=&#8217;center&#8217; custom_border=&#8217;av-border-thin&#8217; custom_width=&#8217;50px&#8217; custom_border_color=&#8221; custom_margin_top=&#8217;30px&#8217; custom_margin_bottom=&#8217;30px&#8217; icon_select=&#8217;yes&#8217; custom_icon_color=&#8221; icon=&#8217;ue808&#8242;]<\/p>\n","protected":false},"excerpt":{"rendered":"<p>[av_textblock size=&#8217;16&#8217; font_color=&#8221; color=&#8221;] Vill du skicka med en bild? Maila den till gustav.danielsson@svenskakyrkan.se ange din rubrik som \u00e4mne. [\/av_textblock] [av_one_full first min_height=&#8221; vertical_alignment=&#8221; space=&#8221; custom_margin=&#8221; margin=&#8217;0px&#8217; padding=&#8217;0px&#8217; border=&#8221; border_color=&#8221; radius=&#8217;0px&#8217; background_color=&#8221; src=&#8221; background_position=&#8217;top left&#8217; background_repeat=&#8217;no-repeat&#8217; animation=&#8221;] [av_contact email=&#8217;pontus.gunnarsson@svenskakyrkan.se&#8217; title=&#8217;Skicka in din ber\u00e4ttelse&#8217; button=&#8217;Skicka in&#8217; on_send=&#8221; sent=&#8217;Tack f\u00f6r din ber\u00e4ttelse!&#8217; link=&#8217;manually,http:\/\/&#8217; subject=&#8217;Ber\u00e4ttelse fr\u00e5n stiftsg\u00e5rden&#8217; autorespond=&#8221; [&hellip;]<\/p>\n","protected":false},"author":1,"featured_media":0,"parent":0,"menu_order":0,"comment_status":"closed","ping_status":"closed","template":"","meta":{"footnotes":""},"class_list":["post-11723","page","type-page","status-publish","hentry"],"_links":{"self":[{"href":"https:\/\/www1.stiftsgardenrattvik.se\/index.php?rest_route=\/wp\/v2\/pages\/11723","targetHints":{"allow":["GET"]}}],"collection":[{"href":"https:\/\/www1.stiftsgardenrattvik.se\/index.php?rest_route=\/wp\/v2\/pages"}],"about":[{"href":"https:\/\/www1.stiftsgardenrattvik.se\/index.php?rest_route=\/wp\/v2\/types\/page"}],"author":[{"embeddable":true,"href":"https:\/\/www1.stiftsgardenrattvik.se\/index.php?rest_route=\/wp\/v2\/users\/1"}],"replies":[{"embeddable":true,"href":"https:\/\/www1.stiftsgardenrattvik.se\/index.php?rest_route=%2Fwp%2Fv2%2Fcomments&post=11723"}],"version-history":[{"count":11,"href":"https:\/\/www1.stiftsgardenrattvik.se\/index.php?rest_route=\/wp\/v2\/pages\/11723\/revisions"}],"predecessor-version":[{"id":11803,"href":"https:\/\/www1.stiftsgardenrattvik.se\/index.php?rest_route=\/wp\/v2\/pages\/11723\/revisions\/11803"}],"wp:attachment":[{"href":"https:\/\/www1.stiftsgardenrattvik.se\/index.php?rest_route=%2Fwp%2Fv2%2Fmedia&parent=11723"}],"curies":[{"name":"wp","href":"https:\/\/api.w.org\/{rel}","templated":true}]}}