{"id":12910,"date":"2023-01-26T17:15:21","date_gmt":"2023-01-26T16:15:21","guid":{"rendered":"https:\/\/stiftsgardenrattvik.se\/?page_id=12910"},"modified":"2023-01-26T17:19:06","modified_gmt":"2023-01-26T16:19:06","slug":"ekoteologi-i-praktiken-folder","status":"publish","type":"page","link":"https:\/\/www1.stiftsgardenrattvik.se\/?page_id=12910","title":{"rendered":"Ekoteologi i praktiken folder"},"content":{"rendered":"<p>[av_one_full first min_height=&#8221; vertical_alignment=&#8217;av-align-top&#8217; space=&#8221; row_boxshadow=&#8221; row_boxshadow_width=&#8217;10&#8217; row_boxshadow_color=&#8221; custom_margin=&#8221; margin=&#8217;0px&#8217; av-desktop-margin=&#8221; av-medium-margin=&#8221; av-small-margin=&#8221; av-mini-margin=&#8221; mobile_breaking=&#8221; mobile_column_order=&#8221; border=&#8221; border_style=&#8217;solid&#8217; border_color=&#8221; radius=&#8221; min_col_height=&#8221; padding=&#8221; av-desktop-padding=&#8221; av-medium-padding=&#8221; av-small-padding=&#8221; av-mini-padding=&#8221; svg_div_top=&#8221; svg_div_top_color=&#8217;#333333&#8242; svg_div_top_width=&#8217;100&#8242; svg_div_top_height=&#8217;50&#8217; svg_div_top_max_height=&#8217;none&#8217; svg_div_top_flip=&#8221; svg_div_top_invert=&#8221; svg_div_top_front=&#8221; svg_div_top_opacity=&#8221; svg_div_top_preview=&#8221; svg_div_bottom=&#8221; svg_div_bottom_color=&#8217;#333333&#8242; svg_div_bottom_width=&#8217;100&#8242; svg_div_bottom_height=&#8217;50&#8217; svg_div_bottom_max_height=&#8217;none&#8217; svg_div_bottom_flip=&#8221; svg_div_bottom_invert=&#8221; svg_div_bottom_front=&#8221; svg_div_bottom_opacity=&#8221; svg_div_bottom_preview=&#8221; column_boxshadow=&#8221; column_boxshadow_width=&#8217;10&#8217; column_boxshadow_color=&#8221; background=&#8217;bg_color&#8217; background_color=&#8221; background_gradient_direction=&#8217;vertical&#8217; background_gradient_color1=&#8217;#000000&#8242; background_gradient_color2=&#8217;#ffffff&#8217; background_gradient_color3=&#8221; src=&#8221; background_position=&#8217;top left&#8217; background_repeat=&#8217;no-repeat&#8217; highlight=&#8221; highlight_size=&#8221; animation=&#8221; animation_duration=&#8221; animation_custom_bg_color=&#8221; animation_z_index_curtain=&#8217;100&#8242; parallax_parallax=&#8221; parallax_parallax_speed=&#8221; av-desktop-parallax_parallax=&#8221; av-desktop-parallax_parallax_speed=&#8221; av-medium-parallax_parallax=&#8221; av-medium-parallax_parallax_speed=&#8221; av-small-parallax_parallax=&#8221; av-small-parallax_parallax_speed=&#8221; av-mini-parallax_parallax=&#8221; av-mini-parallax_parallax_speed=&#8221; css_position=&#8221; css_position_location=&#8221; css_position_z_index=&#8221; av-desktop-css_position=&#8221; av-desktop-css_position_location=&#8221; av-desktop-css_position_z_index=&#8221; av-medium-css_position=&#8221; av-medium-css_position_location=&#8221; av-medium-css_position_z_index=&#8221; av-small-css_position=&#8221; av-small-css_position_location=&#8221; av-small-css_position_z_index=&#8221; av-mini-css_position=&#8221; av-mini-css_position_location=&#8221; av-mini-css_position_z_index=&#8221; link=&#8221; linktarget=&#8221; link_hover=&#8221; title_attr=&#8221; alt_attr=&#8221; mobile_display=&#8221; mobile_col_pos=&#8217;0&#8242; id=&#8221; custom_class=&#8221; template_class=&#8221; aria_label=&#8221; av_uid=&#8217;av-k39nn2&#8242; sc_version=&#8217;1.0&#8242;]<\/p>\n<p>[av_textblock textblock_styling_align=&#8221; textblock_styling=&#8221; textblock_styling_gap=&#8221; textblock_styling_mobile=&#8221; size=&#8221; av-desktop-font-size=&#8221; av-medium-font-size=&#8221; av-small-font-size=&#8221; av-mini-font-size=&#8221; font_color=&#8221; color=&#8221; id=&#8221; custom_class=&#8221; template_class=&#8221; av_uid=&#8217;av-lddaqmrt&#8217; sc_version=&#8217;1.0&#8242; admin_preview_bg=&#8221;]<\/p>\n<h1 style=\"text-align: center;\">Ekoteologi i praktiken<\/h1>\n<h3 style=\"text-align: center;\">En kurs i flera steg:<br \/>\nSteg 1 den den 24-26 januari 2023 p\u00e5 Stiftsg\u00e5rden R\u00e4ttvik<br \/>\nSteg 2 den 7 februari 2023 digitalt<br \/>\nSteg 3a den 13-15 mars 2023 p\u00e5 Stiftsg\u00e5rden R\u00e4ttvik<br \/>\nSteg 3b den 15-17 mars 2023 p\u00e5 Stiftsg\u00e5rden R\u00e4ttvik<br \/>\nSteg 4 den 25 maj 2023 digitalt<\/h3>\n<p>Stiftsg\u00e5rden R\u00e4ttvik vill genom den h\u00e4r nya och unika utbildningen ge kunskap, v\u00e4gledning och verktyg till dig som vill leda utbildningar av personer, som i sin tur ska kunna leda arbetet med h\u00e5llbarhetsfr\u00e5gor vidare i sina f\u00f6rsamlingar och pastorat. Vi kallar det f\u00f6r att \u201dutbilda utbildare\u201d. Kanske \u00e4r du stiftsanst\u00e4lld eller verkar p\u00e5 en stiftsg\u00e5rd, folkh\u00f6gskola eller i ett st\u00f6rre pastorat. Vi v\u00e4nder oss till dig som har viljan och f\u00f6rm\u00e5gan att leda och driva f\u00f6r\u00e4ndringsarbete.<\/p>\n<p>Du f\u00e5r f\u00f6rdjupad kunskap kring ekoteologi och praktiska redskap och metoder att anv\u00e4nda i arbetet f\u00f6r ett h\u00e5llbart samh\u00e4lle och f\u00f6r en kyrka som driver klimatomst\u00e4llning. Tillsammans med andra ansvariga f\u00f6r h\u00e5llbarhetsfr\u00e5gor och \u2013processer erbjuder vi kollegiala sammanhang f\u00f6r utvecklingsarbete samt handledning och st\u00f6d i ditt utbildningsprojekt. Utbildningen ing\u00e5r i och subventioneras av medel fr\u00e5n F\u00e4rdplan f\u00f6r klimatet\u00a0<a href=\"https:\/\/www.svenskakyrkan.se\/svenska-kyrkans-fardplan-for-klimatet-\">https:\/\/www.svenskakyrkan.se\/svenska-kyrkans-fardplan-for-klimatet-<\/a>\u00a0och samk\u00f6rs till stora delar med \u201dEkoteologi i f\u00f6rsamlingen\u201d\u00a0<a href=\"https:\/\/stiftsgardenrattvik.se\/wp-content\/uploads\/2022\/06\/Ekoteologi-i-forsamlingen.pdf.\">https:\/\/stiftsgardenrattvik.se\/wp-content\/uploads\/2022\/06\/Ekoteologi-i-forsamlingen.pdf.<\/a><\/p>\n<p>Denna kurs \u00e4r p\u00e5g\u00e5ende. <a href=\"https:\/\/stiftsgardenrattvik.se\/ekoteologi-i-praktiken\/\"><strong>V\u00e4lkommen att anm\u00e4la dig till kursen som startar i september h\u00e4r.<\/strong><\/a><br \/>\n<strong>L\u00e4s mer<\/strong> om kursen h\u00e4r: <a href=\"https:\/\/stiftsgardenrattvik.se\/wp-content\/uploads\/2023\/01\/Ekoteologi-i-praktiken-folder.pdf\">Ekoteologi i praktiken, folder<\/a><br \/>\n[\/av_textblock]<\/p>\n<p>[\/av_one_full]<\/p>\n","protected":false},"excerpt":{"rendered":"","protected":false},"author":1,"featured_media":0,"parent":0,"menu_order":0,"comment_status":"closed","ping_status":"closed","template":"","meta":{"footnotes":""},"class_list":["post-12910","page","type-page","status-publish","hentry"],"_links":{"self":[{"href":"https:\/\/www1.stiftsgardenrattvik.se\/index.php?rest_route=\/wp\/v2\/pages\/12910","targetHints":{"allow":["GET"]}}],"collection":[{"href":"https:\/\/www1.stiftsgardenrattvik.se\/index.php?rest_route=\/wp\/v2\/pages"}],"about":[{"href":"https:\/\/www1.stiftsgardenrattvik.se\/index.php?rest_route=\/wp\/v2\/types\/page"}],"author":[{"embeddable":true,"href":"https:\/\/www1.stiftsgardenrattvik.se\/index.php?rest_route=\/wp\/v2\/users\/1"}],"replies":[{"embeddable":true,"href":"https:\/\/www1.stiftsgardenrattvik.se\/index.php?rest_route=%2Fwp%2Fv2%2Fcomments&post=12910"}],"version-history":[{"count":2,"href":"https:\/\/www1.stiftsgardenrattvik.se\/index.php?rest_route=\/wp\/v2\/pages\/12910\/revisions"}],"predecessor-version":[{"id":12915,"href":"https:\/\/www1.stiftsgardenrattvik.se\/index.php?rest_route=\/wp\/v2\/pages\/12910\/revisions\/12915"}],"wp:attachment":[{"href":"https:\/\/www1.stiftsgardenrattvik.se\/index.php?rest_route=%2Fwp%2Fv2%2Fmedia&parent=12910"}],"curies":[{"name":"wp","href":"https:\/\/api.w.org\/{rel}","templated":true}]}}