{"id":2114,"date":"2013-06-04T19:18:12","date_gmt":"2013-06-04T17:18:12","guid":{"rendered":"http:\/\/test.stiftsgardenrattvik.se\/?page_id=2114"},"modified":"2025-09-02T07:46:17","modified_gmt":"2025-09-02T05:46:17","slug":"restaurang","status":"publish","type":"page","link":"https:\/\/www1.stiftsgardenrattvik.se\/?page_id=2114","title":{"rendered":"Restaurang"},"content":{"rendered":"<p>[av_three_fourth first av_uid=&#8217;av-5e6saq&#8217;]<\/p>\n<p>[av_textblock textblock_styling_align=&#8221; textblock_styling=&#8221; textblock_styling_gap=&#8221; textblock_styling_mobile=&#8221; size=&#8221; av-desktop-font-size=&#8221; av-medium-font-size=&#8221; av-small-font-size=&#8221; av-mini-font-size=&#8221; font_color=&#8221; color=&#8221; id=&#8221; custom_class=&#8221; template_class=&#8221; av_uid=&#8217;av-457242&#8242; sc_version=&#8217;1.0&#8242; admin_preview_bg=&#8221;]<br \/>\n<em>Stiftsg\u00e5rden ligger natursk\u00f6nt med milsvid utsikt \u00f6ver Siljan och de bl\u00e5nade bergen i fj\u00e4rran. Sluttningarna ned mot sj\u00f6n har genom \u00e5rhundraden h\u00e5llits \u00f6ppna genom str\u00e4vsamma b\u00f6nders f\u00f6rsorg. Betning av djur har h\u00e4r bidragit till att markerna kunnat h\u00e5llas \u00f6ppna. Denna djurh\u00e5llning \u00e4r inte bara en fr\u00e5ga om goda f\u00f6ruts\u00e4ttningar f\u00f6r lokalproducerat k\u00f6tt utan ocks\u00e5 en bidragande orsak till ett \u00f6ppet och vackert landskap.<\/em><\/p>\n<p><strong>K\u00f6kets profil<br \/>\n<\/strong>Vi arbetar i stor utstr\u00e4ckning med lokalproducerade samt ekologiska produkter. V\u00e5rt k\u00f6k k\u00f6per med gl\u00e4dje de varor som v\u00e5rt landskap producerat. Allt fr\u00e5n k\u00f6tt och gr\u00f6nt till svamp och b\u00e4r k\u00f6ps in s\u00e5 lokalt som m\u00f6jligt.<\/p>\n<p><strong>F\u00f6do\u00e4mnesallergier<\/strong><br \/>\nF\u00f6do\u00e4mnesallergier har \u00f6kat markant och Stiftsg\u00e5rden i R\u00e4ttvik har tagit fram en ny policy f\u00f6r detta. Det har vi gjort f\u00f6r er s\u00e4kerhet och f\u00f6r att kunna ge er en bra matupplevelse. Vi t\u00e4nker h\u00e5llbart och vi vill minska matsvinnet som kan vara en stor riskfaktor n\u00e4r det handlar om f\u00f6do\u00e4mnesallergier. Det som r\u00e4knas till f\u00f6do\u00e4mnesallergi \u00e4r all mat som beh\u00f6ver \u00e4ndras\/justeras i f\u00f6rh\u00e5llande till den mat som serveras. L\u00e4s v\u00e5r policy h\u00e4r: <a href=\"https:\/\/stiftsgardenrattvik.se\/wp-content\/uploads\/2024\/04\/Ang-ev-fodoamnesallergier.pdf\">F\u00f6do\u00e4mnesallergier<\/a><\/p>\n<p><strong>Frukost<br \/>\n<\/strong>Frukost serveras alla dagar 08.00-09.30 med \u00e4ggr\u00f6ra, bacon, pannkakor med sylt och gr\u00e4dde, gr\u00f6t, fil, yoghurt, \u00e4gg, kaffe, te, varm choklad, sm\u00f6r, br\u00f6d, p\u00e5l\u00e4gg och fruktfat. Stiftsg\u00e5rden R\u00e4ttvik serverar Fair frukost. Kaffe, te, socker, chokladdryck och v\u00e5ra bananer \u00e4r m\u00e4rkta med Fairtrade och det g\u00f6r skillnad f\u00f6r odlare och klimatet.<\/p>\n<p><strong>Dagens lunch<\/strong><br \/>\nDagens lunch serveras m\u00e5ndag &#8211; fredag (sommartid \u00e4ven l\u00f6rdag-s\u00f6ndag). Flera varmr\u00e4tter finns att v\u00e4lja bland (alltid minst en k\u00f6ttr\u00e4tt, en fiskr\u00e4tt samt en vegetarisk r\u00e4tt), stor salladsbuff\u00e9, m\u00e5ltidsdryck, kaffe\/te och kaka ing\u00e5r. Pris: m\u00e5ndag-fredag 130 kr\/person, barnpris 75 kr (5 till 12 \u00e5r).\u00a0 <a href=\"https:\/\/stiftsgardenrattvik.se\/dagens-lunch\/\">F\u00f6r aktuell meny, \u00f6ppettider och pris se&gt;<\/a><\/p>\n<p><strong>Middag<br \/>\n<\/strong> Det finns \u00e4ven m\u00f6jlighet att \u00e4ta middag vid Dalhallakonserter, f\u00f6rbokning kr\u00e4vs dock. D\u00e5 anpassar vi middagstiden efter konserten s\u00e5 att du som ska p\u00e5 konsert ocks\u00e5 hinner njuta av god mat hos oss. Till middag serveras varmr\u00e4tt, salladsbuff\u00e9, m\u00e5ltidsdryck, kaffe\/te samt dessert. Pris 370 kr\/person, barnpris 105 kr (5 till 12 \u00e5r). <strong><a href=\"https:\/\/stiftsgardenrattvik.se\/dalhalla\/\">Se aktuella kv\u00e4llar med fil\u00e9buff\u00e9 n\u00e4r du klickar H\u00c4R.\u00a0<\/a><\/strong><\/p>\n<p>Stiftsg\u00e5rdens k\u00f6k serverar ut\u00f6ver detta allt ifr\u00e5n frukost och kv\u00e4llste till sup\u00e9er, ostbrickor och m\u00e5ltider vid minnesstunder. Det g\u00e5r \u00e4ven att best\u00e4lla mat f\u00f6r avh\u00e4mtning och catering. F\u00f6r f\u00f6do\u00e4mnesallergi var god best\u00e4ll i f\u00f6rv\u00e4g.<\/p>\n<p><strong>Alkoholfri milj\u00f6<\/strong><br \/>\nSom ett st\u00f6d f\u00f6r m\u00e4nniskor med alkoholrelaterade problem och med tanke p\u00e5 v\u00e5rt stora ungdomsarbete har vi valt att vara en alkoholfri milj\u00f6 och v\u00e4djar till dig som bes\u00f6ker oss att inte anv\u00e4nda alkohol p\u00e5 omr\u00e5det. Tack f\u00f6r att du visar h\u00e4nsyn!<\/p>\n<p><strong>V\u00e5ra matsalar<br \/>\n<\/strong><em>Gl\u00e4ntan<\/em> rymmer 80 g\u00e4ster och har en vacker utsikt \u00f6ver v\u00e5r innerg\u00e5rd med Siljans glittrande vatten inom synh\u00e5ll. I Gl\u00e4ntan dukas dagens lunch fram i form av en stor buff\u00e9.<\/p>\n<p><em>\u00c4ngen<\/em> som ligger v\u00e4gg i v\u00e4gg med Gl\u00e4ntan har 150 sittplatser och \u00e4r en stor och luftig lokal. F\u00f6r stora s\u00e4llskap finns m\u00f6jlighet att \u00f6ppna upp en vikv\u00e4gg mellan de b\u00e5da matsalarna, d\u00e5 finns plats f\u00f6r 260 sittande g\u00e4ster. Lokalen passar d\u00e5 utm\u00e4rkt till b\u00e5de fest och konferens eftersom matsalarna \u00e4r utrustade med h\u00f6rslinga och f\u00f6rst\u00e4rkare. Maten serveras alltid i buff\u00e9form och man kan ta maten fr\u00e5n flera stationer och h\u00e5ll.<\/p>\n<p><em>R\u00e4ttviksrummet<\/em> l\u00e4mpar sig f\u00f6r mindre grupper (max 40 personer) som vill \u00e4ta i avskildhet. Rummet ligger i stiftsg\u00e5rdens \u00e4ldsta del, strax innanf\u00f6r receptionen och \u00e4r vackert inrett i traditionell dalastil.<br \/>\n[\/av_textblock]<\/p>\n<p>[\/av_three_fourth][av_one_fourth min_height=&#8221; vertical_alignment=&#8221; space=&#8221; custom_margin=&#8221; margin=&#8217;0px&#8217; padding=&#8217;0px&#8217; border=&#8221; border_color=&#8221; radius=&#8217;0px&#8217; background_color=&#8221; src=&#8221; background_position=&#8217;top left&#8217; background_repeat=&#8217;no-repeat&#8217; animation=&#8221; av_uid=&#8217;av-9n3rb6&#8242;]<br \/>\n[av_image src=&#8217;https:\/\/stiftsgardenrattvik.se\/wp-content\/uploads\/2024\/09\/4-scaled.jpg&#8217; attachment=&#8217;14771&#8242; attachment_size=&#8217;full&#8217; copyright=&#8221; caption=&#8221; image_size=&#8221; styling=&#8221; box_shadow=&#8217;none&#8217; box_shadow_width=&#8217;10&#8217; box_shadow_color=&#8221; align=&#8217;center&#8217; font_size=&#8221; overlay_opacity=&#8217;0.4&#8242; overlay_color=&#8217;#000000&#8242; overlay_text_color=&#8217;#ffffff&#8217; animation=&#8217;no-animation&#8217; animation_duration=&#8221; animation_custom_bg_color=&#8221; animation_z_index_curtain=&#8217;100&#8242; parallax_parallax=&#8221; parallax_parallax_speed=&#8221; av-desktop-parallax_parallax=&#8221; av-desktop-parallax_parallax_speed=&#8221; av-medium-parallax_parallax=&#8221; av-medium-parallax_parallax_speed=&#8221; av-small-parallax_parallax=&#8221; av-small-parallax_parallax_speed=&#8221; av-mini-parallax_parallax=&#8221; av-mini-parallax_parallax_speed=&#8221; hover=&#8221; blur_image=&#8221; grayscale_image=&#8221; fade_image=&#8221; appearance=&#8221; css_position=&#8221; css_position_location=&#8217;,,,&#8217; css_position_z_index=&#8221; av-desktop-css_position=&#8221; av-desktop-css_position_location=&#8217;,,,&#8217; av-desktop-css_position_z_index=&#8221; av-medium-css_position=&#8221; av-medium-css_position_location=&#8217;,,,&#8217; av-medium-css_position_z_index=&#8221; av-small-css_position=&#8221; av-small-css_position_location=&#8217;,,,&#8217; av-small-css_position_z_index=&#8221; av-mini-css_position=&#8221; av-mini-css_position_location=&#8217;,,,&#8217; av-mini-css_position_z_index=&#8221; transform_perspective=&#8221; transform_rotation=&#8217;,,,&#8217; transform_scale=&#8217;,,&#8217; transform_skew=&#8217;,&#8217; transform_translate=&#8217;,,&#8217; av-desktop-transform_perspective=&#8221; av-desktop-transform_rotation=&#8217;,,,&#8217; av-desktop-transform_scale=&#8217;,,&#8217; av-desktop-transform_skew=&#8217;,&#8217; av-desktop-transform_translate=&#8217;,,&#8217; av-medium-transform_perspective=&#8221; av-medium-transform_rotation=&#8217;,,,&#8217; av-medium-transform_scale=&#8217;,,&#8217; av-medium-transform_skew=&#8217;,&#8217; av-medium-transform_translate=&#8217;,,&#8217; av-small-transform_perspective=&#8221; av-small-transform_rotation=&#8217;,,,&#8217; av-small-transform_scale=&#8217;,,&#8217; av-small-transform_skew=&#8217;,&#8217; av-small-transform_translate=&#8217;,,&#8217; av-mini-transform_perspective=&#8221; av-mini-transform_rotation=&#8217;,,,&#8217; av-mini-transform_scale=&#8217;,,&#8217; av-mini-transform_skew=&#8217;,&#8217; av-mini-transform_translate=&#8217;,,&#8217; mask_overlay=&#8221; mask_overlay_shape=&#8217;blob&#8217; mask_overlay_size=&#8217;contain&#8217; mask_overlay_scale=&#8217;100%&#8217; mask_overlay_position=&#8217;center center&#8217; mask_overlay_repeat=&#8217;no-repeat&#8217; mask_overlay_rotate=&#8221; mask_overlay_rad_shape=&#8217;circle&#8217; mask_overlay_rad_position=&#8217;center center&#8217; mask_overlay_opacity1=&#8217;0&#8242; mask_overlay_opacity2=&#8217;1&#8242; mask_overlay_opacity3=&#8221; link=&#8221; target=&#8221; title_attr=&#8221; alt_attr=&#8221; img_scrset=&#8221; lazy_loading=&#8217;disabled&#8217; id=&#8221; custom_class=&#8221; template_class=&#8221; av_element_hidden_in_editor=&#8217;0&#8242; av_uid=&#8217;av-7qlmg2&#8242; sc_version=&#8217;1.0&#8242; admin_preview_bg=&#8221;][\/av_image]<br \/>\n[\/av_one_fourth]<\/p>\n","protected":false},"excerpt":{"rendered":"","protected":false},"author":1,"featured_media":0,"parent":0,"menu_order":0,"comment_status":"open","ping_status":"open","template":"","meta":{"footnotes":""},"class_list":["post-2114","page","type-page","status-publish","hentry"],"_links":{"self":[{"href":"https:\/\/www1.stiftsgardenrattvik.se\/index.php?rest_route=\/wp\/v2\/pages\/2114","targetHints":{"allow":["GET"]}}],"collection":[{"href":"https:\/\/www1.stiftsgardenrattvik.se\/index.php?rest_route=\/wp\/v2\/pages"}],"about":[{"href":"https:\/\/www1.stiftsgardenrattvik.se\/index.php?rest_route=\/wp\/v2\/types\/page"}],"author":[{"embeddable":true,"href":"https:\/\/www1.stiftsgardenrattvik.se\/index.php?rest_route=\/wp\/v2\/users\/1"}],"replies":[{"embeddable":true,"href":"https:\/\/www1.stiftsgardenrattvik.se\/index.php?rest_route=%2Fwp%2Fv2%2Fcomments&post=2114"}],"version-history":[{"count":88,"href":"https:\/\/www1.stiftsgardenrattvik.se\/index.php?rest_route=\/wp\/v2\/pages\/2114\/revisions"}],"predecessor-version":[{"id":15713,"href":"https:\/\/www1.stiftsgardenrattvik.se\/index.php?rest_route=\/wp\/v2\/pages\/2114\/revisions\/15713"}],"wp:attachment":[{"href":"https:\/\/www1.stiftsgardenrattvik.se\/index.php?rest_route=%2Fwp%2Fv2%2Fmedia&parent=2114"}],"curies":[{"name":"wp","href":"https:\/\/api.w.org\/{rel}","templated":true}]}}