{"id":2445,"date":"2013-07-12T11:42:38","date_gmt":"2013-07-12T09:42:38","guid":{"rendered":"http:\/\/test.stiftsgardenrattvik.se\/?page_id=2445"},"modified":"2024-09-19T13:21:52","modified_gmt":"2024-09-19T11:21:52","slug":"catering","status":"publish","type":"page","link":"https:\/\/www1.stiftsgardenrattvik.se\/?page_id=2445","title":{"rendered":"Catering"},"content":{"rendered":"<p>[av_one_full first av_uid=&#8217;av-2frcgd&#8217;]<br \/>\n[av_textblock textblock_styling_align=&#8221; textblock_styling=&#8221; textblock_styling_gap=&#8221; textblock_styling_mobile=&#8221; size=&#8221; av-desktop-font-size=&#8221; av-medium-font-size=&#8221; av-small-font-size=&#8221; av-mini-font-size=&#8221; font_color=&#8221; color=&#8221; id=&#8221; custom_class=&#8221; template_class=&#8221; av_uid=&#8217;av-mleo9p&#8217; sc_version=&#8217;1.0&#8242; admin_preview_bg=&#8221;]<\/p>\n<h1 style=\"text-align: center;\">Catering<\/h1>\n<p>Vi vet att det ofta \u00e4r mycket att t\u00e4nka p\u00e5 inf\u00f6r ett event. Vi p\u00e5 Stiftsg\u00e5rden underl\u00e4ttar g\u00e4rna f\u00f6r er! Vi erbjuder catering av mat samt uthyrning av porslin \u2013 allt efter era \u00f6nskem\u00e5l och behov. Maten tillagas i v\u00e5rt k\u00f6k av erfarna och kunniga kockar. Vi arbetar i stor utstr\u00e4ckning med fisk och skaldjur fr\u00e5n h\u00e5llbara best\u00e5nd, Fair Trade, ekologiska samt lokalproducerade livsmedel. V\u00e5ra aktuella cateringmenyer hittar du nedan.<\/p>\n<p><a href=\"https:\/\/stiftsgardenrattvik.se\/menyer-catering\/\"><strong>L\u00e4s mer om v\u00e5ra menyer och priser h\u00e4r.<\/strong><\/a><\/p>\n<h3><strong>Bokning<\/strong><\/h3>\n<p>Vi beh\u00f6ver er best\u00e4llning 10 dagar f\u00f6re leverans. Avbokning kan ske fram till 10 dagar f\u00f6re leverans, d\u00e4refter debiteras 50% av priset. Vid stora best\u00e4llningar skrivs offert med avvikande avbest\u00e4llningsvillkor.<\/p>\n<h3>\u00d6vrigt<\/h3>\n<p>Cateringen som \u00e4r best\u00e4lld h\u00e4mtas och betalas i receptionen p\u00e5 Stiftsg\u00e5rden. Den kalla maten \u00e4r upplagd p\u00e5 eng\u00e5ngsfat, om maten \u00e4r varm \u00e4r den markerad i menyn (VARM) och d\u00e5 levereras den i bleck i ett mindre v\u00e4rmesk\u00e5p som sedan ska l\u00e4mnas tillbaka till Stiftsg\u00e5rden.<\/p>\n<h3><strong>Extra debitering<\/strong><\/h3>\n<p>Skadat eller f\u00f6rkommet gods debiteras.<\/p>\n<h3><strong>Betalning<\/strong><\/h3>\n<p>Betalning sker vid leverans eller via faktura. Betalningsvillkor \u00e4r 10 dagar om inte annat anges.<\/p>\n<h3><strong>Upplysningar och best\u00e4llning<\/strong><\/h3>\n<p>F\u00f6r <strong>upplysningar<\/strong> kontakta k\u00f6ket p\u00e5 010-160 80 02 eller <a href=\"mailto:koket@stiftsgardenrattvik.se\">koket@stiftsgardenrattvik.se<\/a> <a href=\"mailto:koket@stiftsgarden.org\"><br \/>\n<\/a>F\u00f6r <strong>best\u00e4llning<\/strong> \u00e4r ni v\u00e4lkomna att fylla i formul\u00e4ret nedan och om ni har fr\u00e5gor kontakta bokningen p\u00e5 010-160 80 01 eller <a href=\"mailto:bokningen@stiftsgardenrattvik.se\">bokningen@stiftsgardenrattvik.se<\/a><br \/>\n[\/av_textblock]<br \/>\n[\/av_one_full]<\/p>\n<p>[av_one_full first min_height=&#8221; vertical_alignment=&#8221; space=&#8221; custom_margin=&#8221; margin=&#8217;0px&#8217; padding=&#8217;0px&#8217; border=&#8221; border_color=&#8221; radius=&#8217;0px&#8217; background_color=&#8221; src=&#8221; background_position=&#8217;top left&#8217; background_repeat=&#8217;no-repeat&#8217; animation=&#8221; av_uid=&#8217;av-kojgq5&#8242;]<\/p>\n<p>[av_contact title=&#8217;Varmt v\u00e4lkommen med din f\u00f6rfr\u00e5gan! &#8216; button=&#8217;Skicka f\u00f6rfr\u00e5gan!&#8217; on_send=&#8221; sent=&#8217;Ditt meddelande har s\u00e4nts!&#8217; link=&#8217;manually,http:\/\/&#8217; captcha=&#8221; captcha_theme=&#8217;light&#8217; captcha_size=&#8217;normal&#8217; captcha_score=&#8217;0.5&#8242; email=&#8217;bokningen@stiftsgardenrattvik.se&#8217; from_email=&#8221; subject=&#8217;F\u00f6rfr\u00e5gan catering&#8217; autoresponder_email=&#8217;bokningen@stiftsgardenrattvik.se&#8217; autoresponder_reply_to=&#8221; autoresponder_subject=&#8221; autorespond=&#8217;Hej och tack f\u00f6r din f\u00f6rfr\u00e5gan! Vi \u00e5terkommer med en prisuppgift och bekr\u00e4ftelse till dig s\u00e5 snart vi kan. Har du n\u00e5gra fr\u00e5gor eller vill \u00e4ndra n\u00e5got \u00e4r du v\u00e4lkommen att h\u00f6ra av dig till oss p\u00e5 bokningen@stiftsgardenrattvik.se eller 010-160 80 01.<\/p>\n<p>Med v\u00e4nliga h\u00e4lsningar,<br \/>\nStiftsg\u00e5rden R\u00e4ttvik&#8217; autorespond_after=&#8221; form_align=&#8221; color=&#8221; heading_tag=&#8221; heading_class=&#8221; alb_description=&#8221; id=&#8221; custom_class=&#8221; template_class=&#8221; aria_label=&#8221; av_uid=&#8217;av-irybu5&#8242; sc_version=&#8217;1.0&#8242; admin_preview_bg=&#8221;]<br \/>\n[av_contact_field label=&#8217;Privat\/F\u00f6retag&#8217; type=&#8217;text&#8217; options=&#8221; check=&#8217;is_empty&#8217; width=&#8217;element_half&#8217; av_uid=&#8217;av-gwyf4t&#8217; multi_select=&#8221; av_contact_preselect=&#8221; element_display=&#8221; headline_tag=&#8217;h3&#8242; sc_version=&#8217;1.0&#8242;][\/av_contact_field]<br \/>\n[av_contact_field label=&#8217;F\u00f6retag, faktureringsadress &#8216; type=&#8217;text&#8217; options=&#8221; check=&#8221; width=&#8217;element_half&#8217; av_uid=&#8217;av-f8xhx9&#8242; multi_select=&#8221; av_contact_preselect=&#8221; element_display=&#8221; headline_tag=&#8217;h3&#8242; sc_version=&#8217;1.0&#8242;][\/av_contact_field]<br \/>\n[av_contact_field label=&#8217;Namn&#8217; type=&#8217;text&#8217; options=&#8221; check=&#8217;is_empty&#8217; width=&#8221; multi_select=&#8221; av_uid=&#8217;av-eu1nst&#8217; av_contact_preselect=&#8221; element_display=&#8221; headline_tag=&#8217;h3&#8242; sc_version=&#8217;1.0&#8242;][\/av_contact_field]<br \/>\n[av_contact_field label=&#8217;E-post&#8217; type=&#8217;text&#8217; options=&#8221; check=&#8217;is_email&#8217; width=&#8217;element_half&#8217; av_uid=&#8217;av-c0hjfh&#8217; multi_select=&#8221; av_contact_preselect=&#8221; element_display=&#8221; headline_tag=&#8217;h3&#8242; sc_version=&#8217;1.0&#8242;][\/av_contact_field]<br \/>\n[av_contact_field label=&#8217;Telefonnummer&#8217; type=&#8217;text&#8217; options=&#8221; check=&#8217;is_empty&#8217; width=&#8217;element_half&#8217; av_uid=&#8217;av-15m1ct&#8217; multi_select=&#8221; av_contact_preselect=&#8221; element_display=&#8221; headline_tag=&#8217;h3&#8242; sc_version=&#8217;1.0&#8242;][\/av_contact_field]<br \/>\n[av_contact_field label=&#8217;\u00d6nskad meny&#8217; type=&#8217;text&#8217; options=&#8221; check=&#8217;is_empty&#8217; width=&#8221; multi_select=&#8221; av_uid=&#8217;av-9ievbh&#8217; av_contact_preselect=&#8221; element_display=&#8221; headline_tag=&#8217;h3&#8242; sc_version=&#8217;1.0&#8242;][\/av_contact_field]<br \/>\n[av_contact_field label=&#8217;Antal g\u00e4ster&#8217; type=&#8217;text&#8217; options=&#8221; check=&#8217;is_empty&#8217; width=&#8217;element_third&#8217; av_uid=&#8217;av-7h4mgt&#8217; multi_select=&#8221; av_contact_preselect=&#8221; element_display=&#8221; headline_tag=&#8217;h3&#8242; sc_version=&#8217;1.0&#8242;][\/av_contact_field]<br \/>\n[av_contact_field label=&#8217;Datum&#8217; type=&#8217;text&#8217; options=&#8221; check=&#8217;is_empty&#8217; width=&#8217;element_third&#8217; av_uid=&#8217;av-5zqonh&#8217; multi_select=&#8221; av_contact_preselect=&#8221; element_display=&#8221; headline_tag=&#8217;h3&#8242; sc_version=&#8217;1.0&#8242;][\/av_contact_field]<br \/>\n[av_contact_field type=&#8217;text&#8217; label=&#8217;H\u00e4mtningstid&#8217; options=&#8221; check=&#8217;is_empty&#8217; element_display=&#8221; width=&#8217;element_third&#8217; headline_tag=&#8217;h3&#8242; av_uid=&#8217;av-3larbx&#8217; sc_version=&#8217;1.0&#8242;][\/av_contact_field]<br \/>\n[av_contact_field label=&#8217;Meddelande&#8217; type=&#8217;text&#8217; options=&#8221; check=&#8221; width=&#8221; multi_select=&#8221; av_uid=&#8217;av-1zmhyl&#8217; av_contact_preselect=&#8221; element_display=&#8221; headline_tag=&#8217;h3&#8242; sc_version=&#8217;1.0&#8242;][\/av_contact_field]<br \/>\n[\/av_contact]<\/p>\n<p>[\/av_one_full]<\/p>\n","protected":false},"excerpt":{"rendered":"","protected":false},"author":1,"featured_media":0,"parent":0,"menu_order":0,"comment_status":"open","ping_status":"open","template":"","meta":{"footnotes":""},"class_list":["post-2445","page","type-page","status-publish","hentry"],"_links":{"self":[{"href":"https:\/\/www1.stiftsgardenrattvik.se\/index.php?rest_route=\/wp\/v2\/pages\/2445","targetHints":{"allow":["GET"]}}],"collection":[{"href":"https:\/\/www1.stiftsgardenrattvik.se\/index.php?rest_route=\/wp\/v2\/pages"}],"about":[{"href":"https:\/\/www1.stiftsgardenrattvik.se\/index.php?rest_route=\/wp\/v2\/types\/page"}],"author":[{"embeddable":true,"href":"https:\/\/www1.stiftsgardenrattvik.se\/index.php?rest_route=\/wp\/v2\/users\/1"}],"replies":[{"embeddable":true,"href":"https:\/\/www1.stiftsgardenrattvik.se\/index.php?rest_route=%2Fwp%2Fv2%2Fcomments&post=2445"}],"version-history":[{"count":50,"href":"https:\/\/www1.stiftsgardenrattvik.se\/index.php?rest_route=\/wp\/v2\/pages\/2445\/revisions"}],"predecessor-version":[{"id":14850,"href":"https:\/\/www1.stiftsgardenrattvik.se\/index.php?rest_route=\/wp\/v2\/pages\/2445\/revisions\/14850"}],"wp:attachment":[{"href":"https:\/\/www1.stiftsgardenrattvik.se\/index.php?rest_route=%2Fwp%2Fv2%2Fmedia&parent=2445"}],"curies":[{"name":"wp","href":"https:\/\/api.w.org\/{rel}","templated":true}]}}