{"id":4342,"date":"2015-06-09T19:19:44","date_gmt":"2015-06-09T17:19:44","guid":{"rendered":"http:\/\/stiftsgardenrattvik.se\/?page_id=4342"},"modified":"2016-04-12T13:34:35","modified_gmt":"2016-04-12T11:34:35","slug":"preise-gastehaus","status":"publish","type":"page","link":"https:\/\/www1.stiftsgardenrattvik.se\/?page_id=4342","title":{"rendered":"Preise G\u00e4stehaus"},"content":{"rendered":"<p>[av_one_full first]<\/p>\n<p>[av_textblock size=&#8221; font_color=&#8221; color=&#8221;]<\/p>\n<h3>Preise G\u00e4stehaus 2016<\/h3>\n<p>[\/av_textblock]<\/p>\n<p>[av_table purpose=&#8217;tabular&#8217; pricing_table_design=&#8217;avia_pricing_default&#8217; pricing_hidden_cells=&#8221; caption=&#8221; responsive_styling=&#8217;avia_responsive_table&#8217;]<br \/>\n[av_row row_style=&#8217;avia-heading-row&#8217;][av_cell col_style=&#8221;]\u00dcBERNACHTUNG[\/av_cell][av_cell col_style=&#8221;]MIT FR\u00dcHST\u00dcCK[\/av_cell][\/av_row]<br \/>\n[av_row row_style=&#8221;][av_cell col_style=&#8221;]Einzelzimmer[\/av_cell][av_cell col_style=&#8221;]800,- SEK[\/av_cell][\/av_row]<br \/>\n[av_row row_style=&#8221;][av_cell col_style=&#8221;]Einzelzimmer ohne Dusche.[\/av_cell][av_cell col_style=&#8221;]570,- SEK[\/av_cell][\/av_row]<br \/>\n[av_row row_style=&#8221;][av_cell col_style=&#8221;]Doppelzimmer[\/av_cell][av_cell col_style=&#8221;]1.140,- SEK[\/av_cell][\/av_row]<br \/>\n[av_row row_style=&#8221;][av_cell col_style=&#8221;]Doppelzimmer ohne Dusche.[\/av_cell][av_cell col_style=&#8221;]900,- SEK[\/av_cell][\/av_row]<br \/>\n[av_row row_style=&#8221;][av_cell col_style=&#8221;]Familienzimmer[\/av_cell][av_cell col_style=&#8221;]1.470,- SEK[\/av_cell][\/av_row]<br \/>\n[av_row row_style=&#8221;][av_cell col_style=&#8221;]Familienzimmer, 1\u20133 Personen, mir kleiner Kochnische.[\/av_cell][av_cell col_style=&#8221;]1.470,- SEK[\/av_cell][\/av_row]<br \/>\n[av_row row_style=&#8221;][av_cell col_style=&#8221;]Gruppenunterkunft, ohne Bettw\u00e4sche.[\/av_cell][av_cell col_style=&#8221;]330,- SEK[\/av_cell][\/av_row]<br \/>\n[av_row row_style=&#8221;][av_cell col_style=&#8221;]Aufbettung, Erwachsene einschl. Bettw\u00e4sche.[\/av_cell][av_cell col_style=&#8221;]350,- SEK\/Person[\/av_cell][\/av_row]<br \/>\n[av_row row_style=&#8221;][av_cell col_style=&#8221;]Kinder -4 Jahre[\/av_cell][av_cell col_style=&#8221;]90,- SEK[\/av_cell][\/av_row]<br \/>\n[av_row row_style=&#8221;][av_cell col_style=&#8221;]Kinder 5\u201314 Jahre[\/av_cell][av_cell col_style=&#8221;]160,- SEK[\/av_cell][\/av_row]<br \/>\n[\/av_table]<\/p>\n<p>[av_table purpose=&#8217;tabular&#8217; pricing_table_design=&#8217;avia_pricing_default&#8217; pricing_hidden_cells=&#8221; caption=&#8221; responsive_styling=&#8217;avia_responsive_table&#8217;]<br \/>\n[av_row row_style=&#8217;avia-heading-row&#8217;][av_cell col_style=&#8221;]REGUL\u00c4RE MAHLZEITEN[\/av_cell][av_cell col_style=&#8221;][\/av_cell][av_cell col_style=&#8221;]KINDER 5\u201314 JAHRE[\/av_cell][\/av_row]<br \/>\n[av_row row_style=&#8221;][av_cell col_style=&#8221;]Mittagessen, einschl. Getr\u00e4nk, Kaffee und Geb\u00e4ck<br \/>\nMontag-Sonnabend[\/av_cell][av_cell col_style=&#8221;]95,- SEK[\/av_cell][av_cell col_style=&#8221;]50,- SEK[\/av_cell][\/av_row]<br \/>\n[av_row row_style=&#8221;][av_cell col_style=&#8221;]Abendessen, einschl. Getr\u00e4nk, Nachtisch und Kaffee<br \/>\nMontag-Sonnabend[\/av_cell][av_cell col_style=&#8221;]195,- SEK[\/av_cell][av_cell col_style=&#8221;]50,- SEK[\/av_cell][\/av_row]<br \/>\n[av_row row_style=&#8221;][av_cell col_style=&#8221;]Nachtmahl mit Tee und Brot<br \/>\nMontag-Sonnabend[\/av_cell][av_cell col_style=&#8221;]60,- SEK[\/av_cell][av_cell col_style=&#8221;]20,- SEK[\/av_cell][\/av_row]<br \/>\n[av_row row_style=&#8221;][av_cell col_style=&#8221;]B\u00fcffet Sonntag,<br \/>\n12.00\u201314.30 Uhr[\/av_cell][av_cell col_style=&#8221;]160,- SEK[\/av_cell][av_cell col_style=&#8221;]60,- SEK[\/av_cell][\/av_row]<br \/>\n[\/av_table]<\/p>\n<p>[av_textblock size=&#8221; font_color=&#8221; color=&#8221;]<br \/>\nVorbehaltlich Wechselkursschwankungen<br \/>\nAlle Preise sind inkl. MwSt.<br \/>\nDie oben aufgef\u00fchrten Preise gelten nicht zu Weihnachten, Mittsommer oder f\u00fcr Paketangebote.<br \/>\nZus\u00e4tzliche Geb\u00fchren f\u00fcr Bettw\u00e4sche in den Gruppenunterk\u00fcnften, Haustiere usw. laut gesonderter Preisliste.<br \/>\nAusf\u00fchrliche Preisangaben erhalten Sie von unserer Buchungsabteilung unter: <a href=\"mailto:bokningen@stiftsgarden.org\">bokningen@stiftsgarden.org<\/a><br \/>\n[\/av_textblock]<\/p>\n<p>[\/av_one_full]<\/p>\n","protected":false},"excerpt":{"rendered":"<p>[av_one_full first] [av_textblock size=&#8221; font_color=&#8221; color=&#8221;] Preise G\u00e4stehaus 2016 [\/av_textblock] [av_table purpose=&#8217;tabular&#8217; pricing_table_design=&#8217;avia_pricing_default&#8217; pricing_hidden_cells=&#8221; caption=&#8221; responsive_styling=&#8217;avia_responsive_table&#8217;] [av_row row_style=&#8217;avia-heading-row&#8217;][av_cell col_style=&#8221;]\u00dcBERNACHTUNG[\/av_cell][av_cell col_style=&#8221;]MIT FR\u00dcHST\u00dcCK[\/av_cell][\/av_row] [av_row row_style=&#8221;][av_cell col_style=&#8221;]Einzelzimmer[\/av_cell][av_cell col_style=&#8221;]800,- SEK[\/av_cell][\/av_row] [av_row row_style=&#8221;][av_cell col_style=&#8221;]Einzelzimmer ohne Dusche.[\/av_cell][av_cell col_style=&#8221;]570,- SEK[\/av_cell][\/av_row] [av_row row_style=&#8221;][av_cell col_style=&#8221;]Doppelzimmer[\/av_cell][av_cell col_style=&#8221;]1.140,- SEK[\/av_cell][\/av_row] [av_row row_style=&#8221;][av_cell col_style=&#8221;]Doppelzimmer ohne Dusche.[\/av_cell][av_cell col_style=&#8221;]900,- SEK[\/av_cell][\/av_row] [av_row row_style=&#8221;][av_cell col_style=&#8221;]Familienzimmer[\/av_cell][av_cell col_style=&#8221;]1.470,- SEK[\/av_cell][\/av_row] [av_row row_style=&#8221;][av_cell col_style=&#8221;]Familienzimmer, 1\u20133 Personen, [&hellip;]<\/p>\n","protected":false},"author":1,"featured_media":0,"parent":0,"menu_order":0,"comment_status":"open","ping_status":"closed","template":"","meta":{"footnotes":""},"class_list":["post-4342","page","type-page","status-publish","hentry"],"_links":{"self":[{"href":"https:\/\/www1.stiftsgardenrattvik.se\/index.php?rest_route=\/wp\/v2\/pages\/4342","targetHints":{"allow":["GET"]}}],"collection":[{"href":"https:\/\/www1.stiftsgardenrattvik.se\/index.php?rest_route=\/wp\/v2\/pages"}],"about":[{"href":"https:\/\/www1.stiftsgardenrattvik.se\/index.php?rest_route=\/wp\/v2\/types\/page"}],"author":[{"embeddable":true,"href":"https:\/\/www1.stiftsgardenrattvik.se\/index.php?rest_route=\/wp\/v2\/users\/1"}],"replies":[{"embeddable":true,"href":"https:\/\/www1.stiftsgardenrattvik.se\/index.php?rest_route=%2Fwp%2Fv2%2Fcomments&post=4342"}],"version-history":[{"count":10,"href":"https:\/\/www1.stiftsgardenrattvik.se\/index.php?rest_route=\/wp\/v2\/pages\/4342\/revisions"}],"predecessor-version":[{"id":5330,"href":"https:\/\/www1.stiftsgardenrattvik.se\/index.php?rest_route=\/wp\/v2\/pages\/4342\/revisions\/5330"}],"wp:attachment":[{"href":"https:\/\/www1.stiftsgardenrattvik.se\/index.php?rest_route=%2Fwp%2Fv2%2Fmedia&parent=4342"}],"curies":[{"name":"wp","href":"https:\/\/api.w.org\/{rel}","templated":true}]}}