{"id":4368,"date":"2015-06-09T20:27:30","date_gmt":"2015-06-09T18:27:30","guid":{"rendered":"http:\/\/stiftsgardenrattvik.se\/?page_id=4368"},"modified":"2016-04-12T08:03:26","modified_gmt":"2016-04-12T06:03:26","slug":"restaurant","status":"publish","type":"page","link":"https:\/\/www1.stiftsgardenrattvik.se\/?page_id=4368","title":{"rendered":"Restaurant"},"content":{"rendered":"<p>[av_two_third first]<\/p>\n<p>[av_textblock size=&#8221; font_color=&#8221; color=&#8221;]<\/p>\n<h3>F\u00fcr Privatpersonen und Konferenzg\u00e4ste<\/h3>\n<p>Der Stiftsg\u00e5rden liegt direkt am Ufer des Siljan-Sees und bietet einen kilometerweiten Blick \u00fcber den See, bis hin zu den blauen Bergen der Ferne. Die Uferb\u00f6schungen werden seit Jahrzehnten mithilfe engagierter Bauern durch den Weidebetrieb offen gehalten. Daher bietet die Tierhaltung nicht nur gute Voraussetzungen f\u00fcr lokal produziertes Fleisch, sondern tr\u00e4gt auch zum Erhalt der wunderbaren Landschaft bei. F\u00fcr unsere K\u00fcche kaufen wir vor allem die Waren ein, die unsere Landschaft zu bieten hat. Die Palette reicht dabei von Fleisch und Gem\u00fcse bis hin zu Pilzen und Beeren. Wir freuen uns, dass es Menschen gibt, die auf diese Weise zum Erhalt der Sch\u00f6pfung beitragen, damit diese jeden Tag neues Leben erzeugt.<\/p>\n<p><strong>Das Profil unserer K\u00fcche<br \/>\n<\/strong>Wir verarbeiten gr\u00f6\u00dftenteils vor Ort produzierte Erzeugnisse, von denen viele das Bio-G\u00fctesiegel tragen.<\/p>\n<p><strong>Mittagessen<br \/>\n<\/strong>Mittagsb\u00fcffet 11.30\u201313.30 Uhr, einschl. Salatteller, Getr\u00e4nk, Kaffee und Geb\u00e4ck.<br \/>\n95,- SEK. Kinder 5\u201314 Jahre, 50,- SEK.<\/p>\n<p><strong>Abendessen<br \/>\n<\/strong>Abendb\u00fcffet 17.00\u201318.00 Uhr f\u00fcr \u00fcbernachtende Hotelg\u00e4ste.<\/p>\n<p>Au\u00dferhalb der Hauptsaison nur nach Vorbestellung.<br \/>\nErwachsene 195,- SEK, Kinder 5\u201314 Jahre, 50,- SEK.<br \/>\nHauptgericht, Salat, Getr\u00e4nk, Nachtisch und Kaffee.<\/p>\n<p>Die K\u00fcche des Stiftsg\u00e5rdens serviert Fr\u00fchst\u00fcck, Mittagessen und ein Nachtmahl.<br \/>\nDar\u00fcber hinaus bereiten wir auch festliche Abendessen, K\u00e4seplatten und thematische Mahlzeiten zu.<br \/>\nF\u00fcr Familienfeste oder andere Gelegenheiten k\u00f6nnen auch besondere Men\u00fcs oder Sandwichtorten bestellt werden.<br \/>\nSpezialkost oder vegetarisches Essen m\u00fcssen vorbestellt werden.<br \/>\nWenn Sie nur eine einzelne Mahlzeit essen wollen, teilen Sie dies bitte der Rezeption mit.<\/p>\n<p><strong>Alkohol<br \/>\n<\/strong>Der Stiftsg\u00e5rden ist eine alkoholfreie Zone.<\/p>\n<p>Im Speisesaal nehmen Konferenzteilnehmer und andere G\u00e4ste die Mahlzeiten gemeinsam ein.<br \/>\n[\/av_textblock]<\/p>\n<p>[\/av_two_third][av_one_third min_height=&#8221; vertical_alignment=&#8221; space=&#8221; custom_margin=&#8221; margin=&#8217;0px&#8217; padding=&#8217;0px&#8217; border=&#8221; border_color=&#8221; radius=&#8217;0px&#8217; background_color=&#8221; src=&#8221; background_position=&#8217;top left&#8217; background_repeat=&#8217;no-repeat&#8217; animation=&#8221;]<br \/>\n[av_image src=&#8217;https:\/\/stiftsgardenrattvik.se\/wp-content\/uploads\/2015\/06\/Restaurang.jpg&#8217; attachment=&#8217;4524&#8242; attachment_size=&#8217;full&#8217; align=&#8217;center&#8217; animation=&#8217;pop-up&#8217; styling=&#8221; hover=&#8221; link=&#8221; target=&#8221; caption=&#8221; font_size=&#8221; appearance=&#8221; overlay_opacity=&#8217;0.4&#8242; overlay_color=&#8217;#000000&#8242; overlay_text_color=&#8217;#ffffff&#8217;][\/av_image]<br \/>\n[\/av_one_third]<\/p>\n","protected":false},"excerpt":{"rendered":"<p>[av_two_third first] [av_textblock size=&#8221; font_color=&#8221; color=&#8221;] F\u00fcr Privatpersonen und Konferenzg\u00e4ste Der Stiftsg\u00e5rden liegt direkt am Ufer des Siljan-Sees und bietet einen kilometerweiten Blick \u00fcber den See, bis hin zu den blauen Bergen der Ferne. Die Uferb\u00f6schungen werden seit Jahrzehnten mithilfe engagierter Bauern durch den Weidebetrieb offen gehalten. Daher bietet die Tierhaltung nicht nur gute Voraussetzungen [&hellip;]<\/p>\n","protected":false},"author":1,"featured_media":0,"parent":0,"menu_order":0,"comment_status":"open","ping_status":"open","template":"","meta":{"footnotes":""},"class_list":["post-4368","page","type-page","status-publish","hentry"],"_links":{"self":[{"href":"https:\/\/www1.stiftsgardenrattvik.se\/index.php?rest_route=\/wp\/v2\/pages\/4368","targetHints":{"allow":["GET"]}}],"collection":[{"href":"https:\/\/www1.stiftsgardenrattvik.se\/index.php?rest_route=\/wp\/v2\/pages"}],"about":[{"href":"https:\/\/www1.stiftsgardenrattvik.se\/index.php?rest_route=\/wp\/v2\/types\/page"}],"author":[{"embeddable":true,"href":"https:\/\/www1.stiftsgardenrattvik.se\/index.php?rest_route=\/wp\/v2\/users\/1"}],"replies":[{"embeddable":true,"href":"https:\/\/www1.stiftsgardenrattvik.se\/index.php?rest_route=%2Fwp%2Fv2%2Fcomments&post=4368"}],"version-history":[{"count":5,"href":"https:\/\/www1.stiftsgardenrattvik.se\/index.php?rest_route=\/wp\/v2\/pages\/4368\/revisions"}],"predecessor-version":[{"id":5306,"href":"https:\/\/www1.stiftsgardenrattvik.se\/index.php?rest_route=\/wp\/v2\/pages\/4368\/revisions\/5306"}],"wp:attachment":[{"href":"https:\/\/www1.stiftsgardenrattvik.se\/index.php?rest_route=%2Fwp%2Fv2%2Fmedia&parent=4368"}],"curies":[{"name":"wp","href":"https:\/\/api.w.org\/{rel}","templated":true}]}}