{"id":4918,"date":"2016-01-22T14:50:47","date_gmt":"2016-01-22T13:50:47","guid":{"rendered":"http:\/\/stiftsgardenrattvik.se\/?page_id=4918"},"modified":"2017-03-01T15:50:12","modified_gmt":"2017-03-01T14:50:12","slug":"forratter","status":"publish","type":"page","link":"https:\/\/www1.stiftsgardenrattvik.se\/?page_id=4918","title":{"rendered":"Catering F\u00f6rr\u00e4tt"},"content":{"rendered":"<p>[av_one_half first min_height=&#8221; vertical_alignment=&#8221; space=&#8221; custom_margin=&#8221; margin=&#8217;0px&#8217; padding=&#8217;0px&#8217; border=&#8221; border_color=&#8221; radius=&#8217;0px&#8217; background_color=&#8221; src=&#8221; background_position=&#8217;top left&#8217; background_repeat=&#8217;no-repeat&#8217; animation=&#8221;]<\/p>\n<p>[av_textblock size=&#8221; font_color=&#8221; color=&#8221;]<\/p>\n<h1>Catering f\u00f6rr\u00e4tter<\/h1>\n<p>F\u00f6r b\u00e4sta smakupplevelse rekommenderar vi att ni best\u00e4ller samma r\u00e4tt f\u00f6r hela s\u00e4llskapet. Undantag g\u00f6rs vid allergier eller specialkost.<\/p>\n<h3>F\u00f6rr\u00e4tter att v\u00e4lja mellan:<\/h3>\n<ul>\n<li>Hummersoppa med champagnegel\u00e9, citron, \u00e4pple, br\u00f6d och v\u00e4sterbottenost 118 kr<\/li>\n<li>R\u00f6kt Siljanslaxbakelse med s\u00e4songens prim\u00f6rer 118 kr<\/li>\n<li>Klassisk toast Skagen med citron dill samt l\u00f6jrom 98 kr<\/li>\n<li>Zuccinibakelse med f\u00e4rskost, fetaost, \u00f6rtolja, och soltorkad tomat 77 kr<\/li>\n<li>Rensteksmousse p\u00e5 kavring 77 kr<\/li>\n<li>Snittar med r\u00f6ror 26 kr<\/li>\n<li>Fyllda tunnbr\u00f6dsstubbar 15 kr<\/li>\n<\/ul>\n<p>[\/av_textblock]<\/p>\n<p>[\/av_one_half][av_table purpose=&#8217;pricing&#8217; pricing_table_design=&#8217;avia_pricing_default&#8217; pricing_hidden_cells=&#8221; caption=&#8221; responsive_styling=&#8217;avia_responsive_table&#8217;][\/av_table]<\/p>\n","protected":false},"excerpt":{"rendered":"<p>[av_one_half first min_height=&#8221; vertical_alignment=&#8221; space=&#8221; custom_margin=&#8221; margin=&#8217;0px&#8217; padding=&#8217;0px&#8217; border=&#8221; border_color=&#8221; radius=&#8217;0px&#8217; background_color=&#8221; src=&#8221; background_position=&#8217;top left&#8217; background_repeat=&#8217;no-repeat&#8217; animation=&#8221;] [av_textblock size=&#8221; font_color=&#8221; color=&#8221;] Catering f\u00f6rr\u00e4tter F\u00f6r b\u00e4sta smakupplevelse rekommenderar vi att ni best\u00e4ller samma r\u00e4tt f\u00f6r hela s\u00e4llskapet. Undantag g\u00f6rs vid allergier eller specialkost. F\u00f6rr\u00e4tter att v\u00e4lja mellan: Hummersoppa med champagnegel\u00e9, citron, \u00e4pple, br\u00f6d och v\u00e4sterbottenost 118 [&hellip;]<\/p>\n","protected":false},"author":1,"featured_media":0,"parent":0,"menu_order":0,"comment_status":"closed","ping_status":"closed","template":"","meta":{"footnotes":""},"class_list":["post-4918","page","type-page","status-publish","hentry"],"_links":{"self":[{"href":"https:\/\/www1.stiftsgardenrattvik.se\/index.php?rest_route=\/wp\/v2\/pages\/4918","targetHints":{"allow":["GET"]}}],"collection":[{"href":"https:\/\/www1.stiftsgardenrattvik.se\/index.php?rest_route=\/wp\/v2\/pages"}],"about":[{"href":"https:\/\/www1.stiftsgardenrattvik.se\/index.php?rest_route=\/wp\/v2\/types\/page"}],"author":[{"embeddable":true,"href":"https:\/\/www1.stiftsgardenrattvik.se\/index.php?rest_route=\/wp\/v2\/users\/1"}],"replies":[{"embeddable":true,"href":"https:\/\/www1.stiftsgardenrattvik.se\/index.php?rest_route=%2Fwp%2Fv2%2Fcomments&post=4918"}],"version-history":[{"count":77,"href":"https:\/\/www1.stiftsgardenrattvik.se\/index.php?rest_route=\/wp\/v2\/pages\/4918\/revisions"}],"predecessor-version":[{"id":6364,"href":"https:\/\/www1.stiftsgardenrattvik.se\/index.php?rest_route=\/wp\/v2\/pages\/4918\/revisions\/6364"}],"wp:attachment":[{"href":"https:\/\/www1.stiftsgardenrattvik.se\/index.php?rest_route=%2Fwp%2Fv2%2Fmedia&parent=4918"}],"curies":[{"name":"wp","href":"https:\/\/api.w.org\/{rel}","templated":true}]}}