{"id":5114,"date":"2016-02-12T09:24:15","date_gmt":"2016-02-12T08:24:15","guid":{"rendered":"http:\/\/stiftsgardenrattvik.se\/?page_id=5114"},"modified":"2017-09-04T14:11:17","modified_gmt":"2017-09-04T12:11:17","slug":"stekbuffe","status":"publish","type":"page","link":"https:\/\/www1.stiftsgardenrattvik.se\/?page_id=5114","title":{"rendered":"Stekbuff\u00e9"},"content":{"rendered":"<p>[av_one_half first min_height=&#8221; vertical_alignment=&#8221; space=&#8221; custom_margin=&#8221; margin=&#8217;0px&#8217; padding=&#8217;0px&#8217; border=&#8221; border_color=&#8221; radius=&#8217;0px&#8217; background_color=&#8221; src=&#8221; background_position=&#8217;top left&#8217; background_repeat=&#8217;no-repeat&#8217; animation=&#8221;]<\/p>\n<p>[av_textblock size=&#8221; font_color=&#8221; color=&#8221;]<\/p>\n<h1>Catering stekbuff\u00e9<\/h1>\n<p>F\u00f6r b\u00e4sta smakupplevelse rekommenderar vi att ni best\u00e4ller samma r\u00e4tt f\u00f6r hela s\u00e4llskapet (minimum 15 personer). Undantag g\u00f6rs vid allergier eller specialkost.<\/p>\n<p><strong>Pris: 140 kr per person<\/strong><\/p>\n<h3><strong>Detta ing\u00e5r i stekbuff\u00e9:<\/strong><\/h3>\n<ul>\n<li>Herrg\u00e5rdsstek<\/li>\n<li>Kokt potatis<\/li>\n<li>Gr\u00e4dds\u00e5s<\/li>\n<li>Pressgurka<\/li>\n<li>Svartvinb\u00e4rsgel\u00e9<\/li>\n<li>Kokta mor\u00f6tter<\/li>\n<li>Gr\u00f6nsallad<\/li>\n<li>Dressing<\/li>\n<li>Hembakat br\u00f6d<\/li>\n<li>Sm\u00f6r<\/li>\n<\/ul>\n<p>[\/av_textblock]<\/p>\n<p>[\/av_one_half]<\/p>\n","protected":false},"excerpt":{"rendered":"<p>[av_one_half first min_height=&#8221; vertical_alignment=&#8221; space=&#8221; custom_margin=&#8221; margin=&#8217;0px&#8217; padding=&#8217;0px&#8217; border=&#8221; border_color=&#8221; radius=&#8217;0px&#8217; background_color=&#8221; src=&#8221; background_position=&#8217;top left&#8217; background_repeat=&#8217;no-repeat&#8217; animation=&#8221;] [av_textblock size=&#8221; font_color=&#8221; color=&#8221;] Catering stekbuff\u00e9 F\u00f6r b\u00e4sta smakupplevelse rekommenderar vi att ni best\u00e4ller samma r\u00e4tt f\u00f6r hela s\u00e4llskapet (minimum 15 personer). Undantag g\u00f6rs vid allergier eller specialkost. Pris: 140 kr per person Detta ing\u00e5r i stekbuff\u00e9: Herrg\u00e5rdsstek [&hellip;]<\/p>\n","protected":false},"author":1,"featured_media":0,"parent":0,"menu_order":0,"comment_status":"closed","ping_status":"closed","template":"","meta":{"footnotes":""},"class_list":["post-5114","page","type-page","status-publish","hentry"],"_links":{"self":[{"href":"https:\/\/www1.stiftsgardenrattvik.se\/index.php?rest_route=\/wp\/v2\/pages\/5114","targetHints":{"allow":["GET"]}}],"collection":[{"href":"https:\/\/www1.stiftsgardenrattvik.se\/index.php?rest_route=\/wp\/v2\/pages"}],"about":[{"href":"https:\/\/www1.stiftsgardenrattvik.se\/index.php?rest_route=\/wp\/v2\/types\/page"}],"author":[{"embeddable":true,"href":"https:\/\/www1.stiftsgardenrattvik.se\/index.php?rest_route=\/wp\/v2\/users\/1"}],"replies":[{"embeddable":true,"href":"https:\/\/www1.stiftsgardenrattvik.se\/index.php?rest_route=%2Fwp%2Fv2%2Fcomments&post=5114"}],"version-history":[{"count":7,"href":"https:\/\/www1.stiftsgardenrattvik.se\/index.php?rest_route=\/wp\/v2\/pages\/5114\/revisions"}],"predecessor-version":[{"id":6658,"href":"https:\/\/www1.stiftsgardenrattvik.se\/index.php?rest_route=\/wp\/v2\/pages\/5114\/revisions\/6658"}],"wp:attachment":[{"href":"https:\/\/www1.stiftsgardenrattvik.se\/index.php?rest_route=%2Fwp%2Fv2%2Fmedia&parent=5114"}],"curies":[{"name":"wp","href":"https:\/\/api.w.org\/{rel}","templated":true}]}}