{"id":5339,"date":"2016-04-14T11:20:07","date_gmt":"2016-04-14T09:20:07","guid":{"rendered":"http:\/\/stiftsgardenrattvik.se\/?page_id=5339"},"modified":"2016-12-23T12:37:59","modified_gmt":"2016-12-23T11:37:59","slug":"julfirande","status":"publish","type":"page","link":"https:\/\/www1.stiftsgardenrattvik.se\/?page_id=5339","title":{"rendered":"Julfirande"},"content":{"rendered":"<p>[av_three_fifth first min_height=&#8221; vertical_alignment=&#8221; space=&#8221; custom_margin=&#8221; margin=&#8217;0px&#8217; padding=&#8217;0px&#8217; border=&#8221; border_color=&#8221; radius=&#8217;0px&#8217; background_color=&#8221; src=&#8221; background_position=&#8217;top left&#8217; background_repeat=&#8217;no-repeat&#8217; animation=&#8221;]<\/p>\n<p>[av_textblock size=&#8221; font_color=&#8221; color=&#8221;]<\/p>\n<h1>Julfirande<\/h1>\n<h3>Pris fr\u00e5n <span class=\"cb_price \">3895 SEK<\/span><\/h3>\n<div class=\"main-container\">\n<section class=\"main-content\">\n<div class=\"container container--page\">\n<div class=\"grid grid--double-gutter portable-grid--normal-gutter grid--rev\">\n<div id=\"cb_init_bookingengine\">\n<div class=\"Citybreak_engine\">\n<div id=\"Citybreak_container\" class=\"Citybreak_container cb_clr sv cb_js\">\n<div class=\"Citybreak_inner\">\n<div class=\"Citybreak_main Citybreak_CampaignPage\">\n<div class=\"cb_inner\">\n<div class=\"cb_bd\">\n<div class=\"Citybreak_TwoClmn_Description cb_description_acc\">\n<div class=\"cb_copy\">\n<div class=\"cb_product_priceinfo\">\n<div class=\"cb_inner\">\n<div class=\"cb_valid\">Upplev en traditionell och st\u00e4mningsfull jul i trivsam milj\u00f6 med god mat och varm gemenskap. Tillsammans umg\u00e5s vi och delar julens budskap i enhetens kapell och R\u00e4ttviks vackra kyrka. F\u00f6r mer info och detaljerat program se<\/div>\n<div class=\"cb_valid\"><\/div>\n<div class=\"cb_valid\"><a href=\"https:\/\/stiftsgardenrattvik.se\/wp-content\/uploads\/2016\/04\/Julprogram-2016-2.pdf\">Julprogram 2016<\/a><\/div>\n<\/div>\n<\/div>\n<p>Vi erbjuder helpension 23-26 december med ankomst fredag f\u00f6rmiddag (f\u00f6rsta m\u00e5ltid kl. 12.15) och avresa efter lunch p\u00e5 annandagen. Programmet \u00e4r fullsp\u00e4ckat med aktiviteter f\u00f6r b\u00e5de stora och sm\u00e5 och det g\u00e5r ocks\u00e5 att boka till en extra natt.<\/p>\n<p>H\u00f6r av dig p\u00e5 010-160 80 01 eller <a href=\"mailto:bokningen@stiftsgarden.org\">bokningen@stiftsgarden.org<\/a> f\u00f6r att boka.<\/p>\n<\/div>\n<\/div>\n<\/div>\n<\/div>\n<\/div>\n<\/div>\n<\/div>\n<\/div>\n<\/div>\n<\/div>\n<\/div>\n<\/section>\n<\/div>\n<p>[\/av_textblock]<\/p>\n<p>[\/av_three_fifth][av_two_fifth min_height=&#8221; vertical_alignment=&#8221; space=&#8221; custom_margin=&#8221; margin=&#8217;0px&#8217; padding=&#8217;0px&#8217; border=&#8221; border_color=&#8221; radius=&#8217;0px&#8217; background_color=&#8221; src=&#8221; background_position=&#8217;top left&#8217; background_repeat=&#8217;no-repeat&#8217; animation=&#8221;]<br \/>\n[av_image src=&#8217;https:\/\/stiftsgardenrattvik.se\/wp-content\/uploads\/2016\/04\/34.\u00a9Fotograf-Magnus-Aronson.jpg&#8217; attachment=&#8217;5796&#8242; attachment_size=&#8217;full&#8217; align=&#8217;center&#8217; styling=&#8221; hover=&#8221; link=&#8221; target=&#8221; caption=&#8221; font_size=&#8221; appearance=&#8221; overlay_opacity=&#8217;0.4&#8242; overlay_color=&#8217;#000000&#8242; overlay_text_color=&#8217;#ffffff&#8217; animation=&#8217;no-animation&#8217;][\/av_image]<br \/>\n[\/av_two_fifth]<\/p>\n","protected":false},"excerpt":{"rendered":"<p>[av_three_fifth first min_height=&#8221; vertical_alignment=&#8221; space=&#8221; custom_margin=&#8221; margin=&#8217;0px&#8217; padding=&#8217;0px&#8217; border=&#8221; border_color=&#8221; radius=&#8217;0px&#8217; background_color=&#8221; src=&#8221; background_position=&#8217;top left&#8217; background_repeat=&#8217;no-repeat&#8217; animation=&#8221;] [av_textblock size=&#8221; font_color=&#8221; color=&#8221;] Julfirande Pris fr\u00e5n 3895 SEK Upplev en traditionell och st\u00e4mningsfull jul i trivsam milj\u00f6 med god mat och varm gemenskap. Tillsammans umg\u00e5s vi och delar julens budskap i enhetens kapell och R\u00e4ttviks vackra kyrka. [&hellip;]<\/p>\n","protected":false},"author":1,"featured_media":0,"parent":0,"menu_order":0,"comment_status":"closed","ping_status":"closed","template":"","meta":{"footnotes":""},"class_list":["post-5339","page","type-page","status-publish","hentry"],"_links":{"self":[{"href":"https:\/\/www1.stiftsgardenrattvik.se\/index.php?rest_route=\/wp\/v2\/pages\/5339","targetHints":{"allow":["GET"]}}],"collection":[{"href":"https:\/\/www1.stiftsgardenrattvik.se\/index.php?rest_route=\/wp\/v2\/pages"}],"about":[{"href":"https:\/\/www1.stiftsgardenrattvik.se\/index.php?rest_route=\/wp\/v2\/types\/page"}],"author":[{"embeddable":true,"href":"https:\/\/www1.stiftsgardenrattvik.se\/index.php?rest_route=\/wp\/v2\/users\/1"}],"replies":[{"embeddable":true,"href":"https:\/\/www1.stiftsgardenrattvik.se\/index.php?rest_route=%2Fwp%2Fv2%2Fcomments&post=5339"}],"version-history":[{"count":10,"href":"https:\/\/www1.stiftsgardenrattvik.se\/index.php?rest_route=\/wp\/v2\/pages\/5339\/revisions"}],"predecessor-version":[{"id":5907,"href":"https:\/\/www1.stiftsgardenrattvik.se\/index.php?rest_route=\/wp\/v2\/pages\/5339\/revisions\/5907"}],"wp:attachment":[{"href":"https:\/\/www1.stiftsgardenrattvik.se\/index.php?rest_route=%2Fwp%2Fv2%2Fmedia&parent=5339"}],"curies":[{"name":"wp","href":"https:\/\/api.w.org\/{rel}","templated":true}]}}