{"id":5474,"date":"2016-06-09T11:14:35","date_gmt":"2016-06-09T09:14:35","guid":{"rendered":"http:\/\/stiftsgardenrattvik.se\/?page_id=5474"},"modified":"2016-08-08T13:23:15","modified_gmt":"2016-08-08T11:23:15","slug":"cykelpaket","status":"publish","type":"page","link":"https:\/\/www1.stiftsgardenrattvik.se\/?page_id=5474","title":{"rendered":"Cykelpaket"},"content":{"rendered":"<p>[av_one_half first min_height=&#8221; vertical_alignment=&#8221; space=&#8221; custom_margin=&#8221; margin=&#8217;0px&#8217; padding=&#8217;0px&#8217; border=&#8221; border_color=&#8221; radius=&#8217;0px&#8217; background_color=&#8221; src=&#8221; background_position=&#8217;top left&#8217; background_repeat=&#8217;no-repeat&#8217; animation=&#8221;]<\/p>\n<p>[av_textblock size=&#8221; font_color=&#8221; color=&#8221;]<br \/>\n<strong>Pris fr\u00e5n 1185 kronor<\/strong><\/p>\n<p><em>Kom och cykla i h\u00e4rlig dalamilj\u00f6! N\u00e4r du bokar detta paket bor du i v\u00e5ra trivsamma rum omgiven av underbar natur- och kulturmilj\u00f6. Du f\u00e5r ocks\u00e5 f\u00f6lja med p\u00e5 en guidad cykeltur i vacker dalabygd. P\u00e5 R\u00e4ttviksheden f\u00f6ljer vi de m\u00e4rkbara sp\u00e5ren av vad som skett under miljoner av \u00e5r f\u00f6re oss. Vi tar oss fram genom typiska dalabyar och natursk\u00f6na omgivningar. L\u00e4ngs v\u00e4gen bes\u00f6ker vi bland annat Nittsj\u00f6 keramikfabrik, ett av Sveriges \u00e4ldsta hantverksf\u00f6retag och Amtj\u00e4rnsbrottet, R\u00e4ttviks fossilrikaste naturreservat. <\/em><\/p>\n<p><em>V\u00e4lkommen till en unik kulturupplevelse i h\u00e4rlig dalamilj\u00f6!<\/em><\/p>\n<p><strong>Ing\u00e5r<br \/>\n<\/strong>Logi 2 n\u00e4tter inkl. s\u00e4nglinnen och frukost, guidad cykeltur inklusive fika.<\/p>\n<p><strong>Datum<br \/>\n<\/strong>S\u00f6ndag &#8211; tisdag f\u00f6ljande datum;<br \/>\n26-28 juni, 3-5 juli, 24-26 juli, 7-9 augusti samt 14-16 augusti.<\/p>\n<p><strong>Boka<br \/>\n<\/strong>Bokning m\u00e5ste ske senast 1 vecka f\u00f6re. Begr\u00e4nsat antal platser, f\u00f6rst till kvarn g\u00e4ller. Minimum antal deltagare \u00e4r 4 personer. F\u00f6r att boka kontakta oss p\u00e5 <a href=\"mailto:bokningen@stiftsgarden.org\">bokningen@stiftsgarden.org<\/a> eller 010-160 80 01.<\/p>\n<p><strong>Fr\u00e5gor<br \/>\n<\/strong>F\u00f6r fr\u00e5gor om logi &amp; mat kontakta oss p\u00e5 tfn 010-160 80 01 eller <a href=\"mailto:info@stiftsgarden.se\">bokningen@stiftsgarden.org<br \/>\n<\/a>F\u00f6r fr\u00e5gor om cykelturen kontakta Lotta Backlund p\u00e5 Green Owl Travel som vi samarbetar med p\u00e5 tfn 073-616 11 10 eller <a href=\"mailto:lotta@greenowltravel.com\">lotta@greenowltravel.com<\/a><\/p>\n<p><a href=\"https:\/\/stiftsgardenrattvik.se\/program-och-info-cykel\/\">H\u00e4r <\/a>hittar du mer praktisk info om paketet.<br \/>\n[\/av_textblock]<\/p>\n<p>[\/av_one_half][av_one_half min_height=&#8221; vertical_alignment=&#8221; space=&#8221; custom_margin=&#8221; margin=&#8217;0px&#8217; padding=&#8217;0px&#8217; border=&#8221; border_color=&#8221; radius=&#8217;0px&#8217; background_color=&#8221; src=&#8221; background_position=&#8217;top left&#8217; background_repeat=&#8217;no-repeat&#8217; animation=&#8221;]<br \/>\n[av_image src=&#8217;https:\/\/stiftsgardenrattvik.se\/wp-content\/uploads\/2016\/06\/cykel.jpg&#8217; attachment=&#8217;5481&#8242; attachment_size=&#8217;full&#8217; align=&#8217;center&#8217; styling=&#8221; hover=&#8221; link=&#8221; target=&#8221; caption=&#8221; font_size=&#8221; appearance=&#8221; overlay_opacity=&#8217;0.4&#8242; overlay_color=&#8217;#000000&#8242; overlay_text_color=&#8217;#ffffff&#8217; animation=&#8217;no-animation&#8217;][\/av_image]<br \/>\n[\/av_one_half]<\/p>\n","protected":false},"excerpt":{"rendered":"<p>[av_one_half first min_height=&#8221; vertical_alignment=&#8221; space=&#8221; custom_margin=&#8221; margin=&#8217;0px&#8217; padding=&#8217;0px&#8217; border=&#8221; border_color=&#8221; radius=&#8217;0px&#8217; background_color=&#8221; src=&#8221; background_position=&#8217;top left&#8217; background_repeat=&#8217;no-repeat&#8217; animation=&#8221;] [av_textblock size=&#8221; font_color=&#8221; color=&#8221;] Pris fr\u00e5n 1185 kronor Kom och cykla i h\u00e4rlig dalamilj\u00f6! N\u00e4r du bokar detta paket bor du i v\u00e5ra trivsamma rum omgiven av underbar natur- och kulturmilj\u00f6. Du f\u00e5r ocks\u00e5 f\u00f6lja med p\u00e5 en [&hellip;]<\/p>\n","protected":false},"author":1,"featured_media":0,"parent":0,"menu_order":0,"comment_status":"closed","ping_status":"closed","template":"","meta":{"footnotes":""},"class_list":["post-5474","page","type-page","status-publish","hentry"],"_links":{"self":[{"href":"https:\/\/www1.stiftsgardenrattvik.se\/index.php?rest_route=\/wp\/v2\/pages\/5474","targetHints":{"allow":["GET"]}}],"collection":[{"href":"https:\/\/www1.stiftsgardenrattvik.se\/index.php?rest_route=\/wp\/v2\/pages"}],"about":[{"href":"https:\/\/www1.stiftsgardenrattvik.se\/index.php?rest_route=\/wp\/v2\/types\/page"}],"author":[{"embeddable":true,"href":"https:\/\/www1.stiftsgardenrattvik.se\/index.php?rest_route=\/wp\/v2\/users\/1"}],"replies":[{"embeddable":true,"href":"https:\/\/www1.stiftsgardenrattvik.se\/index.php?rest_route=%2Fwp%2Fv2%2Fcomments&post=5474"}],"version-history":[{"count":9,"href":"https:\/\/www1.stiftsgardenrattvik.se\/index.php?rest_route=\/wp\/v2\/pages\/5474\/revisions"}],"predecessor-version":[{"id":5562,"href":"https:\/\/www1.stiftsgardenrattvik.se\/index.php?rest_route=\/wp\/v2\/pages\/5474\/revisions\/5562"}],"wp:attachment":[{"href":"https:\/\/www1.stiftsgardenrattvik.se\/index.php?rest_route=%2Fwp%2Fv2%2Fmedia&parent=5474"}],"curies":[{"name":"wp","href":"https:\/\/api.w.org\/{rel}","templated":true}]}}