{"id":5599,"date":"2016-09-02T13:47:14","date_gmt":"2016-09-02T11:47:14","guid":{"rendered":"http:\/\/stiftsgardenrattvik.se\/?page_id=5599"},"modified":"2025-02-04T08:18:22","modified_gmt":"2025-02-04T07:18:22","slug":"jobba-pa-stiftsgarden-2","status":"publish","type":"page","link":"https:\/\/www1.stiftsgardenrattvik.se\/?page_id=5599","title":{"rendered":"Jobba p\u00e5 Stiftsg\u00e5rden"},"content":{"rendered":"<p>[av_one_full first min_height=&#8221; vertical_alignment=&#8221; space=&#8221; custom_margin=&#8221; margin=&#8217;0px&#8217; padding=&#8217;0px&#8217; border=&#8221; border_color=&#8221; radius=&#8217;0px&#8217; background_color=&#8221; src=&#8221; background_position=&#8217;top left&#8217; background_repeat=&#8217;no-repeat&#8217; animation=&#8221; av_uid=&#8217;av-8849r3&#8242;]<br \/>\n[av_textblock size=&#8221; font_color=&#8221; color=&#8221; av_uid=&#8217;av-jlx9r&#8217;]<\/p>\n<h1 style=\"text-align: center;\">Intresserad av att arbeta hos oss? Kul!<\/h1>\n<p>[\/av_textblock]<br \/>\n[\/av_one_full]<\/p>\n<p>[av_one_full first min_height=&#8221; vertical_alignment=&#8221; space=&#8221; custom_margin=&#8221; margin=&#8217;0px&#8217; padding=&#8217;0px&#8217; border=&#8221; border_color=&#8221; radius=&#8217;0px&#8217; background_color=&#8221; src=&#8221; background_position=&#8217;top left&#8217; background_repeat=&#8217;no-repeat&#8217; animation=&#8221; av_uid=&#8217;av-4m8k4v&#8217;]<\/p>\n<p>[av_textblock textblock_styling_align=&#8221; textblock_styling=&#8221; textblock_styling_gap=&#8221; textblock_styling_mobile=&#8221; size=&#8221; av-desktop-font-size=&#8221; av-medium-font-size=&#8221; av-small-font-size=&#8221; av-mini-font-size=&#8221; font_color=&#8221; color=&#8221; id=&#8221; custom_class=&#8221; template_class=&#8221; av_uid=&#8217;av-2ks3in&#8217; sc_version=&#8217;1.0&#8242; admin_preview_bg=&#8221;]<\/p>\n<h6>P\u00e5 Stiftsg\u00e5rden jobbar anst\u00e4llda och ideella sida vid sida. Det har gjort denna m\u00f6tesplats till en unik plats f\u00f6r m\u00e5nga i \u00f6ver 70 \u00e5r.<br \/>\nVill du ocks\u00e5 arbeta p\u00e5 Stiftsg\u00e5rden? H\u00e4r nedan kan du l\u00e4sa mer om vilka m\u00f6jligheter som finns.<\/h6>\n<h4><\/h4>\n<h3><strong>Lediga tj\u00e4nster<\/strong><\/h3>\n<p>Just nu har vi inga lediga tj\u00e4nster. G\u00f6r din intresseanm\u00e4lan till <a href=\"mailto:pontus.gunnarsson@stiftsgardenrattvik.se\">pontus.gunnarsson@stiftsgardenrattvik.se<\/a>.<\/p>\n<h3><strong>Ideellt arbete<\/strong><\/h3>\n<p>Det finns \u00e4ven m\u00f6jlighet att arbeta ideellt p\u00e5 Stiftsg\u00e5rden kortare perioder. Ers\u00e4ttningen du f\u00e5r best\u00e5r av mat, logi och resa med billigaste transportmedel till oss. I geng\u00e4ld f\u00e5r du arbetserfarenhet och m\u00f6jlighet att f\u00e5 referenser inf\u00f6r framtida jobbs\u00f6kningar. Du \u00e4r alltid v\u00e4lkommen med din ans\u00f6kan. Kontaktperson \u00e4r v\u00e5r driftchef Anna Jonsson. Du n\u00e5r Anna p\u00e5 <a href=\"mailto:anna.jonsson@stiftsgardenrattvik.se\">anna.jonsson@stiftsgardenrattvik.se<\/a> eller via v\u00e5r v\u00e4xel 010-160 80 00. Handlingen sparas hos oss i tre \u00e5r, d\u00e4refter beh\u00f6ver du ans\u00f6ka p\u00e5 nytt. Ber\u00e4tta kort om dig sj\u00e4lv och dina tidigare arbeten\/ erfarenheter, vilket arbetsomr\u00e5de du \u00f6nskar jobba inom, vilken tidsperiod du \u00f6nskar samt i vilken omfattning du \u00f6nskar arbeta. Har vi n\u00e5gra arbetsuppgifter som vi tror kan passa dig h\u00f6r vi av oss.<\/p>\n<h3><strong>Volont\u00e4r<\/strong><\/h3>\n<p>\u00c4r du intresserad av att komma till Stiftsg\u00e5rden och jobba som volont\u00e4r? Att jobba som volont\u00e4r inneb\u00e4r att du \u00e4r med och formar Stiftsg\u00e5rdens milj\u00f6 och deltar i g\u00e5rdens arbete och liv. Just nu s\u00f6ker vi volont\u00e4rer som vill jobba hos oss under v\u00e5ren. <span style=\"text-decoration: underline;\">Alla<\/span> \u00e4r v\u00e4lkomna att s\u00f6ka, \u00e4ven du som beh\u00f6ver st\u00f6d p\u00e5 n\u00e5got s\u00e4tt! Kontaktperson \u00e4r Lotta Lirkas. Du n\u00e5r Lotta p\u00e5 <a href=\"mailto:lotta.lirkas@stiftsgardenrattvik.se\">lotta.lirkas@stiftsgardenrattvik.se<\/a><a href=\"mailto:jimmy.nilsson@svenskakyrkan.se\">\u00a0<\/a>eller p\u00e5 010-160 80 76. F\u00f6r mer information om vad det inneb\u00e4r att arbeta som volont\u00e4r hos oss och f\u00f6r att ans\u00f6ka se <a href=\"https:\/\/stiftsgardenrattvik.se\/volontar\/\">h\u00e4r<\/a>.<\/p>\n<h3><strong>Socialt engagemang<\/strong><\/h3>\n<p>Stiftsg\u00e5rden har alltid varit en \u00f6ppen plats med ett starkt socialt engagemang. M\u00e5nga \u00e4r de som genom \u00e5ren haft arbetstr\u00e4ning hos oss, vissa har dessutom \u00f6verg\u00e5tt till anst\u00e4llning. Vi har ett bra samarbete med Arbetsf\u00f6rmedlingen och F\u00f6rs\u00e4kringskassan men vi har \u00e4ven samarbeten med socialf\u00f6rvaltningar och kvinnojourer. Kontaktperson \u00e4r v\u00e5r driftchef Anna Jonsson. Du n\u00e5r Anna p\u00e5 \u00a0<a href=\"mailto:anna.jonsson@stiftsgardenrattvik.se\">anna.jonsson@stiftsgardenrattvik.se<\/a> eller via v\u00e5r v\u00e4xel 010-160 80 00.<\/p>\n<h3><strong>Intresseanm\u00e4lan till framtida tj\u00e4nst<\/strong><\/h3>\n<p>Stiftsg\u00e5rden \u00e4r en bred verksamhet och best\u00e5r av flera olika verksamhetsomr\u00e5den. Kontaktperson \u00e4r v\u00e5r f\u00f6rest\u00e5ndare Pontus Gunnarsson. Du n\u00e5r Pontus p\u00e5 <a href=\"mailto:pontus.gunnarsson@stiftsgardenrattvik.se\">pontus.gunnarsson@stiftsgardenrattvik.se<\/a> eller via v\u00e5r v\u00e4xel p\u00e5 010-160 80 00. Ans\u00f6kan kan skickas med epost eller via vanlig post p\u00e5 Stiftsg\u00e5rden R\u00e4ttvik, Kyrkv\u00e4gen 2, 795 32 R\u00e4ttvik. Uppge i ditt brev vilket verksamhetsomr\u00e5de du \u00e4r intresserad av, vilken omfattning du s\u00f6ker arbete p\u00e5, om du \u00e4ven \u00e4r intresserad av vikariat eller endast fast tj\u00e4nst samt ber\u00e4tta kort om dig sj\u00e4lv. Bifoga \u00e4ven ditt CV. Dina handlingar sparas i tre \u00e5r d\u00e4refter beh\u00f6ver du skicka in en ny ans\u00f6kan. Vi h\u00f6r av oss om vi skulle ha en tj\u00e4nst vi tror skulle kunna passa dig.<\/p>\n<p><em>Information och medgivande g\u00e4llande EU\u00b4s nya datalagringsdirektiv g\u00e4ller n\u00e4r du fyller i och skickar in alla v\u00e5ra formul\u00e4r. Har du skickat in en egen ans\u00f6kan g\u00e4ller samma direktiv. <\/em><br \/>\n[\/av_textblock]<\/p>\n<p>[\/av_one_full]<\/p>\n","protected":false},"excerpt":{"rendered":"","protected":false},"author":1,"featured_media":0,"parent":0,"menu_order":0,"comment_status":"closed","ping_status":"closed","template":"","meta":{"footnotes":""},"class_list":["post-5599","page","type-page","status-publish","hentry"],"_links":{"self":[{"href":"https:\/\/www1.stiftsgardenrattvik.se\/index.php?rest_route=\/wp\/v2\/pages\/5599","targetHints":{"allow":["GET"]}}],"collection":[{"href":"https:\/\/www1.stiftsgardenrattvik.se\/index.php?rest_route=\/wp\/v2\/pages"}],"about":[{"href":"https:\/\/www1.stiftsgardenrattvik.se\/index.php?rest_route=\/wp\/v2\/types\/page"}],"author":[{"embeddable":true,"href":"https:\/\/www1.stiftsgardenrattvik.se\/index.php?rest_route=\/wp\/v2\/users\/1"}],"replies":[{"embeddable":true,"href":"https:\/\/www1.stiftsgardenrattvik.se\/index.php?rest_route=%2Fwp%2Fv2%2Fcomments&post=5599"}],"version-history":[{"count":75,"href":"https:\/\/www1.stiftsgardenrattvik.se\/index.php?rest_route=\/wp\/v2\/pages\/5599\/revisions"}],"predecessor-version":[{"id":15265,"href":"https:\/\/www1.stiftsgardenrattvik.se\/index.php?rest_route=\/wp\/v2\/pages\/5599\/revisions\/15265"}],"wp:attachment":[{"href":"https:\/\/www1.stiftsgardenrattvik.se\/index.php?rest_route=%2Fwp%2Fv2%2Fmedia&parent=5599"}],"curies":[{"name":"wp","href":"https:\/\/api.w.org\/{rel}","templated":true}]}}