{"id":5864,"date":"2017-03-06T16:18:24","date_gmt":"2017-03-06T15:18:24","guid":{"rendered":"http:\/\/stiftsgardenrattvik.se\/?page_id=5864"},"modified":"2023-09-20T10:27:05","modified_gmt":"2023-09-20T08:27:05","slug":"varthallbarhetsarbete","status":"publish","type":"page","link":"https:\/\/www1.stiftsgardenrattvik.se\/?page_id=5864","title":{"rendered":"V\u00e5rt h\u00e5llbarhetsarbete"},"content":{"rendered":"<p>[av_one_full first min_height=&#8221; vertical_alignment=&#8221; space=&#8221; custom_margin=&#8221; margin=&#8217;0px&#8217; padding=&#8217;0px&#8217; border=&#8221; border_color=&#8221; radius=&#8217;0px&#8217; background_color=&#8221; src=&#8221; background_position=&#8217;top left&#8217; background_repeat=&#8217;no-repeat&#8217; animation=&#8221; av_uid=&#8217;av-wfjsyg&#8217;]<br \/>\n[av_textblock size=&#8221; font_color=&#8221; color=&#8221; av_uid=&#8217;av-vdr7h4&#8242;]<\/p>\n<h1 style=\"text-align: center;\">Stiftsg\u00e5rden och h\u00e5llbarhet<\/h1>\n<h4 style=\"text-align: center;\">Ett helhetsperspektiv<\/h4>\n<p>[\/av_textblock]<br \/>\n[\/av_one_full]<\/p>\n<p>[av_one_full first min_height=&#8221; vertical_alignment=&#8221; space=&#8221; custom_margin=&#8221; margin=&#8217;0px&#8217; padding=&#8217;0px&#8217; border=&#8221; border_color=&#8221; radius=&#8217;0px&#8217; background_color=&#8221; src=&#8221; background_position=&#8217;top left&#8217; background_repeat=&#8217;no-repeat&#8217; animation=&#8221; av_uid=&#8217;av-sitkp4&#8242;]<br \/>\n[av_textblock size=&#8221; font_color=&#8221; color=&#8221; av_uid=&#8217;av-ry3oug&#8217;]<\/p>\n<p style=\"text-align: center;\"><em>Stiftsg\u00e5rden jobbar aktivt f\u00f6r en mer h\u00e5llbar v\u00e4rld p\u00e5 flera olika s\u00e4tt. Vi \u00e4r en m\u00f6tesplats som v\u00e4rnar den enskilda m\u00e4nniskan s\u00e5v\u00e4l som hela skapelsen. <\/em><\/p>\n<p style=\"text-align: center;\"><em>Vi tror inte att n\u00e5gon kan g\u00f6ra allt men att alla kan g\u00f6ra n\u00e5got. <\/em><em>Var med och p\u00e5verka framtiden du ocks\u00e5!<\/em><\/p>\n<p>[\/av_textblock]<br \/>\n[\/av_one_full]<\/p>\n<p>[av_one_third first min_height=&#8221; vertical_alignment=&#8221; space=&#8221; custom_margin=&#8221; margin=&#8217;0px&#8217; padding=&#8217;0px&#8217; border=&#8221; border_color=&#8221; radius=&#8217;0px&#8217; background_color=&#8221; src=&#8221; background_position=&#8217;top left&#8217; background_repeat=&#8217;no-repeat&#8217; animation=&#8221; av_uid=&#8217;av-q77o7s&#8217;][\/av_one_third]<\/p>\n<p>[av_one_third min_height=&#8221; vertical_alignment=&#8221; space=&#8221; custom_margin=&#8221; margin=&#8217;0px&#8217; padding=&#8217;0px&#8217; border=&#8221; border_color=&#8221; radius=&#8217;0px&#8217; background_color=&#8221; src=&#8221; background_position=&#8217;top left&#8217; background_repeat=&#8217;no-repeat&#8217; animation=&#8221; av_uid=&#8217;av-og7d9k&#8217;]<br \/>\n[av_image src=&#8217;https:\/\/stiftsgardenrattvik.se\/wp-content\/uploads\/2018\/09\/Pilgrim-9.jpg&#8217; attachment=&#8217;7893&#8242; attachment_size=&#8217;full&#8217; align=&#8217;center&#8217; styling=&#8217;circle&#8217; hover=&#8221; link=&#8221; target=&#8221; caption=&#8221; font_size=&#8221; appearance=&#8221; overlay_opacity=&#8217;0.4&#8242; overlay_color=&#8217;#000000&#8242; overlay_text_color=&#8217;#ffffff&#8217; animation=&#8217;no-animation&#8217; av_uid=&#8217;av-2a1894&#8242;][\/av_image]<br \/>\n[\/av_one_third]<\/p>\n<p>[av_one_full first min_height=&#8221; vertical_alignment=&#8221; space=&#8221; custom_margin=&#8221; margin=&#8217;0px&#8217; padding=&#8217;0px&#8217; border=&#8221; border_color=&#8221; radius=&#8217;0px&#8217; background_color=&#8221; src=&#8221; background_position=&#8217;top left&#8217; background_repeat=&#8217;no-repeat&#8217; animation=&#8221; av_uid=&#8217;av-lc2dh4&#8242;]<br \/>\n[av_textblock size=&#8221; font_color=&#8221; color=&#8221; av_uid=&#8217;av-jfa5yg&#8217;]<\/p>\n<p style=\"text-align: center;\"><em>H\u00e5llbar utveckling best\u00e5r av tre lika viktiga delar; social h\u00e5llbarhet, ekologisk h\u00e5llbarhet samt ekonomisk h\u00e5llbarhet. Alla tre delar \u00e4r lika viktiga f\u00f6r att verklig h\u00e5llbar utveckling ska kunna uppn\u00e5s. Nedan kan du l\u00e4sa om hur vi p\u00e5 Stiftsg\u00e5rden R\u00e4ttvik arbetar med h\u00e5llbarhet i vardagen.<\/em><\/p>\n<p>[\/av_textblock]<br \/>\n[\/av_one_full]<\/p>\n<p>[av_one_full first min_height=&#8221; vertical_alignment=&#8221; space=&#8221; custom_margin=&#8221; margin=&#8217;0px&#8217; padding=&#8217;0px&#8217; border=&#8221; border_color=&#8221; radius=&#8217;0px&#8217; background_color=&#8221; src=&#8221; background_position=&#8217;top left&#8217; background_repeat=&#8217;no-repeat&#8217; animation=&#8221; av_uid=&#8217;av-1pm9x4&#8242;]<br \/>\n[av_hr class=&#8217;default&#8217; height=&#8217;50&#8217; shadow=&#8217;no-shadow&#8217; position=&#8217;center&#8217; custom_border=&#8217;av-border-thin&#8217; custom_width=&#8217;50px&#8217; custom_border_color=&#8221; custom_margin_top=&#8217;30px&#8217; custom_margin_bottom=&#8217;30px&#8217; icon_select=&#8217;yes&#8217; custom_icon_color=&#8221; icon=&#8217;ue808&#8242; av_uid=&#8217;av-g0gvag&#8217;]<br \/>\n[\/av_one_full]<\/p>\n<p>[av_one_full first min_height=&#8221; vertical_alignment=&#8221; space=&#8221; custom_margin=&#8221; margin=&#8217;0px&#8217; padding=&#8217;0px&#8217; border=&#8221; border_color=&#8221; radius=&#8217;0px&#8217; background_color=&#8221; src=&#8221; background_position=&#8217;top left&#8217; background_repeat=&#8217;no-repeat&#8217; animation=&#8221; av_uid=&#8217;av-1feh6g&#8217;]<\/p>\n<p>[av_textblock textblock_styling_align=&#8221; textblock_styling=&#8221; textblock_styling_gap=&#8221; textblock_styling_mobile=&#8221; size=&#8221; av-desktop-font-size=&#8221; av-medium-font-size=&#8221; av-small-font-size=&#8221; av-mini-font-size=&#8221; font_color=&#8221; color=&#8221; id=&#8221; custom_class=&#8221; template_class=&#8221; av_uid=&#8217;av-brom14&#8242; sc_version=&#8217;1.0&#8242; admin_preview_bg=&#8221;]<\/p>\n<h3 style=\"text-align: left;\">EKOLOGISK H\u00c5LLBARHET<\/h3>\n<p>Stiftsg\u00e5rden \u00e4r en bred verksamhet. I all v\u00e5r verksamhet ska vi str\u00e4va efter att fr\u00e4mja s\u00e5v\u00e4l ett v\u00e4l fungerande kretslopp liksom en biologisk m\u00e5ngfald. Utifr\u00e5n detta str\u00e4var vi efter att hush\u00e5lla med naturresurser och energi.<\/p>\n<p>Varje dag sker stora milj\u00f6f\u00f6r\u00e4ndringar och jordens resurser f\u00f6rbrukas i ett allt snabbare tempo. \u00c4ven om det \u00e4r stora fr\u00e5gor kan vi alla vara med och g\u00f6ra skillnad. Det \u00e4r som det gamla tales\u00e4ttet \u2013 m\u00e5nga droppar sm\u00e5 g\u00f6r en stor \u00e5!<\/p>\n<h4><\/h4>\n<p>Vi p\u00e5 Stiftsg\u00e5rden vill uppmuntra er som kommer till oss att resa mer h\u00e5llbart. Antingen genom att sam\u00e5ka i bil eller att ta t\u00e5get. Var med och g\u00f6r skillnad f\u00f6r milj\u00f6n du ocks\u00e5, res klimatsmart till Stiftsg\u00e5rden! Mer information om hur du hittar n\u00e5gon att sam\u00e5ka med finns p\u00e5 bekr\u00e4ftelsen du f\u00e5r en m\u00e5nad f\u00f6re din planerade vistelse hos oss.<\/p>\n<p>V\u00e5ra ekologiskt h\u00e5llbara val:<\/p>\n<p><strong>Gr\u00f6n el<br \/>\nKrav-certifiering<\/strong><strong><br \/>\n<\/strong><\/p>\n<h3>SOCIAL H\u00c5LLBARHET<\/h3>\n<p>Stiftsg\u00e5rden vill vara en plats d\u00e4r varje m\u00e4nniska f\u00e5r k\u00e4nna samh\u00f6righet, m\u00f6tas med respekt och tas p\u00e5 allvar. Vi arbetar utifr\u00e5n en helhetssyn med fokus p\u00e5 kvalit\u00e9 i alla led. Vi ser s\u00e5 klart till att till\u00e4mpa befintliga lagar och f\u00f6rordningar men \u00e4ven etiska v\u00e4rderingar.<\/p>\n<p>Stiftsg\u00e5rden samverkar med socialf\u00f6rvaltningar, F\u00f6rs\u00e4kringskassan, kvinnojourer och andra viktiga samh\u00e4llsorganisationer f\u00f6r att erbjuda plats f\u00f6r m\u00e4nniskor med olika sociala behov. Stiftsg\u00e5rden har ocks\u00e5 ett n\u00e4ra samarbete med Arbetsf\u00f6rmedlingen och \u00e4r en plats f\u00f6r praktik och arbetstr\u00e4ning. Under arbetstr\u00e4ning och praktik anv\u00e4nder vi oss av bem\u00f6tandemetoden Mary f\u00f6r att deltagarens tid hos oss ska bli s\u00e5 bra som m\u00f6jligt. L\u00e4s mer h\u00e4r:\u00a0\u00a0<strong><a href=\"https:\/\/www.svenskakyrkan.se\/mary\">https:\/\/www.svenskakyrkan.se\/mary<\/a><\/strong><\/p>\n<p>V\u00e5ra socialt h\u00e5llbara val:<\/p>\n<p><a href=\"https:\/\/stiftsgardenrattvik.se\/effatalikabehandling\/\"><b>Effata &#8211; likabehandlingsarbete<\/b><\/a><br \/>\n<a href=\"https:\/\/stiftsgardenrattvik.se\/volontar\/\"><strong>Ungdomsvolont\u00e4rer <\/strong><\/a><strong><br \/>\n<\/strong><\/p>\n<h3>EKONOMISK H\u00c5LLBARHET<\/h3>\n<p>Stiftsg\u00e5rden v\u00e4rnar den lokala ekonomin och f\u00f6rs\u00f6ker s\u00e5 l\u00e5ngt det g\u00e5r att hitta lokala leverant\u00f6rer i allt vi g\u00f6r. Det kan vara matleverant\u00f6rer men vi anlitar \u00e4ven lokala leverant\u00f6rer f\u00f6r ombyggnation, el, banktj\u00e4nster med mera. Vi har ocks\u00e5 flera samarbetsavtal med lokala och regionala akt\u00f6rer som vi ser som v\u00e4rdefulla.<\/p>\n<p>V\u00e5ra ekonomiskt h\u00e5llbara val:<\/p>\n<p><strong>Regional samarbetspartner Vasaloppet<br \/>\n<\/strong><strong>Lokal samarbetspartner Dalhalla<br \/>\nSamarbetsavtal med IFK R\u00e4ttvik bandy<\/strong><br \/>\n<strong>Samarbetsavtal med IK Jarl<\/strong><br \/>\n[\/av_textblock]<\/p>\n<p>[\/av_one_full][av_one_third first min_height=&#8221; vertical_alignment=&#8221; space=&#8221; custom_margin=&#8221; margin=&#8217;0px&#8217; padding=&#8217;0px&#8217; border=&#8221; border_color=&#8221; radius=&#8217;0px&#8217; background_color=&#8221; src=&#8221; background_position=&#8217;top left&#8217; background_repeat=&#8217;no-repeat&#8217; animation=&#8221; av_uid=&#8217;av-b1kjfs&#8217;]<br \/>\n[av_image src=&#8217;https:\/\/stiftsgardenrattvik.se\/wp-content\/uploads\/2016\/12\/Gr\u00f6n-el-certifikat.jpg&#8217; attachment=&#8217;5865&#8242; attachment_size=&#8217;full&#8217; align=&#8217;center&#8217; styling=&#8221; hover=&#8221; link=&#8221; target=&#8221; caption=&#8221; font_size=&#8221; appearance=&#8221; overlay_opacity=&#8217;0.4&#8242; overlay_color=&#8217;#000000&#8242; overlay_text_color=&#8217;#ffffff&#8217; animation=&#8217;no-animation&#8217; av_uid=&#8217;av-8wez5k&#8217;][\/av_image]<br \/>\n[\/av_one_third]<\/p>\n<p>[av_one_third min_height=&#8221; vertical_alignment=&#8221; space=&#8221; custom_margin=&#8221; margin=&#8217;0px&#8217; padding=&#8217;0px&#8217; border=&#8221; border_color=&#8221; radius=&#8217;0px&#8217; background_color=&#8221; src=&#8221; background_position=&#8217;top left&#8217; background_repeat=&#8217;no-repeat&#8217; animation=&#8221; av_uid=&#8217;av-7d2b1k&#8217;]<br \/>\n[av_image src=&#8217;https:\/\/stiftsgardenrattvik.se\/wp-content\/uploads\/2016\/12\/Intyg-Kvalite-och-milj\u00f6.jpg&#8217; attachment=&#8217;5866&#8242; attachment_size=&#8217;full&#8217; align=&#8217;center&#8217; styling=&#8221; hover=&#8221; link=&#8221; target=&#8221; caption=&#8221; font_size=&#8221; appearance=&#8221; overlay_opacity=&#8217;0.4&#8242; overlay_color=&#8217;#000000&#8242; overlay_text_color=&#8217;#ffffff&#8217; animation=&#8217;no-animation&#8217; av_uid=&#8217;av-5nknoo&#8217;][\/av_image]<br \/>\n[\/av_one_third]<\/p>\n<p>[av_one_third min_height=&#8221; vertical_alignment=&#8221; space=&#8221; custom_margin=&#8221; margin=&#8217;0px&#8217; padding=&#8217;0px&#8217; border=&#8221; border_color=&#8221; radius=&#8217;0px&#8217; background_color=&#8221; src=&#8221; background_position=&#8217;top left&#8217; background_repeat=&#8217;no-repeat&#8217; animation=&#8221; av_uid=&#8217;av-4obso8&#8242;]<br \/>\n[av_image src=&#8217;https:\/\/stiftsgardenrattvik.se\/wp-content\/uploads\/2016\/12\/KRAV-Certifikat.jpg&#8217; attachment=&#8217;5867&#8242; attachment_size=&#8217;full&#8217; align=&#8217;center&#8217; styling=&#8221; hover=&#8221; link=&#8221; target=&#8221; caption=&#8221; font_size=&#8221; appearance=&#8221; overlay_opacity=&#8217;0.4&#8242; overlay_color=&#8217;#000000&#8242; overlay_text_color=&#8217;#ffffff&#8217; animation=&#8217;no-animation&#8217; av_uid=&#8217;av-2alla0&#8242;][\/av_image]<br \/>\n[\/av_one_third]<\/p>\n","protected":false},"excerpt":{"rendered":"","protected":false},"author":1,"featured_media":0,"parent":0,"menu_order":0,"comment_status":"closed","ping_status":"closed","template":"","meta":{"footnotes":""},"class_list":["post-5864","page","type-page","status-publish","hentry"],"_links":{"self":[{"href":"https:\/\/www1.stiftsgardenrattvik.se\/index.php?rest_route=\/wp\/v2\/pages\/5864","targetHints":{"allow":["GET"]}}],"collection":[{"href":"https:\/\/www1.stiftsgardenrattvik.se\/index.php?rest_route=\/wp\/v2\/pages"}],"about":[{"href":"https:\/\/www1.stiftsgardenrattvik.se\/index.php?rest_route=\/wp\/v2\/types\/page"}],"author":[{"embeddable":true,"href":"https:\/\/www1.stiftsgardenrattvik.se\/index.php?rest_route=\/wp\/v2\/users\/1"}],"replies":[{"embeddable":true,"href":"https:\/\/www1.stiftsgardenrattvik.se\/index.php?rest_route=%2Fwp%2Fv2%2Fcomments&post=5864"}],"version-history":[{"count":17,"href":"https:\/\/www1.stiftsgardenrattvik.se\/index.php?rest_route=\/wp\/v2\/pages\/5864\/revisions"}],"predecessor-version":[{"id":13633,"href":"https:\/\/www1.stiftsgardenrattvik.se\/index.php?rest_route=\/wp\/v2\/pages\/5864\/revisions\/13633"}],"wp:attachment":[{"href":"https:\/\/www1.stiftsgardenrattvik.se\/index.php?rest_route=%2Fwp%2Fv2%2Fmedia&parent=5864"}],"curies":[{"name":"wp","href":"https:\/\/api.w.org\/{rel}","templated":true}]}}