{"id":6423,"date":"2017-03-20T08:23:46","date_gmt":"2017-03-20T07:23:46","guid":{"rendered":"http:\/\/stiftsgardenrattvik.se\/?page_id=6423"},"modified":"2025-10-14T15:35:14","modified_gmt":"2025-10-14T13:35:14","slug":"se-hit","status":"publish","type":"page","link":"https:\/\/www1.stiftsgardenrattvik.se\/?page_id=6423","title":{"rendered":"Se hit"},"content":{"rendered":"<p>[av_one_full first min_height=&#8221; vertical_alignment=&#8221; space=&#8221; custom_margin=&#8221; margin=&#8217;0px&#8217; padding=&#8217;0px&#8217; border=&#8221; border_color=&#8221; radius=&#8217;0px&#8217; background_color=&#8221; src=&#8221; background_position=&#8217;top left&#8217; background_repeat=&#8217;no-repeat&#8217; animation=&#8221; av_uid=&#8217;av-bgibfr&#8217;]<br \/>\n[av_textblock textblock_styling_align=&#8221; textblock_styling=&#8221; textblock_styling_gap=&#8221; textblock_styling_mobile=&#8221; size=&#8221; av-desktop-font-size=&#8221; av-medium-font-size=&#8221; av-small-font-size=&#8221; av-mini-font-size=&#8221; font_color=&#8221; color=&#8221; id=&#8221; custom_class=&#8221; template_class=&#8221; av_uid=&#8217;av-8jtvuv&#8217; sc_version=&#8217;1.0&#8242; admin_preview_bg=&#8221;]<\/p>\n<h1 style=\"text-align: center;\">Se Hit!<\/h1>\n<h3 style=\"text-align: center;\">29-31 maj (helg) och 6-10 juli (kortvecka)<\/h3>\n<h3 style=\"text-align: center;\">Semester med inneh\u00e5ll f\u00f6r alla \u00e5ldrar.<\/h3>\n<h4 style=\"text-align: center;\"><\/h4>\n<p>[\/av_textblock]<br \/>\n[\/av_one_full]<\/p>\n<p>[av_one_half first min_height=&#8221; vertical_alignment=&#8221; space=&#8221; custom_margin=&#8221; margin=&#8217;0px&#8217; padding=&#8217;0px&#8217; border=&#8221; border_color=&#8221; radius=&#8217;0px&#8217; background_color=&#8221; src=&#8221; background_position=&#8217;top left&#8217; background_repeat=&#8217;no-repeat&#8217; animation=&#8221; av_uid=&#8217;av-6xgbzr&#8217;]<br \/>\n[av_image src=&#8217;https:\/\/stiftsgardenrattvik.se\/wp-content\/uploads\/2017\/03\/2017-07-13-09.49.28.jpg&#8217; attachment=&#8217;6620&#8242; attachment_size=&#8217;full&#8217; align=&#8217;center&#8217; styling=&#8221; hover=&#8221; link=&#8221; target=&#8221; caption=&#8221; font_size=&#8221; appearance=&#8221; overlay_opacity=&#8217;0.4&#8242; overlay_color=&#8217;#000000&#8242; overlay_text_color=&#8217;#ffffff&#8217; animation=&#8217;no-animation&#8217; av_uid=&#8217;av-6a7ctj&#8217;][\/av_image]<br \/>\n[\/av_one_half]<\/p>\n<p>[av_one_half min_height=&#8221; vertical_alignment=&#8221; space=&#8221; custom_margin=&#8221; margin=&#8217;0px&#8217; padding=&#8217;0px&#8217; border=&#8221; border_color=&#8221; radius=&#8217;0px&#8217; background_color=&#8221; src=&#8221; background_position=&#8217;top left&#8217; background_repeat=&#8217;no-repeat&#8217; animation=&#8221; av_uid=&#8217;av-4n5srb&#8217;]<\/p>\n<p>[av_textblock textblock_styling_align=&#8221; textblock_styling=&#8221; textblock_styling_gap=&#8221; textblock_styling_mobile=&#8221; size=&#8221; av-desktop-font-size=&#8221; av-medium-font-size=&#8221; av-small-font-size=&#8221; av-mini-font-size=&#8221; font_color=&#8221; color=&#8221; id=&#8221; custom_class=&#8221; template_class=&#8221; av_uid=&#8217;av-2d5zbr&#8217; sc_version=&#8217;1.0&#8242; admin_preview_bg=&#8221;]<br \/>\n<strong>2026 \u00e5terkommer popul\u00e4ra SeHit vid tv\u00e5 tillf\u00e4llen, en f\u00f6rsommar helg i maj som vanligt med en kortvecka i juli!\u00a0<\/strong><\/p>\n<p>Glada ungdomar varvas med l\u00e4gerdeltagare, privatg\u00e4ster, s\u00e5ng, m\u00f6ten och mycket lek. &#8220;Se hit&#8221; \u00e4r tillf\u00e4llet f\u00f6r dig som ocks\u00e5 vill njuta av Stiftsg\u00e5rdens liv, en inneh\u00e5llsrik semestervistelse f\u00f6r alla \u00e5ldrar. Vi presenterar ett program, men du v\u00e4ljer s\u00e5 klart vad just du vill medverka i. Det finns ocks\u00e5 tid f\u00f6r egna aktiviteter och utflykter. Passa p\u00e5 och uppt\u00e4ck R\u00e4ttvik med omnejd, en hel del aktiviteter hittar du p\u00e5 <a href=\"http:\/\/www.visitdalarna.se\/\">Visit Dalarna<\/a>s hemsida.<\/p>\n<p>Mer info: <a href=\"https:\/\/stiftsgardenrattvik.se\/wp-content\/uploads\/2025\/10\/Se-Hit-Helg-Flyer-SG-2026-1.pdf\">Se Hit Helg maj 2026\u00a0<\/a>mer info kommer om Se Hit kortvecka i juli.<\/p>\n<p>F\u00f6r <strong>fr\u00e5gor<\/strong> v\u00e4nligen kontakta Jenny Knapp p\u00e5 010-160 80 00 eller <a href=\"mailto:jenny.knapp@stiftsgardenrattvik.se\">jenny.knapp@stiftsgardenrattvik.se<\/a><\/p>\n<h3><strong>Varmt v\u00e4lkommen till Stiftsg\u00e5rden!<\/strong><\/h3>\n<p>[\/av_textblock]<\/p>\n<p>[\/av_one_half]<\/p>\n","protected":false},"excerpt":{"rendered":"","protected":false},"author":1,"featured_media":0,"parent":0,"menu_order":0,"comment_status":"closed","ping_status":"closed","template":"","meta":{"footnotes":""},"class_list":["post-6423","page","type-page","status-publish","hentry"],"_links":{"self":[{"href":"https:\/\/www1.stiftsgardenrattvik.se\/index.php?rest_route=\/wp\/v2\/pages\/6423","targetHints":{"allow":["GET"]}}],"collection":[{"href":"https:\/\/www1.stiftsgardenrattvik.se\/index.php?rest_route=\/wp\/v2\/pages"}],"about":[{"href":"https:\/\/www1.stiftsgardenrattvik.se\/index.php?rest_route=\/wp\/v2\/types\/page"}],"author":[{"embeddable":true,"href":"https:\/\/www1.stiftsgardenrattvik.se\/index.php?rest_route=\/wp\/v2\/users\/1"}],"replies":[{"embeddable":true,"href":"https:\/\/www1.stiftsgardenrattvik.se\/index.php?rest_route=%2Fwp%2Fv2%2Fcomments&post=6423"}],"version-history":[{"count":29,"href":"https:\/\/www1.stiftsgardenrattvik.se\/index.php?rest_route=\/wp\/v2\/pages\/6423\/revisions"}],"predecessor-version":[{"id":15897,"href":"https:\/\/www1.stiftsgardenrattvik.se\/index.php?rest_route=\/wp\/v2\/pages\/6423\/revisions\/15897"}],"wp:attachment":[{"href":"https:\/\/www1.stiftsgardenrattvik.se\/index.php?rest_route=%2Fwp%2Fv2%2Fmedia&parent=6423"}],"curies":[{"name":"wp","href":"https:\/\/api.w.org\/{rel}","templated":true}]}}