{"id":6837,"date":"2017-12-09T08:10:30","date_gmt":"2017-12-09T07:10:30","guid":{"rendered":"http:\/\/stiftsgardenrattvik.se\/?page_id=6837"},"modified":"2018-04-25T13:32:57","modified_gmt":"2018-04-25T11:32:57","slug":"av-karlek-till-verkligheten","status":"publish","type":"page","link":"https:\/\/www1.stiftsgardenrattvik.se\/?page_id=6837","title":{"rendered":"Av k\u00e4rlek till verkligheten"},"content":{"rendered":"<p>[av_one_full first min_height=&#8221; vertical_alignment=&#8221; space=&#8221; custom_margin=&#8221; margin=&#8217;0px&#8217; padding=&#8217;0px&#8217; border=&#8221; border_color=&#8221; radius=&#8217;0px&#8217; background_color=&#8221; src=&#8221; background_position=&#8217;top left&#8217; background_repeat=&#8217;no-repeat&#8217; animation=&#8221;]<\/p>\n<p>[av_textblock size=&#8221; font_color=&#8221; color=&#8221;]<\/p>\n<h1 style=\"text-align: center;\">Av k\u00e4rlek till verkligheten<\/h1>\n<h3 style=\"text-align: center;\">Reflektion och v\u00e4gledning i ignatiansk tradition<\/h3>\n<h3 style=\"text-align: center;\"><em>h\u00f6sten 2018 &#8211; v\u00e5ren 2019<\/em><\/h3>\n<p>[\/av_textblock]<\/p>\n<p>[\/av_one_full][av_one_full first min_height=&#8221; vertical_alignment=&#8221; space=&#8221; custom_margin=&#8221; margin=&#8217;0px&#8217; padding=&#8217;0px&#8217; border=&#8221; border_color=&#8221; radius=&#8217;0px&#8217; background_color=&#8221; src=&#8221; background_position=&#8217;top left&#8217; background_repeat=&#8217;no-repeat&#8217; animation=&#8221;]<\/p>\n<p>[av_textblock size=&#8221; font_color=&#8221; color=&#8221;]<br \/>\nNu finns m\u00f6jlighet f\u00f6r dig som vill stanna upp och lyssna efter Guds n\u00e4rvaro i livet att delta p\u00e5 v\u00e5r kurs <strong>Av k\u00e4rlek till verkligheten<\/strong>. Genom b\u00f6n och samtal f\u00e5r du m\u00f6jlighet att f\u00f6rdjupa din relation till Gud och reflektera var du befinner dig i ditt liv. Med st\u00f6d av den ignatianska traditionen f\u00e5r vi v\u00e4gledning och tid f\u00f6r reflektion. Kursen v\u00e4nder sig till dig som \u00f6nskar stifta bekantskap med den ignatianska traditionen och vill f\u00f6rdjupa och st\u00e4rka din kristna identitet. Du som \u00e4r anst\u00e4lld inom Svenska kyrkan\/ V\u00e4ster\u00e5s Stift har f\u00f6rtur men alla \u00e4r v\u00e4lkomna att anm\u00e4la sig.<\/p>\n<p>\u00d6nskar du mer information om kurserna eller har n\u00e5gra funderingar \u00e4r du v\u00e4lkommen att kontakta v\u00e5r g\u00e5rds- och ungdomspr\u00e4st Hillevi Bergvall p\u00e5 010-160 80 65 eller <a href=\"mailto:hillevi.bergvall@svenskakyrkan.se\">hillevi.bergvall@svenskakyrkan.se<\/a>. F\u00f6r att boka kontakta oss p\u00e5 <a href=\"mailto:bokningen@stiftsgarden.org\">bokningen@stiftsgarden.org<\/a> eller 010-160 80 01.<\/p>\n<p>Om du klickar p\u00e5 l\u00e4nken nedan hittar du mer information om tider, inneh\u00e5ll och priser.<a href=\"https:\/\/stiftsgardenrattvik.se\/wp-content\/uploads\/2017\/12\/Av-k\u00e4rlek-till-verkligheten-juni-2018.pdf\"><br \/>\n<\/a><\/p>\n<p><a href=\"https:\/\/stiftsgardenrattvik.se\/wp-content\/uploads\/2018\/02\/Av-k\u00e4rlek-till-verkligheten-2018-2019.pdf\">Av k\u00e4rlek till verkligheten 2018-2019<\/a><\/p>\n<h4>Varmt v\u00e4lkommen till Stiftsg\u00e5rden!<\/h4>\n<p>[\/av_textblock]<\/p>\n<p>[\/av_one_full][av_one_full first min_height=&#8221; vertical_alignment=&#8221; space=&#8221; custom_margin=&#8221; margin=&#8217;0px&#8217; padding=&#8217;0px&#8217; border=&#8221; border_color=&#8221; radius=&#8217;0px&#8217; background_color=&#8221; src=&#8221; background_position=&#8217;top left&#8217; background_repeat=&#8217;no-repeat&#8217; animation=&#8221;]<br \/>\n[av_image src=&#8217;https:\/\/stiftsgardenrattvik.se\/wp-content\/uploads\/2018\/02\/Av-k\u00e4rlek-till-verkligheten-2018-2019-foto-Roland-Winzker.jpg&#8217; attachment=&#8217;7330&#8242; attachment_size=&#8217;full&#8217; align=&#8217;center&#8217; styling=&#8221; hover=&#8221; link=&#8221; target=&#8221; caption=&#8221; font_size=&#8221; appearance=&#8221; overlay_opacity=&#8217;0.4&#8242; overlay_color=&#8217;#000000&#8242; overlay_text_color=&#8217;#ffffff&#8217; animation=&#8217;no-animation&#8217;][\/av_image]<br \/>\n[\/av_one_full]<\/p>\n","protected":false},"excerpt":{"rendered":"<p>[av_one_full first min_height=&#8221; vertical_alignment=&#8221; space=&#8221; custom_margin=&#8221; margin=&#8217;0px&#8217; padding=&#8217;0px&#8217; border=&#8221; border_color=&#8221; radius=&#8217;0px&#8217; background_color=&#8221; src=&#8221; background_position=&#8217;top left&#8217; background_repeat=&#8217;no-repeat&#8217; animation=&#8221;] [av_textblock size=&#8221; font_color=&#8221; color=&#8221;] Av k\u00e4rlek till verkligheten Reflektion och v\u00e4gledning i ignatiansk tradition h\u00f6sten 2018 &#8211; v\u00e5ren 2019 [\/av_textblock] [\/av_one_full][av_one_full first min_height=&#8221; vertical_alignment=&#8221; space=&#8221; custom_margin=&#8221; margin=&#8217;0px&#8217; padding=&#8217;0px&#8217; border=&#8221; border_color=&#8221; radius=&#8217;0px&#8217; background_color=&#8221; src=&#8221; background_position=&#8217;top left&#8217; background_repeat=&#8217;no-repeat&#8217; animation=&#8221;] [av_textblock [&hellip;]<\/p>\n","protected":false},"author":1,"featured_media":0,"parent":0,"menu_order":0,"comment_status":"closed","ping_status":"closed","template":"","meta":{"footnotes":""},"class_list":["post-6837","page","type-page","status-publish","hentry"],"_links":{"self":[{"href":"https:\/\/www1.stiftsgardenrattvik.se\/index.php?rest_route=\/wp\/v2\/pages\/6837","targetHints":{"allow":["GET"]}}],"collection":[{"href":"https:\/\/www1.stiftsgardenrattvik.se\/index.php?rest_route=\/wp\/v2\/pages"}],"about":[{"href":"https:\/\/www1.stiftsgardenrattvik.se\/index.php?rest_route=\/wp\/v2\/types\/page"}],"author":[{"embeddable":true,"href":"https:\/\/www1.stiftsgardenrattvik.se\/index.php?rest_route=\/wp\/v2\/users\/1"}],"replies":[{"embeddable":true,"href":"https:\/\/www1.stiftsgardenrattvik.se\/index.php?rest_route=%2Fwp%2Fv2%2Fcomments&post=6837"}],"version-history":[{"count":23,"href":"https:\/\/www1.stiftsgardenrattvik.se\/index.php?rest_route=\/wp\/v2\/pages\/6837\/revisions"}],"predecessor-version":[{"id":7542,"href":"https:\/\/www1.stiftsgardenrattvik.se\/index.php?rest_route=\/wp\/v2\/pages\/6837\/revisions\/7542"}],"wp:attachment":[{"href":"https:\/\/www1.stiftsgardenrattvik.se\/index.php?rest_route=%2Fwp%2Fv2%2Fmedia&parent=6837"}],"curies":[{"name":"wp","href":"https:\/\/api.w.org\/{rel}","templated":true}]}}