{"id":6981,"date":"2017-12-22T14:48:41","date_gmt":"2017-12-22T13:48:41","guid":{"rendered":"http:\/\/stiftsgardenrattvik.se\/?page_id=6981"},"modified":"2018-02-06T09:22:05","modified_gmt":"2018-02-06T08:22:05","slug":"gronyteskotsel-med-maskinvisning","status":"publish","type":"page","link":"https:\/\/www1.stiftsgardenrattvik.se\/?page_id=6981","title":{"rendered":"Gr\u00f6nytesk\u00f6tsel med maskinvisning"},"content":{"rendered":"<p>[av_one_full first min_height=&#8221; vertical_alignment=&#8221; space=&#8221; custom_margin=&#8221; margin=&#8217;0px&#8217; padding=&#8217;0px&#8217; border=&#8221; border_color=&#8221; radius=&#8217;0px&#8217; background_color=&#8221; src=&#8221; background_position=&#8217;top left&#8217; background_repeat=&#8217;no-repeat&#8217; animation=&#8221;]<\/p>\n<p>[av_textblock size=&#8221; font_color=&#8221; color=&#8221;]<\/p>\n<h1 style=\"text-align: center;\">Gr\u00f6nytesk\u00f6tsel med maskinvisning<\/h1>\n<h3 style=\"text-align: center;\">Fortbildning f\u00f6r kyrkv\u00e4ktare, kyrkog\u00e5rdsvaktm\u00e4stare och parkf\u00f6rvaltningsarbetare<br \/>\n4-5 september 2018<\/h3>\n<p>[\/av_textblock]<\/p>\n<p>[\/av_one_full][av_one_full first min_height=&#8221; vertical_alignment=&#8221; space=&#8221; custom_margin=&#8221; margin=&#8217;0px&#8217; padding=&#8217;0px&#8217; border=&#8221; border_color=&#8221; radius=&#8217;0px&#8217; background_color=&#8221; src=&#8221; background_position=&#8217;top left&#8217; background_repeat=&#8217;no-repeat&#8217; animation=&#8221;]<\/p>\n<p>[av_textblock size=&#8221; font_color=&#8221; color=&#8221;]<br \/>\nSkillnaden mellan en v\u00e4l sk\u00f6tt och en illa sk\u00f6tt gr\u00f6nyta \u00e4r milsvid. Ofta \u00e4r det dessutom gr\u00f6nytan som \u00e4r det f\u00f6rsta som m\u00f6ter bes\u00f6karen s\u00e5 redan d\u00e4r kan vi p\u00e5verka hur bes\u00f6karen kommer att uppfatta oss. Nu finns m\u00f6jligheten att \u00f6ka kunskapen kring gr\u00f6nytesk\u00f6tsel med hj\u00e4lp av denna kurs som b\u00e5de tittar p\u00e5 sk\u00f6tsel, underh\u00e5ll och maskiner. Kursledare \u00e4r Hans Bill och maskinvisningen st\u00e5r Maskinexperterna fr\u00e5n Hudiksvall f\u00f6r. F\u00f6r mer information om programmet och priser, se nedan.<\/p>\n<p>L\u00e4s mer om kursen och priser h\u00e4r: <a href=\"https:\/\/stiftsgardenrattvik.se\/wp-content\/uploads\/2017\/12\/Gr\u00f6nytesk\u00f6tsel-med-maskinvisning-4-5-sept-2018.pdf\">Gr\u00f6nytesk\u00f6tsel med maskinvisning<\/a><\/p>\n<p>F\u00f6r mer information kontakta Lotta Lirkas p\u00e5 010-160 80 62 eller <a href=\"mailto:lotta.lirkas@svenskakyrkan.se\">lotta.lirkas@svenskakyrkan.se<\/a><br \/>\nF\u00f6r bokning kontakta oss p\u00e5 010-160 80 01 eller <a href=\"mailto:bokningen@stiftsgarden.org\">bokningen@stiftsgarden.org<\/a><\/p>\n<p><em>V\u00e4lkommen!<\/em><br \/>\n[\/av_textblock]<\/p>\n<p>[\/av_one_full][av_one_full first min_height=&#8221; vertical_alignment=&#8221; space=&#8221; custom_margin=&#8221; margin=&#8217;0px&#8217; padding=&#8217;0px&#8217; border=&#8221; border_color=&#8221; radius=&#8217;0px&#8217; background_color=&#8221; src=&#8221; background_position=&#8217;top left&#8217; background_repeat=&#8217;no-repeat&#8217; animation=&#8221;]<br \/>\n[av_image src=&#8217;https:\/\/stiftsgardenrattvik.se\/wp-content\/uploads\/2017\/12\/Gr\u00e4smatta_Lotta-Backlund.jpg&#8217; attachment=&#8217;6982&#8242; attachment_size=&#8217;full&#8217; align=&#8217;center&#8217; styling=&#8221; hover=&#8221; link=&#8221; target=&#8221; caption=&#8221; font_size=&#8221; appearance=&#8221; overlay_opacity=&#8217;0.4&#8242; overlay_color=&#8217;#000000&#8242; overlay_text_color=&#8217;#ffffff&#8217; animation=&#8217;no-animation&#8217;][\/av_image]<br \/>\n[\/av_one_full]<\/p>\n","protected":false},"excerpt":{"rendered":"<p>[av_one_full first min_height=&#8221; vertical_alignment=&#8221; space=&#8221; custom_margin=&#8221; margin=&#8217;0px&#8217; padding=&#8217;0px&#8217; border=&#8221; border_color=&#8221; radius=&#8217;0px&#8217; background_color=&#8221; src=&#8221; background_position=&#8217;top left&#8217; background_repeat=&#8217;no-repeat&#8217; animation=&#8221;] [av_textblock size=&#8221; font_color=&#8221; color=&#8221;] Gr\u00f6nytesk\u00f6tsel med maskinvisning Fortbildning f\u00f6r kyrkv\u00e4ktare, kyrkog\u00e5rdsvaktm\u00e4stare och parkf\u00f6rvaltningsarbetare 4-5 september 2018 [\/av_textblock] [\/av_one_full][av_one_full first min_height=&#8221; vertical_alignment=&#8221; space=&#8221; custom_margin=&#8221; margin=&#8217;0px&#8217; padding=&#8217;0px&#8217; border=&#8221; border_color=&#8221; radius=&#8217;0px&#8217; background_color=&#8221; src=&#8221; background_position=&#8217;top left&#8217; background_repeat=&#8217;no-repeat&#8217; animation=&#8221;] [av_textblock size=&#8221; font_color=&#8221; color=&#8221;] [&hellip;]<\/p>\n","protected":false},"author":1,"featured_media":0,"parent":0,"menu_order":0,"comment_status":"closed","ping_status":"closed","template":"","meta":{"footnotes":""},"class_list":["post-6981","page","type-page","status-publish","hentry"],"_links":{"self":[{"href":"https:\/\/www1.stiftsgardenrattvik.se\/index.php?rest_route=\/wp\/v2\/pages\/6981","targetHints":{"allow":["GET"]}}],"collection":[{"href":"https:\/\/www1.stiftsgardenrattvik.se\/index.php?rest_route=\/wp\/v2\/pages"}],"about":[{"href":"https:\/\/www1.stiftsgardenrattvik.se\/index.php?rest_route=\/wp\/v2\/types\/page"}],"author":[{"embeddable":true,"href":"https:\/\/www1.stiftsgardenrattvik.se\/index.php?rest_route=\/wp\/v2\/users\/1"}],"replies":[{"embeddable":true,"href":"https:\/\/www1.stiftsgardenrattvik.se\/index.php?rest_route=%2Fwp%2Fv2%2Fcomments&post=6981"}],"version-history":[{"count":6,"href":"https:\/\/www1.stiftsgardenrattvik.se\/index.php?rest_route=\/wp\/v2\/pages\/6981\/revisions"}],"predecessor-version":[{"id":7226,"href":"https:\/\/www1.stiftsgardenrattvik.se\/index.php?rest_route=\/wp\/v2\/pages\/6981\/revisions\/7226"}],"wp:attachment":[{"href":"https:\/\/www1.stiftsgardenrattvik.se\/index.php?rest_route=%2Fwp%2Fv2%2Fmedia&parent=6981"}],"curies":[{"name":"wp","href":"https:\/\/api.w.org\/{rel}","templated":true}]}}