{"id":7506,"date":"2018-04-16T15:02:59","date_gmt":"2018-04-16T13:02:59","guid":{"rendered":"https:\/\/stiftsgardenrattvik.se\/?page_id=7506"},"modified":"2021-04-12T10:58:13","modified_gmt":"2021-04-12T08:58:13","slug":"skapa-platser-foer-vardagsglaedje","status":"publish","type":"page","link":"https:\/\/www1.stiftsgardenrattvik.se\/?page_id=7506","title":{"rendered":"Kropp och sj\u00e4l &#8211; skapa platser f\u00f6r vardagsgl\u00e4dje"},"content":{"rendered":"<p>[av_one_full first min_height=&#8221; vertical_alignment=&#8221; space=&#8221; custom_margin=&#8221; margin=&#8217;0px&#8217; padding=&#8217;0px&#8217; border=&#8221; border_color=&#8221; radius=&#8217;0px&#8217; background_color=&#8221; src=&#8221; background_position=&#8217;top left&#8217; background_repeat=&#8217;no-repeat&#8217; animation=&#8221;]<br \/>\n[av_textblock size=&#8221; font_color=&#8221; color=&#8221;]<\/p>\n<h1 style=\"text-align: center;\">Kropp och sj\u00e4l &#8211; skapa platser f\u00f6r vardagsgl\u00e4dje<\/h1>\n<p style=\"text-align: center;\"><b><i>INST\u00c4LLD<\/i><\/b><\/p>\n<p>[\/av_textblock]<br \/>\n[\/av_one_full]<\/p>\n<p>[av_one_full first min_height=&#8221; vertical_alignment=&#8221; space=&#8221; custom_margin=&#8221; margin=&#8217;0px&#8217; padding=&#8217;0px&#8217; border=&#8221; border_color=&#8221; radius=&#8217;0px&#8217; background_color=&#8221; src=&#8221; background_position=&#8217;top left&#8217; background_repeat=&#8217;no-repeat&#8217; animation=&#8221;]<\/p>\n<p>[av_textblock size=&#8221; font_color=&#8221; color=&#8221;]<br \/>\nM\u00f6tesplats torsdagar p\u00e5 webben<\/p>\n<p>I en v\u00e4rld som \u00e4r f\u00f6r\u00e4ndrad finns det \u00e4nd\u00e5 hopp om en framtid. Ett behov att skapa platser f\u00f6r vardagsgl\u00e4dje. Vi som arbetar eller vi som \u00e4r hemma l\u00e4ngtar alla efter s\u00e5dana platser i livet. Vi kan alla vara med och skapa platser utifr\u00e5n de omst\u00e4ndigheter vi befinner oss i. N\u00e5gra som har gjort det och funderat p\u00e5 detta \u00e4r v\u00e5ra tre f\u00f6rel\u00e4sare i miniserien <em>M\u00f6tesplats torsdagar<\/em> p\u00e5 Stiftsg\u00e5rden i R\u00e4ttvik.<\/p>\n<p>Digitalt skapar vi en plats i tid och rum f\u00f6r inspiration. Du kan under tre torsdagar i den h\u00e4r serien koppla upp dig via Zoom Stiftsg\u00e5rden R\u00e4ttvik och delta i v\u00e5rt korta f\u00f6rmiddagsm\u00f6te.<\/p>\n<p>15 april<br \/>\nVasaloppets VD Johan Eriksson &#8211; inspirerar och funderar kring hur man engagerar s\u00e5 m\u00e5nga m\u00e4nniskor b\u00e5de vanlig motion\u00e4rer, elit\u00e5kare och ideella kring fenomenet Vasaloppet.<\/p>\n<p>22 april<br \/>\nM\u00f6ter vi  Christian Hedberg som inspirerar oss att hitta f\u00f6rh\u00e5llningss\u00e4tt som ger oss vardagsgl\u00e4dje mitt i problem och sm\u00e4rta. F\u00f6r vem vill dricka kaffe med n\u00e5gon som \u00e4r bitter?<\/p>\n<p>29 april<br \/>\nTr\u00e4ffar vi Unni Wiig-Sandberg, Stiftsadjunkt och  sj\u00e4lav\u00e5rdare som pratar mera om att hitta platser mer in\u00e5t. Att skapa platser f\u00f6r vardagsgl\u00e4dje f\u00f6r kropp och sj\u00e4l \u00e4r en utmaning f\u00f6r oss alla i denna tid n\u00e4r v\u00e5ra liv i m\u00e5ngt och mycket har st\u00e4llts p\u00e5 \u00e4nda. F\u00f6r inspiration och konkreta tips tr\u00e4ffas vi den h\u00e4r torsdagsf\u00f6rmiddagen.<\/p>\n<p>F\u00f6re, under och efter varje f\u00f6rel\u00e4sning finns det f\u00f6rst\u00e5s m\u00f6jlighet att m\u00f6tas, samtala och k\u00e4nna stiftsg\u00e5rds gemenskap tillsammans med varandra och v\u00e5r programv\u00e4rd Ulrika Knutsson.<\/p>\n<p>M\u00f6tesplatsen startar redan 9.30 med att vi tar dig till Stiftsg\u00e5rden i bilder, prat och musik. Mellan kl. 10 -12 delar v\u00e5r f\u00f6rel\u00e4sare med sig och vi f\u00e5r m\u00f6jlighet till sm\u00e5grupp och reflektion under tiden. Den som vill kan stanna kvar i Zoom och f\u00e5 del av b\u00f6n mitt p\u00e5 dagen i Enhetens kapell. Vi l\u00e4ngtar efter er och beh\u00f6ver ert st\u00f6d tills dess vi kan m\u00f6tas igen. I dessa tider beh\u00f6ver vi \u00e4ven ert bidrag i form av b\u00f6ner och g\u00e5vor f\u00f6r verksamheten.<\/p>\n<p><strong>Programv\u00e4rd<\/strong>: Ulrika Knutsson, folkbildare och f\u00f6rsamlingsutvecklare, medarbetare p\u00e5 Stiftsg\u00e5rden i R\u00e4ttvik. E-post: <a href=\"mailto:ulrika.knutsson@svenskakyrkan.se\">ulrika.knutsson@svenskakyrkan.se<\/a><br \/>\n[\/av_textblock]<\/p>\n<p>[\/av_one_full]<\/p>\n","protected":false},"excerpt":{"rendered":"<p>[av_one_full first min_height=&#8221; vertical_alignment=&#8221; space=&#8221; custom_margin=&#8221; margin=&#8217;0px&#8217; padding=&#8217;0px&#8217; border=&#8221; border_color=&#8221; radius=&#8217;0px&#8217; background_color=&#8221; src=&#8221; background_position=&#8217;top left&#8217; background_repeat=&#8217;no-repeat&#8217; animation=&#8221;] [av_textblock size=&#8221; font_color=&#8221; color=&#8221;] Kropp och sj\u00e4l &#8211; skapa platser f\u00f6r vardagsgl\u00e4dje INST\u00c4LLD [\/av_textblock] [\/av_one_full] [av_one_full first min_height=&#8221; vertical_alignment=&#8221; space=&#8221; custom_margin=&#8221; margin=&#8217;0px&#8217; padding=&#8217;0px&#8217; border=&#8221; border_color=&#8221; radius=&#8217;0px&#8217; background_color=&#8221; src=&#8221; background_position=&#8217;top left&#8217; background_repeat=&#8217;no-repeat&#8217; animation=&#8221;] [av_textblock size=&#8221; font_color=&#8221; color=&#8221;] M\u00f6tesplats torsdagar [&hellip;]<\/p>\n","protected":false},"author":1,"featured_media":0,"parent":0,"menu_order":0,"comment_status":"closed","ping_status":"closed","template":"","meta":{"footnotes":""},"class_list":["post-7506","page","type-page","status-publish","hentry"],"_links":{"self":[{"href":"https:\/\/www1.stiftsgardenrattvik.se\/index.php?rest_route=\/wp\/v2\/pages\/7506","targetHints":{"allow":["GET"]}}],"collection":[{"href":"https:\/\/www1.stiftsgardenrattvik.se\/index.php?rest_route=\/wp\/v2\/pages"}],"about":[{"href":"https:\/\/www1.stiftsgardenrattvik.se\/index.php?rest_route=\/wp\/v2\/types\/page"}],"author":[{"embeddable":true,"href":"https:\/\/www1.stiftsgardenrattvik.se\/index.php?rest_route=\/wp\/v2\/users\/1"}],"replies":[{"embeddable":true,"href":"https:\/\/www1.stiftsgardenrattvik.se\/index.php?rest_route=%2Fwp%2Fv2%2Fcomments&post=7506"}],"version-history":[{"count":16,"href":"https:\/\/www1.stiftsgardenrattvik.se\/index.php?rest_route=\/wp\/v2\/pages\/7506\/revisions"}],"predecessor-version":[{"id":10877,"href":"https:\/\/www1.stiftsgardenrattvik.se\/index.php?rest_route=\/wp\/v2\/pages\/7506\/revisions\/10877"}],"wp:attachment":[{"href":"https:\/\/www1.stiftsgardenrattvik.se\/index.php?rest_route=%2Fwp%2Fv2%2Fmedia&parent=7506"}],"curies":[{"name":"wp","href":"https:\/\/api.w.org\/{rel}","templated":true}]}}