{"id":7576,"date":"2018-05-25T09:24:42","date_gmt":"2018-05-25T07:24:42","guid":{"rendered":"https:\/\/stiftsgardenrattvik.se\/?page_id=7576"},"modified":"2020-02-07T17:58:12","modified_gmt":"2020-02-07T16:58:12","slug":"gdpr","status":"publish","type":"page","link":"https:\/\/www1.stiftsgardenrattvik.se\/?page_id=7576","title":{"rendered":"GDPR"},"content":{"rendered":"<p>[av_one_full first min_height=&#8221; vertical_alignment=&#8221; space=&#8221; custom_margin=&#8221; margin=&#8217;0px&#8217; padding=&#8217;0px&#8217; border=&#8221; border_color=&#8221; radius=&#8217;0px&#8217; background_color=&#8221; src=&#8221; background_position=&#8217;top left&#8217; background_repeat=&#8217;no-repeat&#8217; animation=&#8221;]<br \/>\n[av_textblock size=&#8221; font_color=&#8221; color=&#8221;]<\/p>\n<h1 style=\"text-align: center;\">GDPR p\u00e5 Stiftsg\u00e5rden R\u00e4ttvik<\/h1>\n<p>[\/av_textblock]<br \/>\n[\/av_one_full]<\/p>\n<p>[av_one_full first min_height=&#8221; vertical_alignment=&#8221; space=&#8221; custom_margin=&#8221; margin=&#8217;0px&#8217; padding=&#8217;0px&#8217; border=&#8221; border_color=&#8221; radius=&#8217;0px&#8217; background_color=&#8221; src=&#8221; background_position=&#8217;top left&#8217; background_repeat=&#8217;no-repeat&#8217; animation=&#8221;]<br \/>\n[av_textblock size=&#8221; font_color=&#8221; color=&#8221;]<br \/>\nGDPR (General Data Protection Regulation) \u00e4r en ny dataskyddslag som b\u00f6rjade g\u00e4lla i EU den 25 maj 2018. Lagen inneb\u00e4r att alla medborgare inom EU har r\u00e4tt till skydd av sina personuppgifter. GDPR ers\u00e4tter den tidigare svenska personuppgiftslagen (PUL). Du kan l\u00e4sa mer om vad lagen inneb\u00e4r <a href=\"https:\/\/www.datainspektionen.se\/lagar--regler\/dataskyddsforordningen\/\">h\u00e4r<\/a>.<\/p>\n<p>F\u00f6r oss \u00e4r det viktigt att du ska k\u00e4nna dig trygg med hur vi hanterar dina personuppgifter. Vi hanterar alltid personuppgifter p\u00e5 ett ansvarsfullt och respektfullt s\u00e4tt och f\u00f6ljer de lagar och regler som finns f\u00f6r att skydda din integritet. Ibland beh\u00f6ver vi samla in personuppgifter om dig eller den du \u00e4r v\u00e5rdnadshavare f\u00f6r. Det g\u00f6r vi f\u00f6r att ni bland annat ska kunna f\u00e5 v\u00e5rt nyhetsbrev, ta del av utskick om aktuella kurser samt delta i l\u00e4ger eller aktiviteter hos oss. Vi sparar inte personuppgifterna l\u00e4ngre \u00e4n vad som \u00e4r n\u00f6dv\u00e4ndigt och l\u00e4mnar aldrig ut dem till tredje part. Du kan n\u00e4r som helst beg\u00e4ra att f\u00e5 information om vilka personuppgifter vi har som r\u00f6r dig och den du \u00e4r v\u00e5rdnadshavare f\u00f6r.<\/p>\n<p>Vill du veta mer om dina r\u00e4ttigheter eller hur vi hanterar dina personuppgifter \u00e4r du v\u00e4lkommen att kontakta oss p\u00e5 telefon 010-160 80 00 eller skicka ett mejl till <a href=\"mailto:info@stiftsgardenrattvik.se\">info@stiftsgardenrattvik.se<\/a>.<br \/>\n[\/av_textblock]<br \/>\n[\/av_one_full]<\/p>\n","protected":false},"excerpt":{"rendered":"<p>[av_one_full first min_height=&#8221; vertical_alignment=&#8221; space=&#8221; custom_margin=&#8221; margin=&#8217;0px&#8217; padding=&#8217;0px&#8217; border=&#8221; border_color=&#8221; radius=&#8217;0px&#8217; background_color=&#8221; src=&#8221; background_position=&#8217;top left&#8217; background_repeat=&#8217;no-repeat&#8217; animation=&#8221;] [av_textblock size=&#8221; font_color=&#8221; color=&#8221;] GDPR p\u00e5 Stiftsg\u00e5rden R\u00e4ttvik [\/av_textblock] [\/av_one_full] [av_one_full first min_height=&#8221; vertical_alignment=&#8221; space=&#8221; custom_margin=&#8221; margin=&#8217;0px&#8217; padding=&#8217;0px&#8217; border=&#8221; border_color=&#8221; radius=&#8217;0px&#8217; background_color=&#8221; src=&#8221; background_position=&#8217;top left&#8217; background_repeat=&#8217;no-repeat&#8217; animation=&#8221;] [av_textblock size=&#8221; font_color=&#8221; color=&#8221;] GDPR (General Data Protection Regulation) \u00e4r en [&hellip;]<\/p>\n","protected":false},"author":1,"featured_media":0,"parent":0,"menu_order":0,"comment_status":"closed","ping_status":"closed","template":"","meta":{"footnotes":""},"class_list":["post-7576","page","type-page","status-publish","hentry"],"_links":{"self":[{"href":"https:\/\/www1.stiftsgardenrattvik.se\/index.php?rest_route=\/wp\/v2\/pages\/7576","targetHints":{"allow":["GET"]}}],"collection":[{"href":"https:\/\/www1.stiftsgardenrattvik.se\/index.php?rest_route=\/wp\/v2\/pages"}],"about":[{"href":"https:\/\/www1.stiftsgardenrattvik.se\/index.php?rest_route=\/wp\/v2\/types\/page"}],"author":[{"embeddable":true,"href":"https:\/\/www1.stiftsgardenrattvik.se\/index.php?rest_route=\/wp\/v2\/users\/1"}],"replies":[{"embeddable":true,"href":"https:\/\/www1.stiftsgardenrattvik.se\/index.php?rest_route=%2Fwp%2Fv2%2Fcomments&post=7576"}],"version-history":[{"count":7,"href":"https:\/\/www1.stiftsgardenrattvik.se\/index.php?rest_route=\/wp\/v2\/pages\/7576\/revisions"}],"predecessor-version":[{"id":7580,"href":"https:\/\/www1.stiftsgardenrattvik.se\/index.php?rest_route=\/wp\/v2\/pages\/7576\/revisions\/7580"}],"wp:attachment":[{"href":"https:\/\/www1.stiftsgardenrattvik.se\/index.php?rest_route=%2Fwp%2Fv2%2Fmedia&parent=7576"}],"curies":[{"name":"wp","href":"https:\/\/api.w.org\/{rel}","templated":true}]}}