{"id":7621,"date":"2018-06-08T14:51:34","date_gmt":"2018-06-08T12:51:34","guid":{"rendered":"https:\/\/stiftsgardenrattvik.se\/?page_id=7621"},"modified":"2018-08-20T07:27:16","modified_gmt":"2018-08-20T05:27:16","slug":"stiftsgarden-soker-ny-forestandare","status":"publish","type":"page","link":"https:\/\/www1.stiftsgardenrattvik.se\/?page_id=7621","title":{"rendered":"Stiftsg\u00e5rden s\u00f6ker ny f\u00f6rest\u00e5ndare"},"content":{"rendered":"<p>[av_one_full first min_height=&#8221; vertical_alignment=&#8221; space=&#8221; custom_margin=&#8221; margin=&#8217;0px&#8217; padding=&#8217;0px&#8217; border=&#8221; border_color=&#8221; radius=&#8217;0px&#8217; background_color=&#8221; src=&#8221; background_position=&#8217;top left&#8217; background_repeat=&#8217;no-repeat&#8217; animation=&#8221;]<br \/>\n[av_textblock size=&#8217;20&#8217; font_color=&#8221; color=&#8221;]<\/p>\n<p style=\"text-align: center;\"><em>Vi s\u00f6ker en f\u00f6rest\u00e5ndare som \u00e4r beredd att tillsammans med personal och stift f\u00f6ra g\u00e5rden in i framtiden. <\/em><\/p>\n<p>[\/av_textblock]<br \/>\n[\/av_one_full]<\/p>\n<p>[av_one_full first min_height=&#8221; vertical_alignment=&#8221; space=&#8221; custom_margin=&#8221; margin=&#8217;0px&#8217; padding=&#8217;0px&#8217; border=&#8221; border_color=&#8221; radius=&#8217;0px&#8217; background_color=&#8221; src=&#8221; background_position=&#8217;top left&#8217; background_repeat=&#8217;no-repeat&#8217; animation=&#8221;]<br \/>\n[av_image src=&#8217;https:\/\/stiftsgardenrattvik.se\/wp-content\/uploads\/2016\/10\/konfirmation2012-660-kopia.jpg&#8217; attachment=&#8217;5908&#8242; attachment_size=&#8217;full&#8217; align=&#8217;center&#8217; styling=&#8221; hover=&#8221; link=&#8221; target=&#8221; caption=&#8221; font_size=&#8221; appearance=&#8221; overlay_opacity=&#8217;0.4&#8242; overlay_color=&#8217;#000000&#8242; overlay_text_color=&#8217;#ffffff&#8217; animation=&#8217;no-animation&#8217;][\/av_image]<br \/>\n[\/av_one_full]<\/p>\n<p>[av_one_full first min_height=&#8221; vertical_alignment=&#8221; space=&#8221; custom_margin=&#8221; margin=&#8217;0px&#8217; padding=&#8217;0px&#8217; border=&#8221; border_color=&#8221; radius=&#8217;0px&#8217; background_color=&#8221; src=&#8221; background_position=&#8217;top left&#8217; background_repeat=&#8217;no-repeat&#8217; animation=&#8221;]<br \/>\n[av_textblock size=&#8221; font_color=&#8221; color=&#8221;]<br \/>\nG\u00e5rden vid stranden av Siljan i R\u00e4ttvik har varit en m\u00f6tesplats i mer \u00e4n ett halvt sekel. P\u00e5 den vackraste av platser och i en \u00f6ppen och till\u00e5tande milj\u00f6, med kapellet som centrum, har livsavg\u00f6rande erfarenheter gjorts av b\u00e5de unga och gamla. M\u00e5nga har m\u00f6tt levande Gud p\u00e5 ett avg\u00f6rande s\u00e4tt. Stiftsg\u00e5rden har haft en ofantlig betydelse f\u00f6r otaliga m\u00e4nniskor, l\u00e5ngt utanf\u00f6r V\u00e4ster\u00e5s stifts gr\u00e4nser. Det \u00e4r en plats som sorlar av minnen, men som ocks\u00e5 frisk och vital \u00f6ppnar sig f\u00f6r framtiden. Det som i b\u00f6rjan av 1940-talet startade som en vision om ett center f\u00f6r kyrkliga utbildningar, f\u00f6r ungdomsl\u00e4ger och rekreationssemestrar i V\u00e4ster\u00e5s stift har idag v\u00e4xt till en sprudlande och levande plats med \u00f6ver 30 000 \u00f6vernattningar per \u00e5r. Nu s\u00f6ker vi en f\u00f6rest\u00e5ndare till Stiftsg\u00e5rden som \u00e4r beredd att tillsammans med personal och stift f\u00f6ra g\u00e5rden in i framtiden.<br \/>\n[\/av_textblock]<br \/>\n[\/av_one_full]<\/p>\n<p>[av_one_full first min_height=&#8221; vertical_alignment=&#8221; space=&#8221; custom_margin=&#8221; margin=&#8217;0px&#8217; padding=&#8217;0px&#8217; border=&#8221; border_color=&#8221; radius=&#8217;0px&#8217; background_color=&#8221; src=&#8221; background_position=&#8217;top left&#8217; background_repeat=&#8217;no-repeat&#8217; animation=&#8221;]<br \/>\n[av_image src=&#8217;https:\/\/stiftsgardenrattvik.se\/wp-content\/uploads\/2018\/06\/Foto-Magnus-Aronson-5346-Copy.jpg&#8217; attachment=&#8217;7623&#8242; attachment_size=&#8217;full&#8217; align=&#8217;center&#8217; styling=&#8221; hover=&#8221; link=&#8221; target=&#8221; caption=&#8221; font_size=&#8221; appearance=&#8221; overlay_opacity=&#8217;0.4&#8242; overlay_color=&#8217;#000000&#8242; overlay_text_color=&#8217;#ffffff&#8217; animation=&#8217;no-animation&#8217;][\/av_image]<br \/>\n[\/av_one_full]<\/p>\n<p>[av_one_full first min_height=&#8221; vertical_alignment=&#8221; space=&#8221; custom_margin=&#8221; margin=&#8217;0px&#8217; padding=&#8217;0px&#8217; border=&#8221; border_color=&#8221; radius=&#8217;0px&#8217; background_color=&#8221; src=&#8221; background_position=&#8217;top left&#8217; background_repeat=&#8217;no-repeat&#8217; animation=&#8221;]<\/p>\n<p>[av_textblock size=&#8221; font_color=&#8221; color=&#8221;]<\/p>\n<h5>UPPDRAG OCH UTMANINGAR<\/h5>\n<ul>\n<li>Ditt uppdrag \u00e4r att utveckla, effektivisera och kvalitetss\u00e4kra Stiftsg\u00e5rdens organisation och verksamhet utifr\u00e5n ett helhetsperspektiv, inte minst i samordning med stiftskansliet.<\/li>\n<li>\u00d6vergripande ansvarig f\u00f6r hur verksamheten drivs med avseende p\u00e5 intern organisation, uppf\u00f6ljning samt arbetsmilj\u00f6<\/li>\n<li>Du leder Stiftsg\u00e5rdens avdelningschefer f\u00f6r program-, ekonomi-, k\u00f6ks- och driftsledning<\/li>\n<li>Du \u00e4r en kraft som motiverar och inspirerar f\u00f6r att skapa gemensamma syns\u00e4tt och utveckla arbetss\u00e4tt<\/li>\n<li>Verka f\u00f6r ett livkraftigt medarbetarskap, inte minst f\u00f6r unga<\/li>\n<li>Du tar ansvar f\u00f6r gudstj\u00e4nstlivet i kapellet och har en god relation till R\u00e4ttviks f\u00f6rsamling och dess gudstj\u00e4nstliv<\/li>\n<\/ul>\n<p>[\/av_textblock]<\/p>\n<p>[\/av_one_full][av_one_full first min_height=&#8221; vertical_alignment=&#8221; space=&#8221; custom_margin=&#8221; margin=&#8217;0px&#8217; padding=&#8217;0px&#8217; border=&#8221; border_color=&#8221; radius=&#8217;0px&#8217; background_color=&#8221; src=&#8221; background_position=&#8217;top left&#8217; background_repeat=&#8217;no-repeat&#8217; animation=&#8221;]<br \/>\n[av_image src=&#8217;https:\/\/stiftsgardenrattvik.se\/wp-content\/uploads\/2018\/06\/@LottaBacklund-Stiftsg\u00e5rden-R\u00e4ttvik.jpg&#8217; attachment=&#8217;7625&#8242; attachment_size=&#8217;full&#8217; align=&#8217;center&#8217; styling=&#8221; hover=&#8221; link=&#8221; target=&#8221; caption=&#8221; font_size=&#8221; appearance=&#8221; overlay_opacity=&#8217;0.4&#8242; overlay_color=&#8217;#000000&#8242; overlay_text_color=&#8217;#ffffff&#8217; animation=&#8217;no-animation&#8217;][\/av_image]<br \/>\n[\/av_one_full]<\/p>\n<p>[av_one_full first min_height=&#8221; vertical_alignment=&#8221; space=&#8221; custom_margin=&#8221; margin=&#8217;0px&#8217; padding=&#8217;0px&#8217; border=&#8221; border_color=&#8221; radius=&#8217;0px&#8217; background_color=&#8221; src=&#8221; background_position=&#8217;top left&#8217; background_repeat=&#8217;no-repeat&#8217; animation=&#8221;]<br \/>\n[av_textblock size=&#8221; font_color=&#8221; color=&#8221;]<\/p>\n<h5>FOKUSOMR\u00c5DEN<\/h5>\n<ul>\n<li>En p\u00e5g\u00e5ende utmaning f\u00f6r Stiftsg\u00e5rden \u00e4r att utveckla samverkan med bes\u00f6ksn\u00e4ring, kommun, regioner och andra stift f\u00f6r att kunna anpassa verksamheten till nuvarande och framtida behov, samtidigt som Stiftsg\u00e5rden ska st\u00e4rka sin svenskkyrkliga profil<\/li>\n<li>Ett tryggt ledarskap som med gott omd\u00f6me och \u00f6ppenhet g\u00f6r det m\u00f6jligt f\u00f6r chefer och medarbetare att f\u00e5 utveckla sin verksamhet och sina yrkesroller<\/li>\n<\/ul>\n<p>[\/av_textblock]<br \/>\n[\/av_one_full]<\/p>\n<p>[av_one_full first min_height=&#8221; vertical_alignment=&#8221; space=&#8221; custom_margin=&#8221; margin=&#8217;0px&#8217; padding=&#8217;0px&#8217; border=&#8221; border_color=&#8221; radius=&#8217;0px&#8217; background_color=&#8221; src=&#8221; background_position=&#8217;top left&#8217; background_repeat=&#8217;no-repeat&#8217; animation=&#8221;]<br \/>\n[av_textblock size=&#8221; font_color=&#8221; color=&#8221;]<\/p>\n<h5>VEM VI TROR ATT DU \u00c4R<\/h5>\n<p>Vi s\u00f6ker en trygg och tydlig ledare som \u00e4r professionell i sitt bem\u00f6tande och inger f\u00f6rtroende. Du motiveras av att driva utvecklingsarbete och banar v\u00e4g genom att f\u00f6rmedla visioner och m\u00e5l. Du har god f\u00f6rm\u00e5ga att planera, organisera och f\u00f6lja upp arbetet samt tar hj\u00e4lp av den samlade kompetens som finns f\u00f6r att skapa en organisation med h\u00f6g kvalit\u00e9. Du har en god strategisk f\u00f6rm\u00e5ga och arbetar alltid utifr\u00e5n ett helhetsperspektiv f\u00f6r Stiftsg\u00e5rdens b\u00e4sta samt f\u00f6r att utveckla organisationen och det ideella engagemanget samt att g\u00f6ra Svenska kyrkan synlig. Du vill skapa och underh\u00e5lla internationella kontakter, samt skapa engagemang f\u00f6r solidaritet, klimat och h\u00e5llbarhetsfr\u00e5gor \u00f6verlag.<\/p>\n<p>F\u00f6r att lyckas med uppdraget beh\u00f6ver du ha flera \u00e5rs erfarenhet av ledarskap och g\u00e4rna erfarenhet av att leda andra chefer. Du har en coachande ledarstil, en f\u00f6rm\u00e5ga att delegera men samtidigt en trygghet i att fatta beslut f\u00f6r verksamheten. Du kan hantera utmaningar och skapa f\u00f6rst\u00e5else f\u00f6r de prioriteringar som du och dina medarbetare st\u00e4lls inf\u00f6r.<\/p>\n<p>Du \u00e4r pr\u00e4st och en god och teologiskt reflekterad f\u00f6rkunnare och kommunikat\u00f6r. Vi vill att du ska verka f\u00f6r ett livaktigt gudstj\u00e4nstliv i kapellet.<\/p>\n<p>Vi tror att du har erfarenhet av ledarskap som kyrkoherde eller motsvarande chefserfarenhet, samt en beh\u00f6righetsgivande kyrkoherdeutbildning eller annan ledarutbildning. Vidare har du god kunskap om verksamhetsstyrning samt erfarenhet och f\u00f6rst\u00e5else f\u00f6r arbete i en f\u00f6rtroendemannastyrd organisation. VI ser \u00e4ven att du har goda kunskaper om stiftets roll och funktioner.<\/p>\n<p>Tj\u00e4nsten \u00e4r p\u00e5 heltid med V\u00e4ster\u00e5s stift som arbetsgivare.<\/p>\n<p>K\u00f6rkort kr\u00e4vs.<\/p>\n<p>Tj\u00e4nstebostad finns.<\/p>\n<h5>UPPLYSNINGAR L\u00c4MNAS AV<\/h5>\n<p>Stiftsdirektor Britas Lennart Eriksson tfn 070-630 73 44<\/p>\n<p>Stiftsprost Peter \u00c5str\u00f6m tfn 076-94085 48<\/p>\n<p>Stiftsadjunkt Nils \u00c5berg tfn 070-525 67 33 (t.f. och tidigare f\u00f6rest\u00e5ndare)<\/p>\n<h5>ANS\u00d6KAN<\/h5>\n<p>Ans\u00f6kan g\u00f6r du direkt p\u00e5 webben: <a href=\"https:\/\/hrsupporten-se.loopiasecure.com\/cvinput_revb.php?jobid=40039&amp;lang=1\">Klicka h\u00e4r f\u00f6r att l\u00e4mna ans\u00f6kan!<\/a><\/p>\n<p>Sista ans\u00f6kningsdag \u00e4r 24 augusti 2018. Tilltr\u00e4de enligt \u00f6verenskommelse eller i januari 2019.<br \/>\n[\/av_textblock]<br \/>\n[\/av_one_full]<\/p>\n<p>[av_one_full first min_height=&#8221; vertical_alignment=&#8221; space=&#8221; custom_margin=&#8221; margin=&#8217;0px&#8217; padding=&#8217;0px&#8217; border=&#8221; border_color=&#8221; radius=&#8217;0px&#8217; background_color=&#8221; src=&#8221; background_position=&#8217;top left&#8217; background_repeat=&#8217;no-repeat&#8217; animation=&#8221;]<br \/>\n[av_image src=&#8217;https:\/\/stiftsgardenrattvik.se\/wp-content\/uploads\/2018\/06\/Foto-Magnus-Aronson-3846.jpg&#8217; attachment=&#8217;7627&#8242; attachment_size=&#8217;full&#8217; align=&#8217;center&#8217; styling=&#8221; hover=&#8221; link=&#8221; target=&#8221; caption=&#8221; font_size=&#8221; appearance=&#8221; overlay_opacity=&#8217;0.4&#8242; overlay_color=&#8217;#000000&#8242; overlay_text_color=&#8217;#ffffff&#8217; animation=&#8217;no-animation&#8217;][\/av_image]<br \/>\n[\/av_one_full]<\/p>\n","protected":false},"excerpt":{"rendered":"<p>[av_one_full first min_height=&#8221; vertical_alignment=&#8221; space=&#8221; custom_margin=&#8221; margin=&#8217;0px&#8217; padding=&#8217;0px&#8217; border=&#8221; border_color=&#8221; radius=&#8217;0px&#8217; background_color=&#8221; src=&#8221; background_position=&#8217;top left&#8217; background_repeat=&#8217;no-repeat&#8217; animation=&#8221;] [av_textblock size=&#8217;20&#8217; font_color=&#8221; color=&#8221;] Vi s\u00f6ker en f\u00f6rest\u00e5ndare som \u00e4r beredd att tillsammans med personal och stift f\u00f6ra g\u00e5rden in i framtiden. [\/av_textblock] [\/av_one_full] [av_one_full first min_height=&#8221; vertical_alignment=&#8221; space=&#8221; custom_margin=&#8221; margin=&#8217;0px&#8217; padding=&#8217;0px&#8217; border=&#8221; border_color=&#8221; radius=&#8217;0px&#8217; background_color=&#8221; src=&#8221; background_position=&#8217;top [&hellip;]<\/p>\n","protected":false},"author":1,"featured_media":0,"parent":0,"menu_order":0,"comment_status":"closed","ping_status":"closed","template":"","meta":{"footnotes":""},"class_list":["post-7621","page","type-page","status-publish","hentry"],"_links":{"self":[{"href":"https:\/\/www1.stiftsgardenrattvik.se\/index.php?rest_route=\/wp\/v2\/pages\/7621","targetHints":{"allow":["GET"]}}],"collection":[{"href":"https:\/\/www1.stiftsgardenrattvik.se\/index.php?rest_route=\/wp\/v2\/pages"}],"about":[{"href":"https:\/\/www1.stiftsgardenrattvik.se\/index.php?rest_route=\/wp\/v2\/types\/page"}],"author":[{"embeddable":true,"href":"https:\/\/www1.stiftsgardenrattvik.se\/index.php?rest_route=\/wp\/v2\/users\/1"}],"replies":[{"embeddable":true,"href":"https:\/\/www1.stiftsgardenrattvik.se\/index.php?rest_route=%2Fwp%2Fv2%2Fcomments&post=7621"}],"version-history":[{"count":6,"href":"https:\/\/www1.stiftsgardenrattvik.se\/index.php?rest_route=\/wp\/v2\/pages\/7621\/revisions"}],"predecessor-version":[{"id":7810,"href":"https:\/\/www1.stiftsgardenrattvik.se\/index.php?rest_route=\/wp\/v2\/pages\/7621\/revisions\/7810"}],"wp:attachment":[{"href":"https:\/\/www1.stiftsgardenrattvik.se\/index.php?rest_route=%2Fwp%2Fv2%2Fmedia&parent=7621"}],"curies":[{"name":"wp","href":"https:\/\/api.w.org\/{rel}","templated":true}]}}