{"id":8642,"date":"2019-05-29T15:10:38","date_gmt":"2019-05-29T13:10:38","guid":{"rendered":"https:\/\/stiftsgardenrattvik.se\/?page_id=8642"},"modified":"2020-01-27T11:04:11","modified_gmt":"2020-01-27T10:04:11","slug":"kulturpaket","status":"publish","type":"page","link":"https:\/\/www1.stiftsgardenrattvik.se\/?page_id=8642","title":{"rendered":"Kulturpaket"},"content":{"rendered":"<p>[av_one_full first min_height=&#8221; vertical_alignment=&#8221; space=&#8221; custom_margin=&#8221; margin=&#8217;0px&#8217; padding=&#8217;0px&#8217; border=&#8221; border_color=&#8221; radius=&#8217;0px&#8217; background_color=&#8221; src=&#8221; background_position=&#8217;top left&#8217; background_repeat=&#8217;no-repeat&#8217; animation=&#8221;]<\/p>\n<p>[av_textblock size=&#8221; font_color=&#8221; color=&#8221;]<\/p>\n<h1 style=\"text-align: center;\">Kulturpaket Dalarna<\/h1>\n<h3 style=\"text-align: center;\"><\/h3>\n<p>[\/av_textblock]<\/p>\n<p>[\/av_one_full][av_one_full first min_height=&#8221; vertical_alignment=&#8221; space=&#8221; custom_margin=&#8221; margin=&#8217;0px&#8217; padding=&#8217;0px&#8217; border=&#8221; border_color=&#8221; radius=&#8217;0px&#8217; background_color=&#8221; src=&#8221; background_position=&#8217;top left&#8217; background_repeat=&#8217;no-repeat&#8217; animation=&#8221;]<br \/>\n[av_textblock size=&#8217;12&#8217; font_color=&#8221; color=&#8221;]<\/p>\n<h3>Bo trivsamt, \u00e4t gott och uppt\u00e4ck Dalarnas unika kultur!<\/h3>\n<p>Med detta paket f\u00e5r du m\u00f6jlighet att bes\u00f6ka nio unika kulturupplevelser runt om i Dalarna. Med Stiftsg\u00e5rden som nav kan du utforska de olika bes\u00f6ksm\u00e5len i din egen takt.<\/p>\n<p>I Dalarna bjuds du p\u00e5 en berikande rundresa med nedslag p\u00e5 platser som avsl\u00f6jar sp\u00e4nnande delar av Sveriges historia. Du f\u00e5r ta del av autentiska kulturmilj\u00f6er och h\u00f6ra levande ber\u00e4ttelser om m\u00e4nniskor som l\u00e4mnat unika avtryck. F\u00f6rundras \u00f6ver m\u00e4nniskorna och skaparkraften som funnits och finns \u00e4n idag. Kliv in i konstn\u00e4rshem, v\u00e4rldsarv, historiska industrimilj\u00f6er och tr\u00e4dg\u00e5rdar och l\u00e5t dig omfamnas av de levande ber\u00e4ttelserna om Dalarna under din resa genom detta landskap s\u00e5 vacker i sin variation fr\u00e5n odlingslandskap, vida skogar, sj\u00f6ar, bl\u00e5nande berg till h\u00f6ga fj\u00e4ll.<\/p>\n<p>I passet som ing\u00e5r i paketet finns ett erbjudande f\u00f6r varje stopp. Passet \u00e4r giltigt i 2 \u00e5r fr\u00e5n datum f\u00f6r f\u00f6rsta st\u00e4mpel. N\u00e4r alla erbjudanden anv\u00e4nts erh\u00e5ller du kulturresans alldeles egna dalah\u00e4st. Bes\u00f6ksm\u00e5len som ing\u00e5r i passet \u00e4r: Avesta Art, Zornmus\u00e9et, Carl Larsson g\u00e5rden, Hildasholm, Orn\u00e4sstugan, Porfyrmus\u00e9et, Dalarnas museum och Nils Olsson Dalah\u00e4star.  L\u00e4s g\u00e4rna mer om kulturpasset, f\u00e5 information om respektive bes\u00f6ksm\u00e5l samt deras \u00f6ppettider p\u00e5 <a href=\"https:\/\/www.visitdalarna.se\/kulturresan\">Visit Dalarnas hemsida.<\/a><\/p>\n<h4><strong>I paketet ing\u00e5r<\/strong><\/h4>\n<p>Logi 2 n\u00e4tter (inkl. s\u00e4nglinnen och st\u00e4dning)<br \/>\n2 x frukost<br \/>\n2 x middag<br \/>\n1 x kulturpass<\/p>\n<h4><strong>Tillval<\/strong><\/h4>\n<p>Extra n\u00e4tter<br \/>\n\u00d6vriga m\u00e5ltider<\/p>\n<h4><strong>\u00d6vrigt<\/strong><\/h4>\n<p>Ankomstdag \u00e4r valfri, vissa dagar under sommaren \u00e4r vi dock v\u00e4ldigt fullbokade p.g.a konsert i Dalhalla, men du \u00e4r alltid v\u00e4lkommen att h\u00f6ra av dig till oss med din bokningsf\u00f6rfr\u00e5gan.<\/p>\n<h4><strong>Bokning, betalning &amp; avbokning<\/strong><\/h4>\n<p>F\u00f6r <strong>bokning<\/strong> \u00e4r du v\u00e4lkommen att kontakta oss p\u00e5 <a href=\"mailto:bokningen@stiftsgardenrattvik.se\">bokningen@stiftsgardenrattvik.se<\/a> eller 010-160 80 01. Betalning skall vara Stiftsg\u00e5rden tillhanda senast en vecka f\u00f6re ankomst. Detaljerade betalningsuppgifter f\u00e5r du i samband med din bokningsbekr\u00e4ftelse. Avbokning kan ske utan kostnad fram till 1 vecka f\u00f6re ankomst. Senare avbokning faktureras 50% av paketpriset.<br \/>\n[\/av_textblock]<br \/>\n[\/av_one_full]<\/p>\n<p>[av_one_full first min_height=&#8221; vertical_alignment=&#8221; space=&#8221; custom_margin=&#8221; margin=&#8217;0px&#8217; padding=&#8217;0px&#8217; border=&#8221; border_color=&#8221; radius=&#8217;0px&#8217; background_color=&#8221; src=&#8221; background_position=&#8217;top left&#8217; background_repeat=&#8217;no-repeat&#8217; animation=&#8221;]<br \/>\n[av_image src=&#8217;https:\/\/stiftsgardenrattvik.se\/wp-content\/uploads\/2019\/05\/Kulturpasset-.jpg&#8217; attachment=&#8217;8643&#8242; attachment_size=&#8217;full&#8217; align=&#8217;center&#8217; styling=&#8221; hover=&#8221; link=&#8221; target=&#8221; caption=&#8221; font_size=&#8221; appearance=&#8221; overlay_opacity=&#8217;0.4&#8242; overlay_color=&#8217;#000000&#8242; overlay_text_color=&#8217;#ffffff&#8217; animation=&#8217;no-animation&#8217;][\/av_image]<br \/>\n[\/av_one_full]<\/p>\n","protected":false},"excerpt":{"rendered":"<p>[av_one_full first min_height=&#8221; vertical_alignment=&#8221; space=&#8221; custom_margin=&#8221; margin=&#8217;0px&#8217; padding=&#8217;0px&#8217; border=&#8221; border_color=&#8221; radius=&#8217;0px&#8217; background_color=&#8221; src=&#8221; background_position=&#8217;top left&#8217; background_repeat=&#8217;no-repeat&#8217; animation=&#8221;] [av_textblock size=&#8221; font_color=&#8221; color=&#8221;] Kulturpaket Dalarna [\/av_textblock] [\/av_one_full][av_one_full first min_height=&#8221; vertical_alignment=&#8221; space=&#8221; custom_margin=&#8221; margin=&#8217;0px&#8217; padding=&#8217;0px&#8217; border=&#8221; border_color=&#8221; radius=&#8217;0px&#8217; background_color=&#8221; src=&#8221; background_position=&#8217;top left&#8217; background_repeat=&#8217;no-repeat&#8217; animation=&#8221;] [av_textblock size=&#8217;12&#8217; font_color=&#8221; color=&#8221;] Bo trivsamt, \u00e4t gott och uppt\u00e4ck Dalarnas unika kultur! Med [&hellip;]<\/p>\n","protected":false},"author":1,"featured_media":0,"parent":0,"menu_order":0,"comment_status":"closed","ping_status":"closed","template":"","meta":{"footnotes":""},"class_list":["post-8642","page","type-page","status-publish","hentry"],"_links":{"self":[{"href":"https:\/\/www1.stiftsgardenrattvik.se\/index.php?rest_route=\/wp\/v2\/pages\/8642","targetHints":{"allow":["GET"]}}],"collection":[{"href":"https:\/\/www1.stiftsgardenrattvik.se\/index.php?rest_route=\/wp\/v2\/pages"}],"about":[{"href":"https:\/\/www1.stiftsgardenrattvik.se\/index.php?rest_route=\/wp\/v2\/types\/page"}],"author":[{"embeddable":true,"href":"https:\/\/www1.stiftsgardenrattvik.se\/index.php?rest_route=\/wp\/v2\/users\/1"}],"replies":[{"embeddable":true,"href":"https:\/\/www1.stiftsgardenrattvik.se\/index.php?rest_route=%2Fwp%2Fv2%2Fcomments&post=8642"}],"version-history":[{"count":7,"href":"https:\/\/www1.stiftsgardenrattvik.se\/index.php?rest_route=\/wp\/v2\/pages\/8642\/revisions"}],"predecessor-version":[{"id":9438,"href":"https:\/\/www1.stiftsgardenrattvik.se\/index.php?rest_route=\/wp\/v2\/pages\/8642\/revisions\/9438"}],"wp:attachment":[{"href":"https:\/\/www1.stiftsgardenrattvik.se\/index.php?rest_route=%2Fwp%2Fv2%2Fmedia&parent=8642"}],"curies":[{"name":"wp","href":"https:\/\/api.w.org\/{rel}","templated":true}]}}