{"id":9731,"date":"2020-03-09T14:39:53","date_gmt":"2020-03-09T13:39:53","guid":{"rendered":"https:\/\/stiftsgardenrattvik.se\/?page_id=9731"},"modified":"2025-01-29T13:18:10","modified_gmt":"2025-01-29T12:18:10","slug":"catering-porslin","status":"publish","type":"page","link":"https:\/\/www1.stiftsgardenrattvik.se\/?page_id=9731","title":{"rendered":"Catering porslin"},"content":{"rendered":"<p>[av_one_full first min_height=&#8221; vertical_alignment=&#8221; space=&#8221; custom_margin=&#8221; margin=&#8217;0px&#8217; padding=&#8217;0px&#8217; border=&#8221; border_color=&#8221; radius=&#8217;0px&#8217; background_color=&#8221; src=&#8221; background_position=&#8217;top left&#8217; background_repeat=&#8217;no-repeat&#8217; animation=&#8221; av_uid=&#8217;av-2jcj4z&#8217;]<br \/>\n[av_textblock textblock_styling_align=&#8221; textblock_styling=&#8221; textblock_styling_gap=&#8221; textblock_styling_mobile=&#8221; size=&#8221; av-desktop-font-size=&#8221; av-medium-font-size=&#8221; av-small-font-size=&#8221; av-mini-font-size=&#8221; font_color=&#8221; color=&#8221; id=&#8221; custom_class=&#8221; template_class=&#8221; av_uid=&#8217;av-oc9k83&#8242; sc_version=&#8217;1.0&#8242; admin_preview_bg=&#8221;]<\/p>\n<h2 style=\"text-align: center;\">Porslin<\/h2>\n<p style=\"text-align: center;\">Porslinet h\u00e4mtas p\u00e5 Stiftsg\u00e5rden och l\u00e4mnas \u00e5ter dagen efter anv\u00e4ndning. Diskning ing\u00e5r.<\/p>\n<p>[\/av_textblock]<br \/>\n[\/av_one_full]<\/p>\n<p>[av_one_full first min_height=&#8221; vertical_alignment=&#8221; space=&#8221; custom_margin=&#8221; margin=&#8217;0px&#8217; padding=&#8217;0px&#8217; border=&#8221; border_color=&#8221; radius=&#8217;0px&#8217; background_color=&#8221; src=&#8221; background_position=&#8217;top left&#8217; background_repeat=&#8217;no-repeat&#8217; animation=&#8221; av_uid=&#8217;av-m8dv6b&#8217;]<br \/>\n[av_gallery ids=&#8217;11901,11903,11902,11904&#8242; style=&#8217;thumbnails&#8217; preview_size=&#8217;portfolio&#8217; crop_big_preview_thumbnail=&#8217;avia-gallery-big-crop-thumb&#8217; thumb_size=&#8217;portfolio&#8217; columns=&#8217;4&#8242; imagelink=&#8217;lightbox&#8217; lazyload=&#8217;avia_lazyload&#8217; av_uid=&#8217;av-k69ecz&#8217;]<br \/>\n[\/av_one_full]<\/p>\n<p>[av_hr class=&#8217;default&#8217; height=&#8217;50&#8217; shadow=&#8217;no-shadow&#8217; position=&#8217;center&#8217; custom_border=&#8217;av-border-thin&#8217; custom_width=&#8217;50px&#8217; custom_border_color=&#8221; custom_margin_top=&#8217;30px&#8217; custom_margin_bottom=&#8217;30px&#8217; icon_select=&#8217;yes&#8217; custom_icon_color=&#8221; icon=&#8217;ue808&#8242; av_uid=&#8217;av-jdv0sz&#8217;]<\/p>\n<p>[av_one_full first min_height=&#8221; vertical_alignment=&#8221; space=&#8221; custom_margin=&#8221; margin=&#8217;0px&#8217; padding=&#8217;0px&#8217; border=&#8221; border_color=&#8221; radius=&#8217;0px&#8217; background_color=&#8221; src=&#8221; background_position=&#8217;top left&#8217; background_repeat=&#8217;no-repeat&#8217; animation=&#8221; av_uid=&#8217;av-hvkafn&#8217;]<br \/>\n[av_textblock size=&#8221; font_color=&#8221; color=&#8221; av_uid=&#8217;av-f6d9xf&#8217;]<\/p>\n<h4><strong>Priser per styck<\/strong><\/h4>\n<p>[\/av_textblock]<br \/>\n[\/av_one_full]<\/p>\n<p>[av_one_fourth first min_height=&#8221; vertical_alignment=&#8221; space=&#8221; custom_margin=&#8221; margin=&#8217;0px&#8217; padding=&#8217;0px&#8217; border=&#8221; border_color=&#8221; radius=&#8217;0px&#8217; background_color=&#8221; src=&#8221; background_position=&#8217;top left&#8217; background_repeat=&#8217;no-repeat&#8217; animation=&#8221; av_uid=&#8217;av-1dltwz&#8217;]<br \/>\n[av_textblock textblock_styling_align=&#8221; textblock_styling=&#8221; textblock_styling_gap=&#8221; textblock_styling_mobile=&#8221; size=&#8221; av-desktop-font-size=&#8221; av-medium-font-size=&#8221; av-small-font-size=&#8221; av-mini-font-size=&#8221; font_color=&#8221; color=&#8221; id=&#8221; custom_class=&#8221; template_class=&#8221; av_uid=&#8217;av-cqxzgj&#8217; sc_version=&#8217;1.0&#8242; admin_preview_bg=&#8221;]<\/p>\n<h4>BESTICK<\/h4>\n<p>Matgaffel<br \/>\n<strong>4,50 kr<\/strong><\/p>\n<p>Matkniv <strong><br \/>\n4,50 kr<\/strong><\/p>\n<p>K\u00f6ttkniv<br \/>\n<strong>9,50 kr<\/strong><\/p>\n<p>Matsked<br \/>\n<strong>4,50 kr<\/strong><\/p>\n<p>Kaffesked<br \/>\n<strong>4,50 kr<\/strong><\/p>\n<p>F\u00f6rr\u00e4tt-\/dessertsked<br \/>\n<strong>4,50 kr<\/strong><\/p>\n<p>F\u00f6rr\u00e4tt-\/dessertgaffel <strong><br \/>\n4,50 kr<\/strong><\/p>\n<p>F\u00f6rr\u00e4ttskniv <strong><br \/>\n4,50 kr<\/strong><\/p>\n<p>Sm\u00f6rkniv<br \/>\n<strong>10 kr<\/strong><br \/>\n[\/av_textblock]<br \/>\n[\/av_one_fourth]<\/p>\n<p>[av_one_fourth min_height=&#8221; vertical_alignment=&#8221; space=&#8221; custom_margin=&#8221; margin=&#8217;0px&#8217; padding=&#8217;0px&#8217; border=&#8221; border_color=&#8221; radius=&#8217;0px&#8217; background_color=&#8221; src=&#8221; background_position=&#8217;top left&#8217; background_repeat=&#8217;no-repeat&#8217; animation=&#8221; av_uid=&#8217;av-12y66r&#8217;]<\/p>\n<p>[av_textblock textblock_styling_align=&#8221; textblock_styling=&#8221; textblock_styling_gap=&#8221; textblock_styling_mobile=&#8221; size=&#8221; av-desktop-font-size=&#8221; av-medium-font-size=&#8221; av-small-font-size=&#8221; av-mini-font-size=&#8221; font_color=&#8221; color=&#8221; id=&#8221; custom_class=&#8221; template_class=&#8221; av_uid=&#8217;av-8r3vf7&#8242; sc_version=&#8217;1.0&#8242; admin_preview_bg=&#8221;]<\/p>\n<h4>GLAS<\/h4>\n<p>Vinglas 30cl<br \/>\n<strong>5 kr<\/strong><\/p>\n<p>Champagneglas 21cl<br \/>\n<strong>5 kr<\/strong><\/p>\n<p>Vattenglas 34cl<br \/>\n<strong>5 kr<\/strong><\/p>\n<p>\u00d6lglas 50cl<br \/>\n<strong>5 kr<\/strong><\/p>\n<p>Snapsglas 4cl<br \/>\n<strong>4 kr<\/strong><\/p>\n<p>Kaffekopp med fat<br \/>\n<strong>10 kr<\/strong><\/p>\n<p>Kaffemugg<br \/>\n<strong>5 kr<\/strong><br \/>\n[\/av_textblock]<\/p>\n<p>[\/av_one_fourth][av_one_fourth min_height=&#8221; vertical_alignment=&#8221; space=&#8221; custom_margin=&#8221; margin=&#8217;0px&#8217; padding=&#8217;0px&#8217; border=&#8221; border_color=&#8221; radius=&#8217;0px&#8217; background_color=&#8221; src=&#8221; background_position=&#8217;top left&#8217; background_repeat=&#8217;no-repeat&#8217; animation=&#8221; av_uid=&#8217;av-7ghf1f&#8217;]<br \/>\n[av_textblock textblock_styling_align=&#8221; textblock_styling=&#8221; textblock_styling_gap=&#8221; textblock_styling_mobile=&#8221; size=&#8221; av-desktop-font-size=&#8221; av-medium-font-size=&#8221; av-small-font-size=&#8221; av-mini-font-size=&#8221; font_color=&#8221; color=&#8221; id=&#8221; custom_class=&#8221; template_class=&#8221; av_uid=&#8217;av-5jyn0z&#8217; sc_version=&#8217;1.0&#8242; admin_preview_bg=&#8221;]<\/p>\n<h4>TALLRIK<\/h4>\n<p>Tallrik 31 cm<br \/>\n<strong>7 kr<\/strong><\/p>\n<p>Assiett 24,5 cm<br \/>\n<strong>6,50 kr<\/strong><\/p>\n<p>Assiett 20,5 cm<br \/>\n<strong>6 kr<\/strong><\/p>\n<p>Djup tallrik<br \/>\n<strong>6 kr<\/strong><br \/>\n[\/av_textblock]<br \/>\n[\/av_one_fourth]<\/p>\n<p>[av_one_fourth min_height=&#8221; vertical_alignment=&#8221; space=&#8221; custom_margin=&#8221; margin=&#8217;0px&#8217; padding=&#8217;0px&#8217; border=&#8221; border_color=&#8221; radius=&#8217;0px&#8217; background_color=&#8221; src=&#8221; background_position=&#8217;top left&#8217; background_repeat=&#8217;no-repeat&#8217; animation=&#8221; av_uid=&#8217;av-4i744j&#8217;]<br \/>\n[av_textblock textblock_styling_align=&#8221; textblock_styling=&#8221; textblock_styling_gap=&#8221; textblock_styling_mobile=&#8221; size=&#8221; av-desktop-font-size=&#8221; av-medium-font-size=&#8221; av-small-font-size=&#8221; av-mini-font-size=&#8221; font_color=&#8221; color=&#8221; id=&#8221; custom_class=&#8221; template_class=&#8221; av_uid=&#8217;av-2j1lmb&#8217; sc_version=&#8217;1.0&#8242; admin_preview_bg=&#8221;]<\/p>\n<h4>\u00d6VRIGT<\/h4>\n<p>Vin\/vattenkaraff\u00a0 1.0L<br \/>\n<strong>15 kr<\/strong><\/p>\n<p>Salladssk\u00e5l glas<br \/>\n<strong>25 kr<\/strong><\/p>\n<p>Salladsbestick<br \/>\n<strong>20 kr<\/strong><\/p>\n<p>T\u00e5rtspade<br \/>\n<strong>20 kr<\/strong><\/p>\n<p>Pumptermos 1,9L<br \/>\n<strong>45 kr<\/strong><\/p>\n<p>Servetter 40&#215;40 Dunilin<br \/>\n<strong>7 kr<\/strong><\/p>\n<p>Dukar 130 x 240 cm<br \/>\n<strong>\u00a075 kr\u00a0<\/strong><\/p>\n<p>Kandelaber med ljus<br \/>\n<strong>50 kr<\/strong><\/p>\n<p>V\u00e4rmeljuslyckta<br \/>\n<strong>20 kr<\/strong><br \/>\n[\/av_textblock]<br \/>\n[\/av_one_fourth]<\/p>\n","protected":false},"excerpt":{"rendered":"","protected":false},"author":1,"featured_media":0,"parent":0,"menu_order":0,"comment_status":"closed","ping_status":"closed","template":"","meta":{"footnotes":""},"class_list":["post-9731","page","type-page","status-publish","hentry"],"_links":{"self":[{"href":"https:\/\/www1.stiftsgardenrattvik.se\/index.php?rest_route=\/wp\/v2\/pages\/9731","targetHints":{"allow":["GET"]}}],"collection":[{"href":"https:\/\/www1.stiftsgardenrattvik.se\/index.php?rest_route=\/wp\/v2\/pages"}],"about":[{"href":"https:\/\/www1.stiftsgardenrattvik.se\/index.php?rest_route=\/wp\/v2\/types\/page"}],"author":[{"embeddable":true,"href":"https:\/\/www1.stiftsgardenrattvik.se\/index.php?rest_route=\/wp\/v2\/users\/1"}],"replies":[{"embeddable":true,"href":"https:\/\/www1.stiftsgardenrattvik.se\/index.php?rest_route=%2Fwp%2Fv2%2Fcomments&post=9731"}],"version-history":[{"count":17,"href":"https:\/\/www1.stiftsgardenrattvik.se\/index.php?rest_route=\/wp\/v2\/pages\/9731\/revisions"}],"predecessor-version":[{"id":15253,"href":"https:\/\/www1.stiftsgardenrattvik.se\/index.php?rest_route=\/wp\/v2\/pages\/9731\/revisions\/15253"}],"wp:attachment":[{"href":"https:\/\/www1.stiftsgardenrattvik.se\/index.php?rest_route=%2Fwp%2Fv2%2Fmedia&parent=9731"}],"curies":[{"name":"wp","href":"https:\/\/api.w.org\/{rel}","templated":true}]}}